{"id":1373,"date":"2020-12-29T18:48:43","date_gmt":"2020-12-29T16:48:43","guid":{"rendered":"https:\/\/culturayciencia.org\/litterae\/?page_id=1373"},"modified":"2023-08-02T14:04:32","modified_gmt":"2023-08-02T12:04:32","slug":"almudena-hernandez-de-la-torre-chicote","status":"publish","type":"page","link":"https:\/\/culturayciencia.org\/litterae\/almudena-hernandez-de-la-torre-chicote\/","title":{"rendered":"Almudena Hern\u00e1ndez de la Torre Chicote"},"content":{"rendered":"\n<section class=\"wp-block-uagb-columns uagb-columns__wrap uagb-columns__background-none uagb-columns__stack-mobile uagb-columns__valign-top uagb-columns__gap-10 align uagb-block-992e5beb uagb-columns__columns-2 uagb-columns__max_width-theme\"><div class=\"uagb-columns__overlay\"><\/div><div class=\"uagb-columns__inner-wrap uagb-columns__columns-2\">\n<div class=\"wp-block-uagb-column uagb-column__wrap uagb-column__background-color uagb-block-37400467\"><div class=\"uagb-column__overlay\"><\/div><div class=\"wp-block-image is-style-rounded\">\n<figure class=\"aligncenter size-full\"><img loading=\"lazy\" decoding=\"async\" width=\"417\" height=\"449\" src=\"https:\/\/culturayciencia.org\/litterae\/wp-content\/uploads\/2023\/07\/Almudena_Hernandez_Litterae.jpg\" alt=\"\" class=\"wp-image-4225\" srcset=\"https:\/\/culturayciencia.org\/litterae\/wp-content\/uploads\/2023\/07\/Almudena_Hernandez_Litterae.jpg 417w, https:\/\/culturayciencia.org\/litterae\/wp-content\/uploads\/2023\/07\/Almudena_Hernandez_Litterae-279x300.jpg 279w\" sizes=\"auto, (max-width: 417px) 100vw, 417px\" \/><\/figure>\n<\/div>\n\n\n<h2 class=\"wp-block-heading has-text-align-center has-medium-font-size\"><strong><strong>Almudena Hern\u00e1ndez de la Torre Chicote<\/strong><\/strong><\/h2>\n\n\n\n<p><\/p>\n\n\n\n<p class=\"has-text-align-center has-vivid-red-color has-text-color\">Direcci\u00f3n General del Libro, el C\u00f3mic y la Lectura<\/p>\n<\/div>\n\n\n\n<div class=\"wp-block-uagb-column uagb-column__wrap uagb-column__background-undefined uagb-block-b7fe0c4d\"><div class=\"uagb-column__overlay\"><\/div>\n<p>Licenciada en Historia del Arte por la Universidad Aut\u00f3noma de Madrid, forma parte del Cuerpo Facultativo de Museos desde 2007. Lleva cerca de veinte a\u00f1os dedicada a la gesti\u00f3n<\/p>\n\n\n\n<p>cultural en distintas instituciones, entre ellas, la Feria Internacional de Arte Contempor\u00e1neo, ARCO; el Museo Sorolla de Madrid o la Subdirecci\u00f3n General de Bellas Artes de la Comunidad de Madrid, donde trabaj\u00f3 como responsable de exposiciones temporales de las salas y espacios expositivos pertenecientes a la Comunidad.<\/p>\n\n\n\n<p>En la actualidad es la subdirectora adjunta de Promoci\u00f3n del Libro y la Lectura en la Direcci\u00f3n General del Libro, el C\u00f3mic y la Lectura del Ministerio de Cultura y Deporte. En esta unidad se gestiona la promoci\u00f3n exterior de las letras espa\u00f1olas mediante el apoyo a la traducci\u00f3n y la participaci\u00f3n en ferias del libro nacionales e internacionales.<\/p>\n<\/div>\n<\/div><\/section>\n\n\n","protected":false},"excerpt":{"rendered":"","protected":false},"author":4,"featured_media":0,"parent":0,"menu_order":0,"comment_status":"closed","ping_status":"closed","template":"","meta":{"_acf_changed":false,"om_disable_all_campaigns":false,"_uag_custom_page_level_css":"","_monsterinsights_skip_tracking":false,"_monsterinsights_sitenote_active":false,"_monsterinsights_sitenote_note":"","_monsterinsights_sitenote_category":0,"_uf_show_specific_survey":0,"_uf_disable_surveys":false,"footnotes":""},"class_list":{"0":"post-1373","1":"page","2":"type-page","3":"status-publish","5":"no-featured-image-padding"},"acf":[],"aioseo_notices":[],"uagb_featured_image_src":{"full":false,"thumbnail":false,"medium":false,"medium_large":false,"large":false,"1536x1536":false,"2048x2048":false},"uagb_author_info":{"display_name":false,"author_link":"https:\/\/culturayciencia.org\/litterae\/author\/librerae\/"},"uagb_comment_info":0,"uagb_excerpt":null,"_links":{"self":[{"href":"https:\/\/culturayciencia.org\/litterae\/wp-json\/wp\/v2\/pages\/1373","targetHints":{"allow":["GET"]}}],"collection":[{"href":"https:\/\/culturayciencia.org\/litterae\/wp-json\/wp\/v2\/pages"}],"about":[{"href":"https:\/\/culturayciencia.org\/litterae\/wp-json\/wp\/v2\/types\/page"}],"author":[{"embeddable":true,"href":"https:\/\/culturayciencia.org\/litterae\/wp-json\/wp\/v2\/users\/4"}],"replies":[{"embeddable":true,"href":"https:\/\/culturayciencia.org\/litterae\/wp-json\/wp\/v2\/comments?post=1373"}],"version-history":[{"count":0,"href":"https:\/\/culturayciencia.org\/litterae\/wp-json\/wp\/v2\/pages\/1373\/revisions"}],"wp:attachment":[{"href":"https:\/\/culturayciencia.org\/litterae\/wp-json\/wp\/v2\/media?parent=1373"}],"curies":[{"name":"wp","href":"https:\/\/api.w.org\/{rel}","templated":true}]}}