{"id":1404,"date":"2020-12-29T19:15:05","date_gmt":"2020-12-29T17:15:05","guid":{"rendered":"https:\/\/culturayciencia.org\/litterae\/?page_id=1404"},"modified":"2021-01-13T13:14:35","modified_gmt":"2021-01-13T11:14:35","slug":"maria-gomez-lara","status":"publish","type":"page","link":"https:\/\/culturayciencia.org\/litterae\/maria-gomez-lara\/","title":{"rendered":"Mar\u00eda G\u00f3mez Lara"},"content":{"rendered":"\n<section class=\"wp-block-uagb-columns uagb-columns__wrap uagb-columns__background-undefined uagb-columns__stack-mobile uagb-columns__valign-center uagb-columns__gap-10 alignundefined uagb-block-59ecce54\"><div class=\"uagb-columns__overlay\"><\/div><div class=\"uagb-columns__inner-wrap uagb-columns__columns-2\">\n<div class=\"wp-block-uagb-column uagb-column__wrap uagb-column__background-color uagb-block-a453c691\"><div class=\"uagb-column__overlay\"><\/div><div class=\"uagb-column__inner-wrap\">\n<figure class=\"wp-block-image size-large is-style-rounded\"><img loading=\"lazy\" decoding=\"async\" width=\"393\" height=\"393\" src=\"https:\/\/culturayciencia.org\/litterae\/wp-content\/uploads\/2021\/01\/Maria_Gomez_Litterae.png\" alt=\"\" class=\"wp-image-2455\" srcset=\"https:\/\/culturayciencia.org\/litterae\/wp-content\/uploads\/2021\/01\/Maria_Gomez_Litterae.png 393w, https:\/\/culturayciencia.org\/litterae\/wp-content\/uploads\/2021\/01\/Maria_Gomez_Litterae-300x300.png 300w, https:\/\/culturayciencia.org\/litterae\/wp-content\/uploads\/2021\/01\/Maria_Gomez_Litterae-150x150.png 150w\" sizes=\"auto, (max-width: 393px) 100vw, 393px\" \/><\/figure>\n\n\n\n<h2 class=\"has-text-align-center has-medium-font-size wp-block-heading\"><strong><strong>Mar\u00eda G\u00f3mez Lara<\/strong><\/strong><\/h2>\n\n\n\n<p class=\"has-text-align-center has-vivid-red-color has-text-color\">Poeta<\/p>\n<\/div><\/div>\n\n\n\n<div class=\"wp-block-uagb-column uagb-column__wrap uagb-column__background-undefined uagb-block-ea0dc172\"><div class=\"uagb-column__overlay\"><\/div><div class=\"uagb-column__inner-wrap\">\n<p>Naci\u00f3 en Bogot\u00e1 en 1989. Ha publicado los poemarios Despu\u00e9s del horizonte (2012), Contratono (Visor, 2015) y El lugar de las palabras (Pre-Textos, 2020). Contratono mereci\u00f3 el XXVII Premio Internacional de Poes\u00eda Fundaci\u00f3n Loewe a la Creaci\u00f3n Joven y adem\u00e1s fue traducido al portugu\u00e9s por el poeta Nuno J\u00fadice bajo el t\u00edtulo N\u00f3 de sombras (2015). <br><br>Algunos de sus poemas tambi\u00e9n han sido traducidos al italiano, al ingl\u00e9s y al \u00e1rabe y han aparecido, tanto en espa\u00f1ol como en ediciones biling\u00fces, en distintos medios de Latinoam\u00e9rica y Espa\u00f1a y en numerosas antolog\u00edas de poes\u00eda colombiana y latinoamericana. Estudi\u00f3 literatura en la Universidad de los Andes en Bogot\u00e1. Tiene una maestr\u00eda en escritura creativa en espa\u00f1ol de la Universidad de Nueva York y otra en literaturas y lenguas romances de la Universidad de Harvard. Actualmente es candidata a doctorado en poes\u00eda latinoamericana en Harvard.<\/p>\n<\/div><\/div>\n<\/div><\/section>\n\n\n\n\n\n<p><\/p>\n","protected":false},"excerpt":{"rendered":"","protected":false},"author":4,"featured_media":0,"parent":0,"menu_order":0,"comment_status":"closed","ping_status":"closed","template":"","meta":{"_acf_changed":false,"om_disable_all_campaigns":false,"_uag_custom_page_level_css":"","_monsterinsights_skip_tracking":false,"_monsterinsights_sitenote_active":false,"_monsterinsights_sitenote_note":"","_monsterinsights_sitenote_category":0,"_uf_show_specific_survey":0,"_uf_disable_surveys":false,"footnotes":""},"class_list":{"0":"post-1404","1":"page","2":"type-page","3":"status-publish","5":"no-featured-image-padding"},"acf":[],"aioseo_notices":[],"uagb_featured_image_src":{"full":false,"thumbnail":false,"medium":false,"medium_large":false,"large":false,"1536x1536":false,"2048x2048":false},"uagb_author_info":{"display_name":false,"author_link":"https:\/\/culturayciencia.org\/litterae\/author\/librerae\/"},"uagb_comment_info":0,"uagb_excerpt":null,"_links":{"self":[{"href":"https:\/\/culturayciencia.org\/litterae\/wp-json\/wp\/v2\/pages\/1404","targetHints":{"allow":["GET"]}}],"collection":[{"href":"https:\/\/culturayciencia.org\/litterae\/wp-json\/wp\/v2\/pages"}],"about":[{"href":"https:\/\/culturayciencia.org\/litterae\/wp-json\/wp\/v2\/types\/page"}],"author":[{"embeddable":true,"href":"https:\/\/culturayciencia.org\/litterae\/wp-json\/wp\/v2\/users\/4"}],"replies":[{"embeddable":true,"href":"https:\/\/culturayciencia.org\/litterae\/wp-json\/wp\/v2\/comments?post=1404"}],"version-history":[{"count":0,"href":"https:\/\/culturayciencia.org\/litterae\/wp-json\/wp\/v2\/pages\/1404\/revisions"}],"wp:attachment":[{"href":"https:\/\/culturayciencia.org\/litterae\/wp-json\/wp\/v2\/media?parent=1404"}],"curies":[{"name":"wp","href":"https:\/\/api.w.org\/{rel}","templated":true}]}}