{"id":1415,"date":"2020-12-29T19:34:54","date_gmt":"2020-12-29T17:34:54","guid":{"rendered":"https:\/\/culturayciencia.org\/litterae\/?page_id=1415"},"modified":"2021-01-11T13:22:14","modified_gmt":"2021-01-11T11:22:14","slug":"antonio-tello","status":"publish","type":"page","link":"https:\/\/culturayciencia.org\/litterae\/antonio-tello\/","title":{"rendered":"Antonio Tello"},"content":{"rendered":"\n<section class=\"wp-block-uagb-columns uagb-columns__wrap uagb-columns__background-undefined uagb-columns__stack-mobile uagb-columns__valign-top uagb-columns__gap-10 alignundefined uagb-block-3025b9e8\"><div class=\"uagb-columns__overlay\"><\/div><div class=\"uagb-columns__inner-wrap uagb-columns__columns-2\">\n<div class=\"wp-block-uagb-column uagb-column__wrap uagb-column__background-color uagb-block-6e18c64d\"><div class=\"uagb-column__overlay\"><\/div><div class=\"uagb-column__inner-wrap\">\n<div class=\"wp-block-image is-style-rounded\"><figure class=\"aligncenter size-large\"><img loading=\"lazy\" decoding=\"async\" width=\"400\" height=\"400\" src=\"https:\/\/culturayciencia.org\/litterae\/wp-content\/uploads\/2020\/12\/Antonio-tello.jpg\" alt=\"\" class=\"wp-image-1416\" srcset=\"https:\/\/culturayciencia.org\/litterae\/wp-content\/uploads\/2020\/12\/Antonio-tello.jpg 400w, https:\/\/culturayciencia.org\/litterae\/wp-content\/uploads\/2020\/12\/Antonio-tello-300x300.jpg 300w, https:\/\/culturayciencia.org\/litterae\/wp-content\/uploads\/2020\/12\/Antonio-tello-150x150.jpg 150w\" sizes=\"auto, (max-width: 400px) 100vw, 400px\" \/><\/figure><\/div>\n\n\n\n<h2 class=\"has-text-align-center has-medium-font-size wp-block-heading\"><strong><strong>Antonio Tello<\/strong> Arg\u00fcello<\/strong> <\/h2>\n\n\n\n<p class=\"has-text-align-center has-vivid-red-color has-text-color\">Periodista<\/p>\n<\/div><\/div>\n\n\n\n<div class=\"wp-block-uagb-column uagb-column__wrap uagb-column__background-undefined uagb-block-eca9284e\"><div class=\"uagb-column__overlay\"><\/div><div class=\"uagb-column__inner-wrap\">\n<p>Dedicado al periodismo escrito y radiof\u00f3nico en&nbsp;R\u00edo Cuarto, tambi\u00e9n incursion\u00f3 en el teatro como profesor, autor e integrante de un grupo de agitaci\u00f3n teatral, e intervino en las fundaciones de las revistas&nbsp;Cine-S\u00edntesis&nbsp;y&nbsp;Puente. <\/p>\n\n\n\n<p>En 1973 inicia su carrera literaria con la publicaci\u00f3n del libro de cuentos&nbsp;El d\u00eda en que el pueblo revent\u00f3 de angustia, que si bien no fue prohibido s\u00ed fue perseguido por los gobiernos peronista y militar, secuestrado de librer\u00edas y casas particulares, y quemado en el cuartel del Regimiento 14 de&nbsp;Holmberg.<\/p>\n\n\n\n<p>En 1975, tras ser amenazado de muerte por la Triple A (Alianza Anticomunista Argentina), se exili\u00f3 en&nbsp;Par\u00eds, de donde pas\u00f3 a Barcelona. En esta ciudad, en la que volvi\u00f3 a ejercer el periodismo, ha desarrollado casi toda su obra narrativa, ensay\u00edstica y po\u00e9tica, que ha sido considerada como una de las m\u00e1s relevantes de la literatura argentina del exilio.<\/p>\n\n\n\n<p>Fue hasta marzo de 2011 Secretario de la Comisi\u00f3n de Derechos de Autor de la ACEC (Asociaci\u00f3n Colegial de Escritores de Catalu\u00f1a), intervino en las negociaciones con el Gremio de Editores de Catalu\u00f1a que concluyeron con los nuevos modelos de contratos de edici\u00f3n y traducci\u00f3n con notables mejoras para los profesionales, y, como importantes novedades, los modelos de obra de encargo, orientado a impedir los abusos editoriales a partir de una sesgada interpretaci\u00f3n del art\u00edculo 8 de la Ley de Propiedad Intelectual, y de obra digital.<\/p>\n<\/div><\/div>\n<\/div><\/section>\n\n\n","protected":false},"excerpt":{"rendered":"","protected":false},"author":4,"featured_media":0,"parent":0,"menu_order":0,"comment_status":"closed","ping_status":"closed","template":"","meta":{"_acf_changed":false,"om_disable_all_campaigns":false,"_uag_custom_page_level_css":"","_monsterinsights_skip_tracking":false,"_monsterinsights_sitenote_active":false,"_monsterinsights_sitenote_note":"","_monsterinsights_sitenote_category":0,"_uf_show_specific_survey":0,"_uf_disable_surveys":false,"footnotes":""},"class_list":{"0":"post-1415","1":"page","2":"type-page","3":"status-publish","5":"no-featured-image-padding"},"acf":[],"aioseo_notices":[],"uagb_featured_image_src":{"full":false,"thumbnail":false,"medium":false,"medium_large":false,"large":false,"1536x1536":false,"2048x2048":false},"uagb_author_info":{"display_name":false,"author_link":"https:\/\/culturayciencia.org\/litterae\/author\/librerae\/"},"uagb_comment_info":0,"uagb_excerpt":null,"_links":{"self":[{"href":"https:\/\/culturayciencia.org\/litterae\/wp-json\/wp\/v2\/pages\/1415","targetHints":{"allow":["GET"]}}],"collection":[{"href":"https:\/\/culturayciencia.org\/litterae\/wp-json\/wp\/v2\/pages"}],"about":[{"href":"https:\/\/culturayciencia.org\/litterae\/wp-json\/wp\/v2\/types\/page"}],"author":[{"embeddable":true,"href":"https:\/\/culturayciencia.org\/litterae\/wp-json\/wp\/v2\/users\/4"}],"replies":[{"embeddable":true,"href":"https:\/\/culturayciencia.org\/litterae\/wp-json\/wp\/v2\/comments?post=1415"}],"version-history":[{"count":0,"href":"https:\/\/culturayciencia.org\/litterae\/wp-json\/wp\/v2\/pages\/1415\/revisions"}],"wp:attachment":[{"href":"https:\/\/culturayciencia.org\/litterae\/wp-json\/wp\/v2\/media?parent=1415"}],"curies":[{"name":"wp","href":"https:\/\/api.w.org\/{rel}","templated":true}]}}