{"id":1474,"date":"2020-12-29T20:43:42","date_gmt":"2020-12-29T18:43:42","guid":{"rendered":"https:\/\/culturayciencia.org\/litterae\/?page_id=1474"},"modified":"2021-01-22T14:20:25","modified_gmt":"2021-01-22T12:20:25","slug":"esteli-meza","status":"publish","type":"page","link":"https:\/\/culturayciencia.org\/litterae\/esteli-meza\/","title":{"rendered":"Estel\u00ed Meza"},"content":{"rendered":"\n<section class=\"wp-block-uagb-columns uagb-columns__wrap uagb-columns__background-undefined uagb-columns__stack-mobile uagb-columns__valign-top uagb-columns__gap-10 alignundefined uagb-block-81acf2ad\"><div class=\"uagb-columns__overlay\"><\/div><div class=\"uagb-columns__inner-wrap uagb-columns__columns-2\">\n<div class=\"wp-block-uagb-column uagb-column__wrap uagb-column__background-color uagb-block-5171f021\"><div class=\"uagb-column__overlay\"><\/div><div class=\"uagb-column__inner-wrap\">\n<figure class=\"wp-block-image size-large is-style-rounded\"><img loading=\"lazy\" decoding=\"async\" width=\"400\" height=\"400\" src=\"https:\/\/culturayciencia.org\/litterae\/wp-content\/uploads\/2020\/12\/Esteli-Meza.jpg\" alt=\"\" class=\"wp-image-1475\" srcset=\"https:\/\/culturayciencia.org\/litterae\/wp-content\/uploads\/2020\/12\/Esteli-Meza.jpg 400w, https:\/\/culturayciencia.org\/litterae\/wp-content\/uploads\/2020\/12\/Esteli-Meza-300x300.jpg 300w, https:\/\/culturayciencia.org\/litterae\/wp-content\/uploads\/2020\/12\/Esteli-Meza-150x150.jpg 150w\" sizes=\"auto, (max-width: 400px) 100vw, 400px\" \/><\/figure>\n\n\n\n<h2 class=\"has-text-align-center has-medium-font-size wp-block-heading\"><strong>Estel\u00ed Meza<\/strong><\/h2>\n\n\n\n<p class=\"has-text-align-center has-vivid-red-color has-text-color\">Ilustradora<\/p>\n<\/div><\/div>\n\n\n\n<div class=\"wp-block-uagb-column uagb-column__wrap uagb-column__background-undefined uagb-block-2513c3f2\"><div class=\"uagb-column__overlay\"><\/div><div class=\"uagb-column__inner-wrap\">\n<p>Naci\u00f3 en la Ciudad de M\u00e9xico. Estudi\u00f3 Dise\u00f1o&nbsp;y Comunicaci\u00f3n Visual con especialidad en Ilustraci\u00f3n en la&nbsp;FADy la Maestr\u00eda en Artes Visuales en la Academia de San Carlos, UNAM.&nbsp;<\/p>\n\n\n\n<p>Fue finalista en la Segunda Bienal de Ilustraci\u00f3n&nbsp;Pictoline&nbsp;en M\u00e9xico (2020).<\/p>\n\n\n\n<p>Gan\u00f3&nbsp;el&nbsp;premio&nbsp;XXVII A la Orilla del Viento&nbsp;del Fondo de Cultura Econ\u00f3mica&nbsp;en el 2018.<\/p>\n\n\n\n<p>En el 2013 gan\u00f3 el&nbsp;XVIII Premio Internacional del Libro Ilustrado Infantil y Juvenil&nbsp;de la FILIJ&nbsp;por su obra \u201cAngustia\u201d.<\/p>\n\n\n\n<p>Obtuvo en el 2017 una Menci\u00f3n Honor\u00edfica en el Cat\u00e1logo de Ilustraci\u00f3n&nbsp;en&nbsp;Sharjah, Emiratos \u00c1r<em>abes Unidos y en el 2016&nbsp;una Menci\u00f3n Honor\u00edfica en el Concurso Nacional de Cartel \u201cInvitemos a Leer\u201d.&nbsp;<\/em><\/p>\n\n\n\n<p>Ha publicado libros en M\u00e9xico, Espa\u00f1a, Emiratos \u00c1rabes Unidos y Estados Unidos.&nbsp;<\/p>\n\n\n\n<p>Actualmente trabaja para diferentes editoriales y revistas.<\/p>\n<\/div><\/div>\n<\/div><\/section>\n\n\n","protected":false},"excerpt":{"rendered":"","protected":false},"author":4,"featured_media":0,"parent":0,"menu_order":0,"comment_status":"closed","ping_status":"closed","template":"","meta":{"_acf_changed":false,"om_disable_all_campaigns":false,"_uag_custom_page_level_css":"","_monsterinsights_skip_tracking":false,"_monsterinsights_sitenote_active":false,"_monsterinsights_sitenote_note":"","_monsterinsights_sitenote_category":0,"_uf_show_specific_survey":0,"_uf_disable_surveys":false,"footnotes":""},"class_list":{"0":"post-1474","1":"page","2":"type-page","3":"status-publish","5":"no-featured-image-padding"},"acf":[],"aioseo_notices":[],"uagb_featured_image_src":{"full":false,"thumbnail":false,"medium":false,"medium_large":false,"large":false,"1536x1536":false,"2048x2048":false},"uagb_author_info":{"display_name":false,"author_link":"https:\/\/culturayciencia.org\/litterae\/author\/librerae\/"},"uagb_comment_info":0,"uagb_excerpt":null,"_links":{"self":[{"href":"https:\/\/culturayciencia.org\/litterae\/wp-json\/wp\/v2\/pages\/1474","targetHints":{"allow":["GET"]}}],"collection":[{"href":"https:\/\/culturayciencia.org\/litterae\/wp-json\/wp\/v2\/pages"}],"about":[{"href":"https:\/\/culturayciencia.org\/litterae\/wp-json\/wp\/v2\/types\/page"}],"author":[{"embeddable":true,"href":"https:\/\/culturayciencia.org\/litterae\/wp-json\/wp\/v2\/users\/4"}],"replies":[{"embeddable":true,"href":"https:\/\/culturayciencia.org\/litterae\/wp-json\/wp\/v2\/comments?post=1474"}],"version-history":[{"count":0,"href":"https:\/\/culturayciencia.org\/litterae\/wp-json\/wp\/v2\/pages\/1474\/revisions"}],"wp:attachment":[{"href":"https:\/\/culturayciencia.org\/litterae\/wp-json\/wp\/v2\/media?parent=1474"}],"curies":[{"name":"wp","href":"https:\/\/api.w.org\/{rel}","templated":true}]}}