{"id":1519,"date":"2020-12-29T21:50:25","date_gmt":"2020-12-29T19:50:25","guid":{"rendered":"https:\/\/culturayciencia.org\/litterae\/?page_id=1519"},"modified":"2021-01-11T13:51:14","modified_gmt":"2021-01-11T11:51:14","slug":"juan-suarez-barquero","status":"publish","type":"page","link":"https:\/\/culturayciencia.org\/litterae\/juan-suarez-barquero\/","title":{"rendered":"Juan Su\u00e1rez Barquero"},"content":{"rendered":"\n<section class=\"wp-block-uagb-columns uagb-columns__wrap uagb-columns__background-undefined uagb-columns__stack-mobile uagb-columns__valign-top uagb-columns__gap-10 alignundefined uagb-block-94490e5b\"><div class=\"uagb-columns__overlay\"><\/div><div class=\"uagb-columns__inner-wrap uagb-columns__columns-2\">\n<div class=\"wp-block-uagb-column uagb-column__wrap uagb-column__background-color uagb-block-5ee7f050\"><div class=\"uagb-column__overlay\"><\/div><div class=\"uagb-column__inner-wrap\">\n<figure class=\"wp-block-image size-large is-style-rounded\"><img loading=\"lazy\" decoding=\"async\" width=\"400\" height=\"400\" src=\"https:\/\/culturayciencia.org\/litterae\/wp-content\/uploads\/2020\/12\/Juan-Suarez-Baquero.jpg\" alt=\"\" class=\"wp-image-1520\" srcset=\"https:\/\/culturayciencia.org\/litterae\/wp-content\/uploads\/2020\/12\/Juan-Suarez-Baquero.jpg 400w, https:\/\/culturayciencia.org\/litterae\/wp-content\/uploads\/2020\/12\/Juan-Suarez-Baquero-300x300.jpg 300w, https:\/\/culturayciencia.org\/litterae\/wp-content\/uploads\/2020\/12\/Juan-Suarez-Baquero-150x150.jpg 150w\" sizes=\"auto, (max-width: 400px) 100vw, 400px\" \/><\/figure>\n\n\n\n<h2 class=\"has-text-align-center has-medium-font-size wp-block-heading\"><strong>Juan Su\u00e1rez Barquero<\/strong><\/h2>\n\n\n\n<p class=\"has-text-align-center has-vivid-red-color has-text-color\">Periodista<\/p>\n<\/div><\/div>\n\n\n\n<div class=\"wp-block-uagb-column uagb-column__wrap uagb-column__background-undefined uagb-block-d668d8ec\"><div class=\"uagb-column__overlay\"><\/div><div class=\"uagb-column__inner-wrap\">\n<p>Madrid,&nbsp;15 de agosto&nbsp;de&nbsp;1971) es un locutor, guionista de radio y actor de voz espa\u00f1ol que inici\u00f3 su aprendizaje en&nbsp;Radio Vallekas&nbsp;de Madrid. Su trabajo se desarrolla en&nbsp;Radio 3&nbsp;de&nbsp;Radio Nacional de Espa\u00f1a.<\/p>\n\n\n\n<p>Tras un periodo autodidacta de experimentaci\u00f3n creativa en\u00a0La Luna Hiena, en las madrugadas libertarias de Radio Vallekas, fue fichado por\u00a0Carlos Faraco\u00a0para presentar junto a\u00a0Sara V\u00edtores\u00a0un nuevo espacio despertador en Radio 3:\u00a0Chichirichachi, que estuvo en antena de 1997 a 1999.<\/p>\n\n\n\n<p>Su aportaci\u00f3n m\u00e1s interesante a la radio creativa se materializ\u00f3 en la puesta en escena del serial fant\u00e1stico&nbsp;Cuando Juan y Tula fueron a Siritinga,\u200b del que fue coguionista y productor, adem\u00e1s de poner voz a su protagonista: Juan de Olarcos.<\/p>\n\n\n\n<p>Adem\u00e1s del mencionado&nbsp;Chichirichachi, present\u00f3 junto a Alfredo La\u00edn el cultural&nbsp;La ciudad invisible&nbsp;(2002-2008) tras la salida del mismo de Marta Echeverr\u00eda, y ha colaborado en:&nbsp;El ojo de Ya Ve,&nbsp;180\u00ba&nbsp;y&nbsp;La Salamandra, por ejemplo.<\/p>\n\n\n\n<p>Ha dirigido y presentado&nbsp;LaLiB\u00e9LuLa de Radio 3&nbsp;en sus dos temporadas desde 2008 hasta el momento actual y, entre medias, tambi\u00e9n dirigi\u00f3 y present\u00f3 el magazine cultural En la nube de radio 3 que se emiti\u00f3 en esa emisora de 22:00 a 24:00 horas entre 2010 y 2013.<\/p>\n\n\n\n<p>Forma parte del virtual cuadro de actores de los&nbsp;Radioteatros&nbsp;de RNE y es uno de los actores habituales en el equipo de la Ficci\u00f3n Sonora de RNE.<\/p>\n\n\n\n<p>Desde 2014 forma parte del equipo de Palabra Voyeur, con quienes elabora semanalmente video-creaciones en torno a la Literatura en Radio 3 extra.<\/p>\n\n\n\n<p>Desde 2017 realiza #LiterCast, el Podcast de Literatura en Castellano de #RNESoloenpodcast.<\/p>\n\n\n\n<p>Como narrador-guionista particip\u00f3 en la obra colectiva&nbsp;Trelatos. Ficcionario de Radio 3. Adem\u00e1s imparte desde 2010, junto a Mayca Aguilera, la asignatura de Ficci\u00f3n y Creaci\u00f3n de espacios sonoros del M\u00e1ster de radio de RNE<\/p>\n<\/div><\/div>\n<\/div><\/section>\n\n\n","protected":false},"excerpt":{"rendered":"","protected":false},"author":4,"featured_media":0,"parent":0,"menu_order":0,"comment_status":"closed","ping_status":"closed","template":"","meta":{"_acf_changed":false,"om_disable_all_campaigns":false,"_uag_custom_page_level_css":"","_monsterinsights_skip_tracking":false,"_monsterinsights_sitenote_active":false,"_monsterinsights_sitenote_note":"","_monsterinsights_sitenote_category":0,"_uf_show_specific_survey":0,"_uf_disable_surveys":false,"footnotes":""},"class_list":{"0":"post-1519","1":"page","2":"type-page","3":"status-publish","5":"no-featured-image-padding"},"acf":[],"aioseo_notices":[],"uagb_featured_image_src":{"full":false,"thumbnail":false,"medium":false,"medium_large":false,"large":false,"1536x1536":false,"2048x2048":false},"uagb_author_info":{"display_name":false,"author_link":"https:\/\/culturayciencia.org\/litterae\/author\/librerae\/"},"uagb_comment_info":0,"uagb_excerpt":null,"_links":{"self":[{"href":"https:\/\/culturayciencia.org\/litterae\/wp-json\/wp\/v2\/pages\/1519","targetHints":{"allow":["GET"]}}],"collection":[{"href":"https:\/\/culturayciencia.org\/litterae\/wp-json\/wp\/v2\/pages"}],"about":[{"href":"https:\/\/culturayciencia.org\/litterae\/wp-json\/wp\/v2\/types\/page"}],"author":[{"embeddable":true,"href":"https:\/\/culturayciencia.org\/litterae\/wp-json\/wp\/v2\/users\/4"}],"replies":[{"embeddable":true,"href":"https:\/\/culturayciencia.org\/litterae\/wp-json\/wp\/v2\/comments?post=1519"}],"version-history":[{"count":0,"href":"https:\/\/culturayciencia.org\/litterae\/wp-json\/wp\/v2\/pages\/1519\/revisions"}],"wp:attachment":[{"href":"https:\/\/culturayciencia.org\/litterae\/wp-json\/wp\/v2\/media?parent=1519"}],"curies":[{"name":"wp","href":"https:\/\/api.w.org\/{rel}","templated":true}]}}