{"id":1551,"date":"2020-12-30T10:22:43","date_gmt":"2020-12-30T08:22:43","guid":{"rendered":"https:\/\/culturayciencia.org\/litterae\/?page_id=1551"},"modified":"2021-01-18T21:24:41","modified_gmt":"2021-01-18T19:24:41","slug":"marta-del-pozo","status":"publish","type":"page","link":"https:\/\/culturayciencia.org\/litterae\/marta-del-pozo\/","title":{"rendered":"Marta del Pozo"},"content":{"rendered":"\n<section class=\"wp-block-uagb-columns uagb-columns__wrap uagb-columns__background-undefined uagb-columns__stack-mobile uagb-columns__valign-top uagb-columns__gap-10 alignundefined uagb-block-6b1ae0d4\"><div class=\"uagb-columns__overlay\"><\/div><div class=\"uagb-columns__inner-wrap uagb-columns__columns-2\">\n<div class=\"wp-block-uagb-column uagb-column__wrap uagb-column__background-color uagb-block-f930ecd3\"><div class=\"uagb-column__overlay\"><\/div><div class=\"uagb-column__inner-wrap\">\n<figure class=\"wp-block-image size-large is-style-rounded\"><img loading=\"lazy\" decoding=\"async\" width=\"400\" height=\"400\" src=\"https:\/\/culturayciencia.org\/litterae\/wp-content\/uploads\/2020\/12\/Marta-del-Pozo.jpg\" alt=\"\" class=\"wp-image-1552\" srcset=\"https:\/\/culturayciencia.org\/litterae\/wp-content\/uploads\/2020\/12\/Marta-del-Pozo.jpg 400w, https:\/\/culturayciencia.org\/litterae\/wp-content\/uploads\/2020\/12\/Marta-del-Pozo-300x300.jpg 300w, https:\/\/culturayciencia.org\/litterae\/wp-content\/uploads\/2020\/12\/Marta-del-Pozo-150x150.jpg 150w\" sizes=\"auto, (max-width: 400px) 100vw, 400px\" \/><\/figure>\n\n\n\n<h2 class=\"has-text-align-center has-medium-font-size wp-block-heading\"><strong>Marta del Pozo<\/strong> <strong>Ochoa<\/strong><\/h2>\n\n\n\n<p class=\"has-text-align-center has-vivid-red-color has-text-color\">Directora<br>Cultura AUPEX<\/p>\n<\/div><\/div>\n\n\n\n<div class=\"wp-block-uagb-column uagb-column__wrap uagb-column__background-undefined uagb-block-8a215052\"><div class=\"uagb-column__overlay\"><\/div><div class=\"uagb-column__inner-wrap\">\n<p>Licenciada en Bellas Artes en la Facultad de Bellas Artes Santa Isabel de Hungr\u00eda de la Universidad de Sevilla, especialidad Pintura.<br><br>Beca Socrates-Erasmus en la Hochschule der K\u00fcnste Berlin, Berlin (Alemania).<\/p>\n\n\n\n<p>Cursos de Doctorado en la Facultad de Bellas Artes de la Universidad de Sevilla.<\/p>\n\n\n\n<p>Como artista pl\u00e1stica ha participado en numerosas exposiciones colectivas en Andaluc\u00eda, Extremadura y Alentejo portugu\u00e9s. Ha recibido premios y menciones de honor en concursos de pintura y dibujo en Sevilla, Badajoz y Huelva. Durante esos a\u00f1os tambi\u00e9n se ha formado en distintos \u00e1mbitos relacionados con emprendimiento, pedagog\u00eda del arte y cer\u00e1mica: art\u00edstica, escult\u00f3rica y restauraci\u00f3n.<\/p>\n\n\n\n<p>Forma parte del equipo de gesti\u00f3n cultural de la Asociaci\u00f3n de Universidades Populares de Extremadura (AUPEX), del que es Directora de \u00c1rea de Cultura desde el a\u00f1o 2008.<\/p>\n\n\n\n<p>Su trabajo consiste en el dise\u00f1o, creaci\u00f3n, puesta en marcha, coordinaci\u00f3n y evaluaci\u00f3n de programas culturales que se desarrollan a nivel regional o provincial y en red, en estrecha colaboraci\u00f3n con el personal t\u00e9cnico de las Universidades Populares asociadas que se encuentran en el territorio, profesionales del sector cultural y asociaciones y colectivos culturales de la regi\u00f3n. Entre sus funciones ha estado la coordinaci\u00f3n de la Red Regional de Talleres Literarios, iniciada en el a\u00f1o 98 desde AUPEX, AEEX y Junta de Extremadura con el objetivo de impulsar la capacidad creadora entorno a la poes\u00eda y el relato y promover el conocimiento de autores y obras de estos g\u00e9neros. <\/p>\n\n\n\n<p>Aprovechando el r\u00e1pido crecimiento e inclusi\u00f3n de las nuevas tecnolog\u00edas de la informaci\u00f3n y la comunicaci\u00f3n en todos los \u00e1mbitos de la vida, se promueve la creaci\u00f3n de un Taller Literario virtual en el a\u00f1o 2010 con el fin de acercar esta especialidad a cualquier persona del territorio con inquietudes creativas. Este taller ha ido evolucionando a lo largo del tiempo, incluyendo nuevas metodolog\u00edas, ampliando contenidos y duraci\u00f3n, diversificando el profesorado, etc. hasta llegar a lo que en el a\u00f1o 2020 nace como ESCUELA DE LETRAS, un entorno virtual de formaci\u00f3n y difusi\u00f3n literarias que se plantea con vocaci\u00f3n de continuidad y en la que las personas participantes podr\u00e1n acceder a cursos de duraci\u00f3n media o larga adaptada a sus necesidades, webinarios con escritores y escritoras de Extremadura, novedades literarias, concursos y cert\u00e1menes, publicaci\u00f3n de textos, presentaciones, encuentros literarios&#8230;<\/p>\n<\/div><\/div>\n<\/div><\/section>\n\n\n","protected":false},"excerpt":{"rendered":"","protected":false},"author":4,"featured_media":0,"parent":0,"menu_order":0,"comment_status":"closed","ping_status":"closed","template":"","meta":{"_acf_changed":false,"om_disable_all_campaigns":false,"_uag_custom_page_level_css":"","_monsterinsights_skip_tracking":false,"_monsterinsights_sitenote_active":false,"_monsterinsights_sitenote_note":"","_monsterinsights_sitenote_category":0,"_uf_show_specific_survey":0,"_uf_disable_surveys":false,"footnotes":""},"class_list":{"0":"post-1551","1":"page","2":"type-page","3":"status-publish","5":"no-featured-image-padding"},"acf":[],"aioseo_notices":[],"uagb_featured_image_src":{"full":false,"thumbnail":false,"medium":false,"medium_large":false,"large":false,"1536x1536":false,"2048x2048":false},"uagb_author_info":{"display_name":false,"author_link":"https:\/\/culturayciencia.org\/litterae\/author\/librerae\/"},"uagb_comment_info":0,"uagb_excerpt":null,"_links":{"self":[{"href":"https:\/\/culturayciencia.org\/litterae\/wp-json\/wp\/v2\/pages\/1551","targetHints":{"allow":["GET"]}}],"collection":[{"href":"https:\/\/culturayciencia.org\/litterae\/wp-json\/wp\/v2\/pages"}],"about":[{"href":"https:\/\/culturayciencia.org\/litterae\/wp-json\/wp\/v2\/types\/page"}],"author":[{"embeddable":true,"href":"https:\/\/culturayciencia.org\/litterae\/wp-json\/wp\/v2\/users\/4"}],"replies":[{"embeddable":true,"href":"https:\/\/culturayciencia.org\/litterae\/wp-json\/wp\/v2\/comments?post=1551"}],"version-history":[{"count":0,"href":"https:\/\/culturayciencia.org\/litterae\/wp-json\/wp\/v2\/pages\/1551\/revisions"}],"wp:attachment":[{"href":"https:\/\/culturayciencia.org\/litterae\/wp-json\/wp\/v2\/media?parent=1551"}],"curies":[{"name":"wp","href":"https:\/\/api.w.org\/{rel}","templated":true}]}}