{"id":1590,"date":"2020-12-30T11:35:43","date_gmt":"2020-12-30T09:35:43","guid":{"rendered":"https:\/\/culturayciencia.org\/litterae\/?page_id=1590"},"modified":"2021-01-12T12:46:44","modified_gmt":"2021-01-12T10:46:44","slug":"rocio-ceron","status":"publish","type":"page","link":"https:\/\/culturayciencia.org\/litterae\/rocio-ceron\/","title":{"rendered":"Roc\u00edo Cer\u00f3n"},"content":{"rendered":"\n<section class=\"wp-block-uagb-columns uagb-columns__wrap uagb-columns__background-undefined uagb-columns__stack-mobile uagb-columns__valign-top uagb-columns__gap-10 alignundefined uagb-block-8deb5858\"><div class=\"uagb-columns__overlay\"><\/div><div class=\"uagb-columns__inner-wrap uagb-columns__columns-2\">\n<div class=\"wp-block-uagb-column uagb-column__wrap uagb-column__background-color uagb-block-ddca8238\"><div class=\"uagb-column__overlay\"><\/div><div class=\"uagb-column__inner-wrap\">\n<figure class=\"wp-block-image size-large is-style-rounded\"><img loading=\"lazy\" decoding=\"async\" width=\"393\" height=\"393\" src=\"https:\/\/culturayciencia.org\/litterae\/wp-content\/uploads\/2021\/01\/Rocio_Ceron_Litterae_2021.png\" alt=\"\" class=\"wp-image-2347\" srcset=\"https:\/\/culturayciencia.org\/litterae\/wp-content\/uploads\/2021\/01\/Rocio_Ceron_Litterae_2021.png 393w, https:\/\/culturayciencia.org\/litterae\/wp-content\/uploads\/2021\/01\/Rocio_Ceron_Litterae_2021-300x300.png 300w, https:\/\/culturayciencia.org\/litterae\/wp-content\/uploads\/2021\/01\/Rocio_Ceron_Litterae_2021-150x150.png 150w\" sizes=\"auto, (max-width: 393px) 100vw, 393px\" \/><\/figure>\n\n\n\n<h2 class=\"has-text-align-center has-medium-font-size wp-block-heading\"><strong>Roc\u00edo Cer\u00f3n<\/strong><\/h2>\n\n\n\n<p class=\"has-text-align-center has-vivid-red-color has-text-color\">Poeta<\/p>\n<\/div><\/div>\n\n\n\n<div class=\"wp-block-uagb-column uagb-column__wrap uagb-column__background-undefined uagb-block-91a65c48\"><div class=\"uagb-column__overlay\"><\/div><div class=\"uagb-column__inner-wrap\">\n<p>Ciudad de M\u00e9xico, 1972.<br><br> Ha publicado, entre otros, Spectio (Tresnubes-UANL, 2019), Materia oscura (Parentalia, 2018), Borealis (FCE, 2016), Nudo vortex (Literal, 2015), Diorama (UANL, 2012; segunda edici\u00f3n, Amargord, Espa\u00f1a, 2013), Tiento (UANL, 2010) e Imperio (Ediciones Monte Carmelo, 2009).<\/p>\n\n\n\n<p>Recibi\u00f3 en Estados Unidos el Best Translated Book Award 2015 por su libro Diorama, en traducci\u00f3n de Anna Rosenwong (2015), el See America Travel Award (2005) por sus cr\u00f3nicas de viaje y en M\u00e9xico el Premio Nacional de Literatura Gilberto Owen por su primer libro, Basalto (2000).<\/p>\n\n\n\n<p>Es fundadora y curadora de ENCLAVE. Festival de Poes\u00eda Transdisciplinar desde 2010. Desde 2008 es profesora fundadora del Programa de Escritura Creativa (PEC) de la Universidad del Claustro de Sor Juana. Es profesora de Tr\u00e1nsitos. Diplomado transdisciplinario en investigaci\u00f3n, experimentaci\u00f3n y producci\u00f3n art\u00edstica del Centro Nacional de las Artes. <\/p>\n\n\n\n<p>Acciones po\u00e9ticas y piezas de poes\u00eda visual y sonora suyas se han presentado en los Institutos Cervantes de Berl\u00edn, Londres y Estocolmo; Centro Pompidou, Par\u00eds, Southbank Centre, Londres, Museo Karen Blixen, Dinamarca, Museo de Arte Moderno, Sala de Arte P\u00fablico Siqueiros, Laboratorio Arte Alameda, Galer\u00eda Biquini Wax (CdMx), entre otros. Obra suya ha sido traducida a m\u00e1s de ocho idiomas. Actualmente es miembro del Sistema Nacional de Creadores de Arte del FONCA.<\/p>\n<\/div><\/div>\n<\/div><\/section>\n\n\n","protected":false},"excerpt":{"rendered":"","protected":false},"author":4,"featured_media":0,"parent":0,"menu_order":0,"comment_status":"closed","ping_status":"closed","template":"","meta":{"_acf_changed":false,"om_disable_all_campaigns":false,"_uag_custom_page_level_css":"","_monsterinsights_skip_tracking":false,"_monsterinsights_sitenote_active":false,"_monsterinsights_sitenote_note":"","_monsterinsights_sitenote_category":0,"_uf_show_specific_survey":0,"_uf_disable_surveys":false,"footnotes":""},"class_list":{"0":"post-1590","1":"page","2":"type-page","3":"status-publish","5":"no-featured-image-padding"},"acf":[],"aioseo_notices":[],"uagb_featured_image_src":{"full":false,"thumbnail":false,"medium":false,"medium_large":false,"large":false,"1536x1536":false,"2048x2048":false},"uagb_author_info":{"display_name":false,"author_link":"https:\/\/culturayciencia.org\/litterae\/author\/librerae\/"},"uagb_comment_info":0,"uagb_excerpt":null,"_links":{"self":[{"href":"https:\/\/culturayciencia.org\/litterae\/wp-json\/wp\/v2\/pages\/1590","targetHints":{"allow":["GET"]}}],"collection":[{"href":"https:\/\/culturayciencia.org\/litterae\/wp-json\/wp\/v2\/pages"}],"about":[{"href":"https:\/\/culturayciencia.org\/litterae\/wp-json\/wp\/v2\/types\/page"}],"author":[{"embeddable":true,"href":"https:\/\/culturayciencia.org\/litterae\/wp-json\/wp\/v2\/users\/4"}],"replies":[{"embeddable":true,"href":"https:\/\/culturayciencia.org\/litterae\/wp-json\/wp\/v2\/comments?post=1590"}],"version-history":[{"count":0,"href":"https:\/\/culturayciencia.org\/litterae\/wp-json\/wp\/v2\/pages\/1590\/revisions"}],"wp:attachment":[{"href":"https:\/\/culturayciencia.org\/litterae\/wp-json\/wp\/v2\/media?parent=1590"}],"curies":[{"name":"wp","href":"https:\/\/api.w.org\/{rel}","templated":true}]}}