{"id":3222,"date":"2022-02-11T15:38:44","date_gmt":"2022-02-11T13:38:44","guid":{"rendered":"https:\/\/culturayciencia.org\/litterae\/?page_id=3222"},"modified":"2022-02-11T15:38:45","modified_gmt":"2022-02-11T13:38:45","slug":"jorge-corrales","status":"publish","type":"page","link":"https:\/\/culturayciencia.org\/litterae\/jorge-corrales\/","title":{"rendered":"Jorge Corrales"},"content":{"rendered":"\n<section class=\"wp-block-uagb-columns uagb-columns__wrap uagb-columns__background-undefined uagb-columns__stack-mobile uagb-columns__valign-top uagb-columns__gap-10 alignundefined uagb-block-841a7b20\"><div class=\"uagb-columns__overlay\"><\/div><div class=\"uagb-columns__inner-wrap uagb-columns__columns-2\">\n<div class=\"wp-block-uagb-column uagb-column__wrap uagb-column__background-color uagb-block-99895c92\"><div class=\"uagb-column__overlay\"><\/div><div class=\"uagb-column__inner-wrap\">\n<div class=\"wp-block-image is-style-rounded\"><figure class=\"aligncenter size-full\"><img loading=\"lazy\" decoding=\"async\" width=\"393\" height=\"393\" src=\"https:\/\/culturayciencia.org\/litterae\/wp-content\/uploads\/2022\/02\/JORGE_CORRALES_Litterae.png\" alt=\"\" class=\"wp-image-3221\" srcset=\"https:\/\/culturayciencia.org\/litterae\/wp-content\/uploads\/2022\/02\/JORGE_CORRALES_Litterae.png 393w, https:\/\/culturayciencia.org\/litterae\/wp-content\/uploads\/2022\/02\/JORGE_CORRALES_Litterae-300x300.png 300w, https:\/\/culturayciencia.org\/litterae\/wp-content\/uploads\/2022\/02\/JORGE_CORRALES_Litterae-150x150.png 150w\" sizes=\"auto, (max-width: 393px) 100vw, 393px\" \/><\/figure><\/div>\n\n\n\n<h2 class=\"has-text-align-center has-medium-font-size wp-block-heading\" id=\"jorge-corrales\"><strong><strong><strong><strong><strong>Jorge Corrales<\/strong><\/strong><\/strong><\/strong><\/strong><\/h2>\n\n\n\n<p class=\"has-text-align-center has-vivid-red-color has-text-color\">Director General de CEDRO<\/p>\n<\/div><\/div>\n\n\n\n<div class=\"wp-block-uagb-column uagb-column__wrap uagb-column__background-undefined uagb-block-951efe55\"><div class=\"uagb-column__overlay\"><\/div><div class=\"uagb-column__inner-wrap\">\n<p>Es Director General de CEDRO (Centro Espa\u00f1ol de Derechos Reprogr\u00e1ficos,<br>www.cedro.org), desde marzo de 2017.<br><br>Anteriormente ocup\u00f3 el cargo de Director del Departamento Econ\u00f3mico y Tecnol\u00f3gico<br>de CEDRO.<br><br>Licenciado en Ciencias Econ\u00f3micas por la Universidad de Alcal\u00e1 de Henares (Madrid,<br>Espa\u00f1a), ha desarrollado su trayectoria profesional en los sectores tecnol\u00f3gico, qu\u00edmico<br>y, en los \u00faltimos 10 a\u00f1os, en el de la propiedad intelectual.<\/p>\n<\/div><\/div>\n<\/div><\/section>\n\n\n","protected":false},"excerpt":{"rendered":"","protected":false},"author":4,"featured_media":0,"parent":0,"menu_order":0,"comment_status":"closed","ping_status":"closed","template":"","meta":{"_acf_changed":false,"om_disable_all_campaigns":false,"_uag_custom_page_level_css":"","_monsterinsights_skip_tracking":false,"_monsterinsights_sitenote_active":false,"_monsterinsights_sitenote_note":"","_monsterinsights_sitenote_category":0,"_uf_show_specific_survey":0,"_uf_disable_surveys":false,"footnotes":""},"class_list":{"0":"post-3222","1":"page","2":"type-page","3":"status-publish","5":"no-featured-image-padding"},"acf":[],"aioseo_notices":[],"uagb_featured_image_src":{"full":false,"thumbnail":false,"medium":false,"medium_large":false,"large":false,"1536x1536":false,"2048x2048":false},"uagb_author_info":{"display_name":false,"author_link":"https:\/\/culturayciencia.org\/litterae\/author\/librerae\/"},"uagb_comment_info":0,"uagb_excerpt":null,"_links":{"self":[{"href":"https:\/\/culturayciencia.org\/litterae\/wp-json\/wp\/v2\/pages\/3222","targetHints":{"allow":["GET"]}}],"collection":[{"href":"https:\/\/culturayciencia.org\/litterae\/wp-json\/wp\/v2\/pages"}],"about":[{"href":"https:\/\/culturayciencia.org\/litterae\/wp-json\/wp\/v2\/types\/page"}],"author":[{"embeddable":true,"href":"https:\/\/culturayciencia.org\/litterae\/wp-json\/wp\/v2\/users\/4"}],"replies":[{"embeddable":true,"href":"https:\/\/culturayciencia.org\/litterae\/wp-json\/wp\/v2\/comments?post=3222"}],"version-history":[{"count":0,"href":"https:\/\/culturayciencia.org\/litterae\/wp-json\/wp\/v2\/pages\/3222\/revisions"}],"wp:attachment":[{"href":"https:\/\/culturayciencia.org\/litterae\/wp-json\/wp\/v2\/media?parent=3222"}],"curies":[{"name":"wp","href":"https:\/\/api.w.org\/{rel}","templated":true}]}}

<section class="wp-block-uagb-columns uagb-columns__wrap uagb-columns__background-undefined uagb-columns__stack-mobile uagb-columns__valign-top uagb-columns__gap-10 alignundefined uagb-block-841a7b20"><div class="uagb-columns__overlay"></div><div class="uagb-columns__inner-wrap uagb-columns__columns-2">
<div class="wp-block-uagb-column uagb-column__wrap uagb-column__background-color uagb-block-99895c92"><div class="uagb-column__overlay"></div><div class="uagb-column__inner-wrap">
<div class="wp-block-image is-style-rounded"><figure class="aligncenter size-full"><img loading="lazy" decoding="async" width="393" height="393" src="https://culturayciencia.org/litterae/wp-content/uploads/2022/02/JORGE_CORRALES_Litterae.png" alt="" class="wp-image-3221" srcset="https://culturayciencia.org/litterae/wp-content/uploads/2022/02/JORGE_CORRALES_Litterae.png 393w, https://culturayciencia.org/litterae/wp-content/uploads/2022/02/JORGE_CORRALES_Litterae-300x300.png 300w, https://culturayciencia.org/litterae/wp-content/uploads/2022/02/JORGE_CORRALES_Litterae-150x150.png 150w" sizes="auto, (max-width: 393px) 100vw, 393px" /></figure></div>



<h2 class="has-text-align-center has-medium-font-size wp-block-heading" id="jorge-corrales"><strong><strong><strong><strong><strong>Jorge Corrales</strong></strong></strong></strong></strong></h2>



<p class="has-text-align-center has-vivid-red-color has-text-color">Director General de CEDRO</p>
</div></div>



<div class="wp-block-uagb-column uagb-column__wrap uagb-column__background-undefined uagb-block-951efe55"><div class="uagb-column__overlay"></div><div class="uagb-column__inner-wrap">
<p>Es Director General de CEDRO (Centro Español de Derechos Reprográficos,<br>www.cedro.org), desde marzo de 2017.<br><br>Anteriormente ocupó el cargo de Director del Departamento Económico y Tecnológico<br>de CEDRO.<br><br>Licenciado en Ciencias Económicas por la Universidad de Alcalá de Henares (Madrid,<br>España), ha desarrollado su trayectoria profesional en los sectores tecnológico, químico<br>y, en los últimos 10 años, en el de la propiedad intelectual.</p>
</div></div>
</div></section>
