{"id":3226,"date":"2022-02-11T15:44:18","date_gmt":"2022-02-11T13:44:18","guid":{"rendered":"https:\/\/culturayciencia.org\/litterae\/?page_id=3226"},"modified":"2022-02-11T15:44:20","modified_gmt":"2022-02-11T13:44:20","slug":"marta-magadan-diaz","status":"publish","type":"page","link":"https:\/\/culturayciencia.org\/litterae\/marta-magadan-diaz\/","title":{"rendered":"Marta Magad\u00e1n D\u00edaz"},"content":{"rendered":"\n<section class=\"wp-block-uagb-columns uagb-columns__wrap uagb-columns__background-undefined uagb-columns__stack-mobile uagb-columns__valign-top uagb-columns__gap-10 alignundefined uagb-block-fccc5bc1\"><div class=\"uagb-columns__overlay\"><\/div><div class=\"uagb-columns__inner-wrap uagb-columns__columns-2\">\n<div class=\"wp-block-uagb-column uagb-column__wrap uagb-column__background-color uagb-block-0c5099af\"><div class=\"uagb-column__overlay\"><\/div><div class=\"uagb-column__inner-wrap\">\n<div class=\"wp-block-image is-style-rounded\"><figure class=\"aligncenter size-full\"><img loading=\"lazy\" decoding=\"async\" width=\"393\" height=\"393\" src=\"https:\/\/culturayciencia.org\/litterae\/wp-content\/uploads\/2022\/02\/Marta_Magadan_Diaz_Litterae.png\" alt=\"\" class=\"wp-image-3225\" srcset=\"https:\/\/culturayciencia.org\/litterae\/wp-content\/uploads\/2022\/02\/Marta_Magadan_Diaz_Litterae.png 393w, https:\/\/culturayciencia.org\/litterae\/wp-content\/uploads\/2022\/02\/Marta_Magadan_Diaz_Litterae-300x300.png 300w, https:\/\/culturayciencia.org\/litterae\/wp-content\/uploads\/2022\/02\/Marta_Magadan_Diaz_Litterae-150x150.png 150w\" sizes=\"auto, (max-width: 393px) 100vw, 393px\" \/><\/figure><\/div>\n\n\n\n<h2 class=\"has-text-align-center has-medium-font-size wp-block-heading\" id=\"marta-magadan-diaz\"><strong><strong>Marta Magad\u00e1n D\u00edaz<\/strong><\/strong><\/h2>\n\n\n\n<p class=\"has-text-align-center has-vivid-red-color has-text-color\">Coordinadora\u00a0 \u00a0de \u00a0 Calidad \u00a0 de \u00a0 la \u00a0 Facultad \u00a0 de \u00a0 Empresa \u00a0 y \u00a0 Comunicaci\u00f3n<\/p>\n<\/div><\/div>\n\n\n\n<div class=\"wp-block-uagb-column uagb-column__wrap uagb-column__background-undefined uagb-block-6fa16b94\"><div class=\"uagb-column__overlay\"><\/div><div class=\"uagb-column__inner-wrap\">\n<p>Doctora en Administraci\u00f3n de Empresas por la Universidad de Oviedo con la calificaci\u00f3n de sobresaliente cum laude. M\u00e1ster en Gesti\u00f3n de Empresas Internacionales por la Escuela de Organizaci\u00f3n Industrial (Madrid). Acreditada como Profesora Contratada Doctora por la Aneca. <br><br>Coordinadora de Calidad de la Facultad de Empresa y Comunicaci\u00f3n de la Universidad Internacional de La Rioja, donde desarrolla su labor docente e investigadora. Ha colaborado con otras universidades como la Universidad de Oviedo, la Universidad Jaume I, la Universidad Antonio de Nebrija y la Universidad Europea Miguel de Cervantes. <br><br>Autora de un centenar de publicaciones entre libros, cap\u00edtulos de libros y art\u00edculos en revistas y editoriales nacionales e internacionales, as\u00ed como evaluadora de revistas de impacto reconocidas en el JCR. Ha sido presidenta del Gremio de Editores de Asturias y miembro de la Junta Directiva de la Federaci\u00f3n del Gremio de Editores. <\/p>\n\n\n\n<p>Experta en gesti\u00f3n cultural, desde 2016, dirige las Tertulias del Campoamor de la Fundaci\u00f3n Municipal de Cultura del Ayuntamiento de Oviedo. Entre sus l\u00edneas de investigaci\u00f3n destaca el an\u00e1lisis de la innovaci\u00f3n y digitalizaci\u00f3n en la industria editorial y sus efectos organizativos.<\/p>\n<\/div><\/div>\n<\/div><\/section>\n\n\n","protected":false},"excerpt":{"rendered":"","protected":false},"author":4,"featured_media":0,"parent":0,"menu_order":0,"comment_status":"closed","ping_status":"closed","template":"","meta":{"_acf_changed":false,"om_disable_all_campaigns":false,"_uag_custom_page_level_css":"","_monsterinsights_skip_tracking":false,"_monsterinsights_sitenote_active":false,"_monsterinsights_sitenote_note":"","_monsterinsights_sitenote_category":0,"_uf_show_specific_survey":0,"_uf_disable_surveys":false,"footnotes":""},"class_list":{"0":"post-3226","1":"page","2":"type-page","3":"status-publish","5":"no-featured-image-padding"},"acf":[],"aioseo_notices":[],"uagb_featured_image_src":{"full":false,"thumbnail":false,"medium":false,"medium_large":false,"large":false,"1536x1536":false,"2048x2048":false},"uagb_author_info":{"display_name":false,"author_link":"https:\/\/culturayciencia.org\/litterae\/author\/librerae\/"},"uagb_comment_info":0,"uagb_excerpt":null,"_links":{"self":[{"href":"https:\/\/culturayciencia.org\/litterae\/wp-json\/wp\/v2\/pages\/3226","targetHints":{"allow":["GET"]}}],"collection":[{"href":"https:\/\/culturayciencia.org\/litterae\/wp-json\/wp\/v2\/pages"}],"about":[{"href":"https:\/\/culturayciencia.org\/litterae\/wp-json\/wp\/v2\/types\/page"}],"author":[{"embeddable":true,"href":"https:\/\/culturayciencia.org\/litterae\/wp-json\/wp\/v2\/users\/4"}],"replies":[{"embeddable":true,"href":"https:\/\/culturayciencia.org\/litterae\/wp-json\/wp\/v2\/comments?post=3226"}],"version-history":[{"count":0,"href":"https:\/\/culturayciencia.org\/litterae\/wp-json\/wp\/v2\/pages\/3226\/revisions"}],"wp:attachment":[{"href":"https:\/\/culturayciencia.org\/litterae\/wp-json\/wp\/v2\/media?parent=3226"}],"curies":[{"name":"wp","href":"https:\/\/api.w.org\/{rel}","templated":true}]}}