{"id":328,"date":"2019-09-02T14:01:56","date_gmt":"2019-09-02T12:01:56","guid":{"rendered":"https:\/\/culturayciencia.org\/litterae\/?page_id=328"},"modified":"2019-09-19T00:46:16","modified_gmt":"2019-09-18T22:46:16","slug":"amelia-diaz-benlliure","status":"publish","type":"page","link":"https:\/\/culturayciencia.org\/litterae\/amelia-diaz-benlliure\/","title":{"rendered":"Amelia D\u00edaz Benlliure"},"content":{"rendered":"\n<div class=\"wp-block-image\"><figure class=\"alignleft\"><img decoding=\"async\" src=\"https:\/\/culturayciencia.org\/litterae\/wp-content\/uploads\/2019\/09\/Amelia_D\u00edaz_Litterae.jpg\" alt=\"\" class=\"wp-image-832\"\/><\/figure><\/div>\n\n\n\n<h2 class=\"wp-block-heading\" style=\"text-align:center\"><strong>Amelia D\u00edaz Benlliure<\/strong><\/h2>\n\n\n\n<p style=\"text-align:center\"><strong><em>Unaria Ediciones <\/em><\/strong><\/p>\n\n\n\n<p style=\"text-align:justify\">Licenciada en Ciencias Matem\u00e1ticas, poeta y editora de\nUnaria ediciones.<\/p>\n\n\n\n<p style=\"text-align:justify\">Ha participado en numerosas antolog\u00edas de poes\u00eda, en Espa\u00f1a\ny Latinoam\u00e9rica.<\/p>\n\n\n\n<p style=\"text-align:justify\">Tambi\u00e9n ha colaborado en diferentes libros recopilatorios\nsolidarios, tanto de poes\u00eda como de relatos, y en revistas po\u00e9ticas y\nliterarias.<\/p>\n\n\n\n<p style=\"text-align:justify\">Fue la organizadora del VII Encuentro de Poetas en la red,\nen Pe\u00f1\u00edscola, en septiembre de 2012.<\/p>\n\n\n\n<p style=\"text-align:justify\">Ha publicado los poemarios <strong><em>Manual para entender las distancias<\/em><\/strong> (ACEN, 2011), donde expresa\nel sentimiento de alejamiento desde los puntos de vista amoroso, social y, en\ncasos, marginal, y <strong><em>Tuya es la voz<\/em><\/strong>\n(Libros de la frontera, colecci\u00f3n de poes\u00eda El Bardo, 2013), poes\u00eda grito\ncontra la injusticia y la desmemoria.<\/p>\n\n\n\n<p style=\"text-align:justify\">Su \u00faltimo poemario, <strong><em>Una\nhistoria no contada<\/em><\/strong> (Parnass ediciones, colecci\u00f3n Poetikas, 2017),es la poes\u00eda sobre el desaprendizaje.\nDe c\u00f3mo las madres y las hijas intercambian sus papeles cuando el Alzheimer\nhace presencia en sus vidas. De c\u00f3mo el camino se vuelve inverso y se\ndesaprende a hablar, a caminar, a asearse, a controlar los esf\u00ednteres, a comer\u2026\na vivir. La historia que, de ni\u00f1as, nuestras madres nunca nos contaron.<\/p>\n\n\n\n<div class=\"wp-block-uagb-team uagb-team uagb-team__outer-wrap uagb-team__image-position-above uagb-team__align-center uagb-team__stack-tablet\" id=\"uagb-team-52fd023e-ff7e-4c32-8391-33f480fa3c4d\"><div class=\"uagb-team__wrap\"><div class=\"uagb-team__content\"><div class=\"uagb-team__title-wrap\"><h4 class=\"uagb-team__title\"><\/h4><span class=\"uagb-team__prefix\"><\/span><\/div><div class=\"uagb-team__desc-wrap\"><p class=\"uagb-team__desc\">Web: <a href=\"http:\/\/www.unariaediciones.com\">www.unariaediciones.com<\/a><\/p><\/div><div class=\"uagb-team__social-icon-wrap\"><ul class=\"uagb-team__social-list\"><li class=\"uagb-team__social-icon\"><a href=\"https:\/\/twitter.com\/UnariaEdiciones\" target=\"_self\" title=\"\" rel=\"noopener noreferrer\"><svg xmlns=\"http:\/\/www.w3.org\/2000\/svg\" viewbox=\"0 0 512 512\"><path d=\"M459.37 151.716c.325 4.548.325 9.097.325 13.645 0 138.72-105.583 298.558-298.558 298.558-59.452 0-114.68-17.219-161.137-47.106 8.447.974 16.568 1.299 25.34 1.299 49.055 0 94.213-16.568 130.274-44.832-46.132-.975-84.792-31.188-98.112-72.772 6.498.974 12.995 1.624 19.818 1.624 9.421 0 18.843-1.3 27.614-3.573-48.081-9.747-84.143-51.98-84.143-102.985v-1.299c13.969 7.797 30.214 12.67 47.431 13.319-28.264-18.843-46.781-51.005-46.781-87.391 0-19.492 5.197-37.36 14.294-52.954 51.655 63.675 129.3 105.258 216.365 109.807-1.624-7.797-2.599-15.918-2.599-24.04 0-57.828 46.782-104.934 104.934-104.934 30.213 0 57.502 12.67 76.67 33.137 23.715-4.548 46.456-13.32 66.599-25.34-7.798 24.366-24.366 44.833-46.132 57.827 21.117-2.273 41.584-8.122 60.426-16.243-14.292 20.791-32.161 39.308-52.628 54.253z\"><\/path><\/svg><\/a><\/li><li class=\"uagb-team__social-icon\"><a href=\"www.facebook.com\/unaria2013\" target=\"_self\" title=\"\" rel=\"noopener noreferrer\"><svg xmlns=\"http:\/\/www.w3.org\/2000\/svg\" viewbox=\"0 0 448 512\"><path d=\"M448 56.7v398.5c0 13.7-11.1 24.7-24.7 24.7H309.1V306.5h58.2l8.7-67.6h-67v-43.2c0-19.6 5.4-32.9 33.5-32.9h35.8v-60.5c-6.2-.8-27.4-2.7-52.2-2.7-51.6 0-87 31.5-87 89.4v49.9h-58.4v67.6h58.4V480H24.7C11.1 480 0 468.9 0 455.3V56.7C0 43.1 11.1 32 24.7 32h398.5c13.7 0 24.8 11.1 24.8 24.7z\"><\/path><\/svg><\/a><\/li><li class=\"uagb-team__social-icon\"><a href=\"http:\/\/ameliadiazbenlliure.blogspot.com\/\" target=\"_self\" title=\"\" rel=\"noopener noreferrer\"><svg xmlns=\"http:\/\/www.w3.org\/2000\/svg\" viewbox=\"0 0 448 512\"><path d=\"M162.4 196c4.8-4.9 6.2-5.1 36.4-5.1 27.2 0 28.1.1 32.1 2.1 5.8 2.9 8.3 7 8.3 13.6 0 5.9-2.4 10-7.6 13.4-2.8 1.8-4.5 1.9-31.1 2.1-16.4.1-29.5-.2-31.5-.8-10.3-2.9-14.1-17.7-6.6-25.3zm61.4 94.5c-53.9 0-55.8.2-60.2 4.1-3.5 3.1-5.7 9.4-5.1 13.9.7 4.7 4.8 10.1 9.2 12 2.2 1 14.1 1.7 56.3 1.2l47.9-.6 9.2-1.5c9-5.1 10.5-17.4 3.1-24.4-5.3-4.7-5-4.7-60.4-4.7zm223.4 130.1c-3.5 28.4-23 50.4-51.1 57.5-7.2 1.8-9.7 1.9-172.9 1.8-157.8 0-165.9-.1-172-1.8-8.4-2.2-15.6-5.5-22.3-10-5.6-3.8-13.9-11.8-17-16.4-3.8-5.6-8.2-15.3-10-22C.1 423 0 420.3 0 256.3 0 93.2 0 89.7 1.8 82.6 8.1 57.9 27.7 39 53 33.4c7.3-1.6 332.1-1.9 340-.3 21.2 4.3 37.9 17.1 47.6 36.4 7.7 15.3 7-1.5 7.3 180.6.2 115.8 0 164.5-.7 170.5zm-85.4-185.2c-1.1-5-4.2-9.6-7.7-11.5-1.1-.6-8-1.3-15.5-1.7-12.4-.6-13.8-.8-17.8-3.1-6.2-3.6-7.9-7.6-8-18.3 0-20.4-8.5-39.4-25.3-56.5-12-12.2-25.3-20.5-40.6-25.1-3.6-1.1-11.8-1.5-39.2-1.8-42.9-.5-52.5.4-67.1 6.2-27 10.7-46.3 33.4-53.4 62.4-1.3 5.4-1.6 14.2-1.9 64.3-.4 62.8 0 72.1 4 84.5 9.7 30.7 37.1 53.4 64.6 58.4 9.2 1.7 122.2 2.1 133.7.5 20.1-2.7 35.9-10.8 50.7-25.9 10.7-10.9 17.4-22.8 21.8-38.5 3.2-10.9 2.9-88.4 1.7-93.9z\"><\/path><\/svg><\/a><\/li><\/ul><\/div><\/div><\/div><\/div>\n","protected":false},"excerpt":{"rendered":"","protected":false},"author":4,"featured_media":0,"parent":0,"menu_order":0,"comment_status":"closed","ping_status":"closed","template":"","meta":{"_acf_changed":false,"om_disable_all_campaigns":false,"_uag_custom_page_level_css":"","_monsterinsights_skip_tracking":false,"_monsterinsights_sitenote_active":false,"_monsterinsights_sitenote_note":"","_monsterinsights_sitenote_category":0,"_uf_show_specific_survey":0,"_uf_disable_surveys":false,"footnotes":""},"class_list":{"0":"post-328","1":"page","2":"type-page","3":"status-publish","5":"no-featured-image-padding"},"acf":[],"aioseo_notices":[],"uagb_featured_image_src":{"full":false,"thumbnail":false,"medium":false,"medium_large":false,"large":false,"1536x1536":false,"2048x2048":false},"uagb_author_info":{"display_name":false,"author_link":"https:\/\/culturayciencia.org\/litterae\/author\/librerae\/"},"uagb_comment_info":0,"uagb_excerpt":null,"_links":{"self":[{"href":"https:\/\/culturayciencia.org\/litterae\/wp-json\/wp\/v2\/pages\/328","targetHints":{"allow":["GET"]}}],"collection":[{"href":"https:\/\/culturayciencia.org\/litterae\/wp-json\/wp\/v2\/pages"}],"about":[{"href":"https:\/\/culturayciencia.org\/litterae\/wp-json\/wp\/v2\/types\/page"}],"author":[{"embeddable":true,"href":"https:\/\/culturayciencia.org\/litterae\/wp-json\/wp\/v2\/users\/4"}],"replies":[{"embeddable":true,"href":"https:\/\/culturayciencia.org\/litterae\/wp-json\/wp\/v2\/comments?post=328"}],"version-history":[{"count":0,"href":"https:\/\/culturayciencia.org\/litterae\/wp-json\/wp\/v2\/pages\/328\/revisions"}],"wp:attachment":[{"href":"https:\/\/culturayciencia.org\/litterae\/wp-json\/wp\/v2\/media?parent=328"}],"curies":[{"name":"wp","href":"https:\/\/api.w.org\/{rel}","templated":true}]}}