{"id":3319,"date":"2022-02-16T20:47:30","date_gmt":"2022-02-16T18:47:30","guid":{"rendered":"https:\/\/culturayciencia.org\/litterae\/?page_id=3319"},"modified":"2022-02-16T20:47:32","modified_gmt":"2022-02-16T18:47:32","slug":"antonio-galan-gall","status":"publish","type":"page","link":"https:\/\/culturayciencia.org\/litterae\/antonio-galan-gall\/","title":{"rendered":"Antonio Gal\u00e1n Gall"},"content":{"rendered":"\n<section class=\"wp-block-uagb-columns uagb-columns__wrap uagb-columns__background-undefined uagb-columns__stack-mobile uagb-columns__valign-top uagb-columns__gap-10 alignundefined uagb-block-f75b0833\"><div class=\"uagb-columns__overlay\"><\/div><div class=\"uagb-columns__inner-wrap uagb-columns__columns-2\">\n<div class=\"wp-block-uagb-column uagb-column__wrap uagb-column__background-color uagb-block-ed18fffb\"><div class=\"uagb-column__overlay\"><\/div><div class=\"uagb-column__inner-wrap\">\n<div class=\"wp-block-image is-style-rounded\"><figure class=\"aligncenter size-full\"><img loading=\"lazy\" decoding=\"async\" width=\"393\" height=\"393\" src=\"https:\/\/culturayciencia.org\/litterae\/wp-content\/uploads\/2022\/02\/Antonio_Galan_Gall_Litterae.png\" alt=\"\" class=\"wp-image-3317\" srcset=\"https:\/\/culturayciencia.org\/litterae\/wp-content\/uploads\/2022\/02\/Antonio_Galan_Gall_Litterae.png 393w, https:\/\/culturayciencia.org\/litterae\/wp-content\/uploads\/2022\/02\/Antonio_Galan_Gall_Litterae-300x300.png 300w, https:\/\/culturayciencia.org\/litterae\/wp-content\/uploads\/2022\/02\/Antonio_Galan_Gall_Litterae-150x150.png 150w\" sizes=\"auto, (max-width: 393px) 100vw, 393px\" \/><\/figure><\/div>\n\n\n\n<h2 class=\"has-text-align-center has-medium-font-size wp-block-heading\" id=\"antonio-galan-gall\"><strong><strong>Antonio Gal\u00e1n Gall<\/strong><\/strong><\/h2>\n\n\n\n<p class=\"has-text-align-center has-vivid-red-color has-text-color\">Bibliotecario<br>Escritor<\/p>\n<\/div><\/div>\n\n\n\n<div class=\"wp-block-uagb-column uagb-column__wrap uagb-column__background-undefined uagb-block-972f02eb\"><div class=\"uagb-column__overlay\"><\/div><div class=\"uagb-column__inner-wrap\">\n<p>Nacido en Ciudad Real en 1964. Licenciado en filosof\u00eda por la Universidad de Salamanca. Pertenece al Cuerpo Superior Facultativo de Archivos, Bibliotecas y Museos. En la actualidad dirige el \u00c1rea de Bibliotecas de la Universidad de Castilla-La Mancha.<\/p>\n\n\n\n<p>Ha publicado ocho novelas: <em>Del breve ejercicio de vivir <\/em>(2002),<em> \u00bfCu\u00e1l es el problema? <\/em>(2005),<em> Papaveri <\/em>(2013, V Premio de Novela Corta El Fungible),<em> Duelos (y tambi\u00e9n quebrantos) del general Pancho Aguilera <\/em>(2014),<em> Imag\u00ednate lo que dir\u00edan <\/em>(2017),<em> Memorial del ni\u00f1o de la reliquia <\/em>(2017, XXXIX Premio Carta Puebla, novela corta), <em>El culo del rey <\/em>(2020), y <em>Babancho<\/em> (2020, Premio de Novela Breve Tierras de Le\u00f3n, 2019). Tambi\u00e9n dos libros de relatos:<em> Algunas muertes tontas <\/em>(2015),y <em>El afilador (y algunos cuentos m\u00e1s)<\/em> (2021), as\u00ed como varios relatos en vol\u00famenes colectivos.<\/p>\n\n\n\n<p>Con motivo del centenario de la muerte de Francisco Garc\u00eda Pav\u00f3n coordin\u00f3, junto a Sonia Garc\u00eda Soubriet, el volumen de cuentos \u201cA la sombra del maestro 21 escritores se pavonean\u201d y, en 2007, junto a Agust\u00edn Mu\u00f1oz-Alonso, \u201cFrancisco Garc\u00eda Pav\u00f3n: el hombre y su obra\u201d.<\/p>\n\n\n\n<p>Durante su recorrido literario ha recibido algunos galardones, como el Premio \u00abEl Fungible\u00bb de novela breve 2013 por \u00abPapaveri\u00bb, 39\u00ba Premio Carta Puebla, d\u00e9cima edici\u00f3n de novela corta, por Memorial del ni\u00f1o de la reliquia o el VIII premio Tierras de Le\u00f3n 2019 por \u201cBabancho\u201d. Adem\u00e1s, ha sido finalista del premio Felipe Trigo, el Encina de Plata y algunos otros.<\/p>\n<\/div><\/div>\n<\/div><\/section>\n\n\n","protected":false},"excerpt":{"rendered":"","protected":false},"author":4,"featured_media":0,"parent":0,"menu_order":0,"comment_status":"closed","ping_status":"closed","template":"","meta":{"_acf_changed":false,"om_disable_all_campaigns":false,"_uag_custom_page_level_css":"","_monsterinsights_skip_tracking":false,"_monsterinsights_sitenote_active":false,"_monsterinsights_sitenote_note":"","_monsterinsights_sitenote_category":0,"_uf_show_specific_survey":0,"_uf_disable_surveys":false,"footnotes":""},"class_list":{"0":"post-3319","1":"page","2":"type-page","3":"status-publish","5":"no-featured-image-padding"},"acf":[],"aioseo_notices":[],"uagb_featured_image_src":{"full":false,"thumbnail":false,"medium":false,"medium_large":false,"large":false,"1536x1536":false,"2048x2048":false},"uagb_author_info":{"display_name":false,"author_link":"https:\/\/culturayciencia.org\/litterae\/author\/librerae\/"},"uagb_comment_info":0,"uagb_excerpt":null,"_links":{"self":[{"href":"https:\/\/culturayciencia.org\/litterae\/wp-json\/wp\/v2\/pages\/3319","targetHints":{"allow":["GET"]}}],"collection":[{"href":"https:\/\/culturayciencia.org\/litterae\/wp-json\/wp\/v2\/pages"}],"about":[{"href":"https:\/\/culturayciencia.org\/litterae\/wp-json\/wp\/v2\/types\/page"}],"author":[{"embeddable":true,"href":"https:\/\/culturayciencia.org\/litterae\/wp-json\/wp\/v2\/users\/4"}],"replies":[{"embeddable":true,"href":"https:\/\/culturayciencia.org\/litterae\/wp-json\/wp\/v2\/comments?post=3319"}],"version-history":[{"count":0,"href":"https:\/\/culturayciencia.org\/litterae\/wp-json\/wp\/v2\/pages\/3319\/revisions"}],"wp:attachment":[{"href":"https:\/\/culturayciencia.org\/litterae\/wp-json\/wp\/v2\/media?parent=3319"}],"curies":[{"name":"wp","href":"https:\/\/api.w.org\/{rel}","templated":true}]}}

Antonio Galán Gall

<section class="wp-block-uagb-columns uagb-columns__wrap uagb-columns__background-undefined uagb-columns__stack-mobile uagb-columns__valign-top uagb-columns__gap-10 alignundefined uagb-block-f75b0833"><div class="uagb-columns__overlay"></div><div class="uagb-columns__inner-wrap uagb-columns__columns-2">
<div class="wp-block-uagb-column uagb-column__wrap uagb-column__background-color uagb-block-ed18fffb"><div class="uagb-column__overlay"></div><div class="uagb-column__inner-wrap">
<div class="wp-block-image is-style-rounded"><figure class="aligncenter size-full"><img loading="lazy" decoding="async" width="393" height="393" src="https://culturayciencia.org/litterae/wp-content/uploads/2022/02/Antonio_Galan_Gall_Litterae.png" alt="" class="wp-image-3317" srcset="https://culturayciencia.org/litterae/wp-content/uploads/2022/02/Antonio_Galan_Gall_Litterae.png 393w, https://culturayciencia.org/litterae/wp-content/uploads/2022/02/Antonio_Galan_Gall_Litterae-300x300.png 300w, https://culturayciencia.org/litterae/wp-content/uploads/2022/02/Antonio_Galan_Gall_Litterae-150x150.png 150w" sizes="auto, (max-width: 393px) 100vw, 393px" /></figure></div>



<h2 class="has-text-align-center has-medium-font-size wp-block-heading" id="antonio-galan-gall"><strong><strong>Antonio Galán Gall</strong></strong></h2>



<p class="has-text-align-center has-vivid-red-color has-text-color">Bibliotecario<br>Escritor</p>
</div></div>



<div class="wp-block-uagb-column uagb-column__wrap uagb-column__background-undefined uagb-block-972f02eb"><div class="uagb-column__overlay"></div><div class="uagb-column__inner-wrap">
<p>Nacido en Ciudad Real en 1964. Licenciado en filosofía por la Universidad de Salamanca. Pertenece al Cuerpo Superior Facultativo de Archivos, Bibliotecas y Museos. En la actualidad dirige el Área de Bibliotecas de la Universidad de Castilla-La Mancha.</p>



<p>Ha publicado ocho novelas: <em>Del breve ejercicio de vivir </em>(2002),<em> ¿Cuál es el problema? </em>(2005),<em> Papaveri </em>(2013, V Premio de Novela Corta El Fungible),<em> Duelos (y también quebrantos) del general Pancho Aguilera </em>(2014),<em> Imagínate lo que dirían </em>(2017),<em> Memorial del niño de la reliquia </em>(2017, XXXIX Premio Carta Puebla, novela corta), <em>El culo del rey </em>(2020), y <em>Babancho</em> (2020, Premio de Novela Breve Tierras de León, 2019). También dos libros de relatos:<em> Algunas muertes tontas </em>(2015),y <em>El afilador (y algunos cuentos más)</em> (2021), así como varios relatos en volúmenes colectivos.</p>



<p>Con motivo del centenario de la muerte de Francisco García Pavón coordinó, junto a Sonia García Soubriet, el volumen de cuentos “A la sombra del maestro 21 escritores se pavonean” y, en 2007, junto a Agustín Muñoz-Alonso, “Francisco García Pavón: el hombre y su obra”.</p>



<p>Durante su recorrido literario ha recibido algunos galardones, como el Premio «El Fungible» de novela breve 2013 por «Papaveri», 39º Premio Carta Puebla, décima edición de novela corta, por Memorial del niño de la reliquia o el VIII premio Tierras de León 2019 por “Babancho”. Además, ha sido finalista del premio Felipe Trigo, el Encina de Plata y algunos otros.</p>
</div></div>
</div></section>
