{"id":3373,"date":"2022-02-24T16:51:02","date_gmt":"2022-02-24T14:51:02","guid":{"rendered":"https:\/\/culturayciencia.org\/litterae\/?page_id=3373"},"modified":"2022-03-09T14:26:41","modified_gmt":"2022-03-09T12:26:41","slug":"miguel-angel-cuevas","status":"publish","type":"page","link":"https:\/\/culturayciencia.org\/litterae\/miguel-angel-cuevas\/","title":{"rendered":"Miguel \u00c1ngel Cuevas"},"content":{"rendered":"\n<section class=\"wp-block-uagb-columns uagb-columns__wrap uagb-columns__background-undefined uagb-columns__stack-mobile uagb-columns__valign-top uagb-columns__gap-10 alignundefined uagb-block-26dfcb90\"><div class=\"uagb-columns__overlay\"><\/div><div class=\"uagb-columns__inner-wrap uagb-columns__columns-2\">\n<div class=\"wp-block-uagb-column uagb-column__wrap uagb-column__background-color uagb-block-9adfbd62\"><div class=\"uagb-column__overlay\"><\/div><div class=\"uagb-column__inner-wrap\">\n<div class=\"wp-block-image is-style-rounded\"><figure class=\"aligncenter size-full\"><img loading=\"lazy\" decoding=\"async\" width=\"393\" height=\"393\" src=\"https:\/\/culturayciencia.org\/litterae\/wp-content\/uploads\/2022\/02\/MIGUEL-ANGEl-CUEVAS_Litterae.png\" alt=\"\" class=\"wp-image-3372\" srcset=\"https:\/\/culturayciencia.org\/litterae\/wp-content\/uploads\/2022\/02\/MIGUEL-ANGEl-CUEVAS_Litterae.png 393w, https:\/\/culturayciencia.org\/litterae\/wp-content\/uploads\/2022\/02\/MIGUEL-ANGEl-CUEVAS_Litterae-300x300.png 300w, https:\/\/culturayciencia.org\/litterae\/wp-content\/uploads\/2022\/02\/MIGUEL-ANGEl-CUEVAS_Litterae-150x150.png 150w\" sizes=\"auto, (max-width: 393px) 100vw, 393px\" \/><\/figure><\/div>\n\n\n\n<h2 class=\"has-text-align-center has-medium-font-size wp-block-heading\"><span style=\"\"><b>Miguel <\/b><\/span><strong><strong>\u00c1ngel Cuevas<\/strong><\/strong><\/h2>\n\n\n\n<p class=\"has-text-align-center has-vivid-red-color has-text-color\">Director Comercial y Audiolibros<\/p>\n<\/div><\/div>\n\n\n\n<div class=\"wp-block-uagb-column uagb-column__wrap uagb-column__background-undefined uagb-block-936fbad4\"><div class=\"uagb-column__overlay\"><\/div><div class=\"uagb-column__inner-wrap\">\n<p>Ha desarrollado su carrera profesional en el \u00e1mbito audiovisual, con mucha cercan\u00eda al mundo del cine y televisi\u00f3n, desde la producci\u00f3n de contenido a la distribuci\u00f3n de este.<\/p>\n\n\n\n<p>Con formaci\u00f3n en Finanzas y Marketing Digital ha desarrollado m\u00faltiples proyectos en contenidos digital.<\/p>\n\n\n\n<p>En 2016 se incorpora al equipo de Eclair &#8211; Tecnison como Director Comercial y dentro de esta empresa, desarrolla la puesta marcha de la divisi\u00f3n de producci\u00f3n de Audiolibros, con estudios de grabaci\u00f3n en Madrid, Barcelona y Valencia y convirti\u00e9ndose la empresa en un referente en la producci\u00f3n de audiolibros, ficciones sonoras y podcast.<\/p>\n\n\n\n<p>En 2021, supervisa el lanzamiento de la divisi\u00f3n de Audiolibros en la filial francesa en Par\u00eds.&nbsp;<\/p>\n\n\n\n<p>Durante este periodo ha conocido todas las necesidades y aspectos que existen en el proceso de producci\u00f3n de un audiolibro, desde el briefing inicial hasta el env\u00edo del m\u00e1ster de audio definitivo.<\/p>\n<\/div><\/div>\n<\/div><\/section>\n\n\n","protected":false},"excerpt":{"rendered":"","protected":false},"author":4,"featured_media":0,"parent":0,"menu_order":0,"comment_status":"closed","ping_status":"closed","template":"","meta":{"_acf_changed":false,"om_disable_all_campaigns":false,"_uag_custom_page_level_css":"","_monsterinsights_skip_tracking":false,"_monsterinsights_sitenote_active":false,"_monsterinsights_sitenote_note":"","_monsterinsights_sitenote_category":0,"_uf_show_specific_survey":0,"_uf_disable_surveys":false,"footnotes":""},"class_list":{"0":"post-3373","1":"page","2":"type-page","3":"status-publish","5":"no-featured-image-padding"},"acf":[],"aioseo_notices":[],"uagb_featured_image_src":{"full":false,"thumbnail":false,"medium":false,"medium_large":false,"large":false,"1536x1536":false,"2048x2048":false},"uagb_author_info":{"display_name":false,"author_link":"https:\/\/culturayciencia.org\/litterae\/author\/librerae\/"},"uagb_comment_info":0,"uagb_excerpt":null,"_links":{"self":[{"href":"https:\/\/culturayciencia.org\/litterae\/wp-json\/wp\/v2\/pages\/3373","targetHints":{"allow":["GET"]}}],"collection":[{"href":"https:\/\/culturayciencia.org\/litterae\/wp-json\/wp\/v2\/pages"}],"about":[{"href":"https:\/\/culturayciencia.org\/litterae\/wp-json\/wp\/v2\/types\/page"}],"author":[{"embeddable":true,"href":"https:\/\/culturayciencia.org\/litterae\/wp-json\/wp\/v2\/users\/4"}],"replies":[{"embeddable":true,"href":"https:\/\/culturayciencia.org\/litterae\/wp-json\/wp\/v2\/comments?post=3373"}],"version-history":[{"count":0,"href":"https:\/\/culturayciencia.org\/litterae\/wp-json\/wp\/v2\/pages\/3373\/revisions"}],"wp:attachment":[{"href":"https:\/\/culturayciencia.org\/litterae\/wp-json\/wp\/v2\/media?parent=3373"}],"curies":[{"name":"wp","href":"https:\/\/api.w.org\/{rel}","templated":true}]}}

Miguel Ángel Cuevas

<section class="wp-block-uagb-columns uagb-columns__wrap uagb-columns__background-undefined uagb-columns__stack-mobile uagb-columns__valign-top uagb-columns__gap-10 alignundefined uagb-block-26dfcb90"><div class="uagb-columns__overlay"></div><div class="uagb-columns__inner-wrap uagb-columns__columns-2">
<div class="wp-block-uagb-column uagb-column__wrap uagb-column__background-color uagb-block-9adfbd62"><div class="uagb-column__overlay"></div><div class="uagb-column__inner-wrap">
<div class="wp-block-image is-style-rounded"><figure class="aligncenter size-full"><img loading="lazy" decoding="async" width="393" height="393" src="https://culturayciencia.org/litterae/wp-content/uploads/2022/02/MIGUEL-ANGEl-CUEVAS_Litterae.png" alt="" class="wp-image-3372" srcset="https://culturayciencia.org/litterae/wp-content/uploads/2022/02/MIGUEL-ANGEl-CUEVAS_Litterae.png 393w, https://culturayciencia.org/litterae/wp-content/uploads/2022/02/MIGUEL-ANGEl-CUEVAS_Litterae-300x300.png 300w, https://culturayciencia.org/litterae/wp-content/uploads/2022/02/MIGUEL-ANGEl-CUEVAS_Litterae-150x150.png 150w" sizes="auto, (max-width: 393px) 100vw, 393px" /></figure></div>



<h2 class="has-text-align-center has-medium-font-size wp-block-heading"><span style=""><b>Miguel </b></span><strong><strong>Ángel Cuevas</strong></strong></h2>



<p class="has-text-align-center has-vivid-red-color has-text-color">Director Comercial y Audiolibros</p>
</div></div>



<div class="wp-block-uagb-column uagb-column__wrap uagb-column__background-undefined uagb-block-936fbad4"><div class="uagb-column__overlay"></div><div class="uagb-column__inner-wrap">
<p>Ha desarrollado su carrera profesional en el ámbito audiovisual, con mucha cercanía al mundo del cine y televisión, desde la producción de contenido a la distribución de este.</p>



<p>Con formación en Finanzas y Marketing Digital ha desarrollado múltiples proyectos en contenidos digital.</p>



<p>En 2016 se incorpora al equipo de Eclair &#8211; Tecnison como Director Comercial y dentro de esta empresa, desarrolla la puesta marcha de la división de producción de Audiolibros, con estudios de grabación en Madrid, Barcelona y Valencia y convirtiéndose la empresa en un referente en la producción de audiolibros, ficciones sonoras y podcast.</p>



<p>En 2021, supervisa el lanzamiento de la división de Audiolibros en la filial francesa en París.&nbsp;</p>



<p>Durante este periodo ha conocido todas las necesidades y aspectos que existen en el proceso de producción de un audiolibro, desde el briefing inicial hasta el envío del máster de audio definitivo.</p>
</div></div>
</div></section>
