{"id":3440,"date":"2022-03-09T14:50:21","date_gmt":"2022-03-09T12:50:21","guid":{"rendered":"https:\/\/culturayciencia.org\/litterae\/?page_id=3440"},"modified":"2022-03-09T14:52:17","modified_gmt":"2022-03-09T12:52:17","slug":"angel-jimenez","status":"publish","type":"page","link":"https:\/\/culturayciencia.org\/litterae\/angel-jimenez\/","title":{"rendered":"\u00c1ngel Jim\u00e9nez"},"content":{"rendered":"\n<section class=\"wp-block-uagb-columns uagb-columns__wrap uagb-columns__background-undefined uagb-columns__stack-mobile uagb-columns__valign-top uagb-columns__gap-10 alignundefined uagb-block-8a729343\"><div class=\"uagb-columns__overlay\"><\/div><div class=\"uagb-columns__inner-wrap uagb-columns__columns-2\">\n<div class=\"wp-block-uagb-column uagb-column__wrap uagb-column__background-color uagb-block-a0aaf064\"><div class=\"uagb-column__overlay\"><\/div><div class=\"uagb-column__inner-wrap\">\n<div class=\"wp-block-image is-style-rounded\"><figure class=\"aligncenter size-full\"><img loading=\"lazy\" decoding=\"async\" width=\"393\" height=\"393\" src=\"https:\/\/culturayciencia.org\/litterae\/wp-content\/uploads\/2022\/03\/Angel_Jimenez_Litterae.png\" alt=\"\" class=\"wp-image-3438\" srcset=\"https:\/\/culturayciencia.org\/litterae\/wp-content\/uploads\/2022\/03\/Angel_Jimenez_Litterae.png 393w, https:\/\/culturayciencia.org\/litterae\/wp-content\/uploads\/2022\/03\/Angel_Jimenez_Litterae-300x300.png 300w, https:\/\/culturayciencia.org\/litterae\/wp-content\/uploads\/2022\/03\/Angel_Jimenez_Litterae-150x150.png 150w\" sizes=\"auto, (max-width: 393px) 100vw, 393px\" \/><\/figure><\/div>\n\n\n\n<h2 class=\"has-text-align-center has-medium-font-size wp-block-heading\"><strong><strong><strong><strong><strong><strong>\u00c1ngel Jim\u00e9nez<\/strong><\/strong><\/strong><\/strong><\/strong><\/strong><\/h2>\n\n\n\n<p class=\"has-text-align-center has-vivid-red-color has-text-color\">Editor<br>\u00c9ride Ediciones<\/p>\n<\/div><\/div>\n\n\n\n<div class=\"wp-block-uagb-column uagb-column__wrap uagb-column__background-undefined uagb-block-7decc9db\"><div class=\"uagb-column__overlay\"><\/div><div class=\"uagb-column__inner-wrap\">\n<p>\u00c1ngel Jim\u00e9nez dise\u00f1ador gr\u00e1fico y editor. Cofundador de 7.0, estudio de dise\u00f1o gr\u00e1fico especializado en campa\u00f1as pol\u00edticas. En 1992 crea y dirige su propia empresa de dise\u00f1o gr\u00e1fico \u00c9ride, S. L. y coordina e imparte clases en los m\u00e1sters de \u00abDise\u00f1o de publicaciones\u00bb e \u00abImagen asistida por ordenador\u00bb del IFE (Centro de Formaci\u00f3n de la C\u00e1mara de Comercio de Madrid). <\/p>\n\n\n\n<p>Desde 1999 se dedica exclusivamente al mundo editorial y para ello funda el sello \u00e9rideediciones. En 2011 crea el sello VdB, especializado en teatro de autores espa\u00f1oles, con las colecciones de Teatro Cl\u00e1sico Siglo XX, Teatro Siglo XXI, Teatro de M\u00e9rida y Nuevo Teatro (obras sin estrenar).<\/p>\n<\/div><\/div>\n<\/div><\/section>\n\n\n","protected":false},"excerpt":{"rendered":"","protected":false},"author":4,"featured_media":0,"parent":0,"menu_order":0,"comment_status":"closed","ping_status":"closed","template":"","meta":{"_acf_changed":false,"om_disable_all_campaigns":false,"_uag_custom_page_level_css":"","_monsterinsights_skip_tracking":false,"_monsterinsights_sitenote_active":false,"_monsterinsights_sitenote_note":"","_monsterinsights_sitenote_category":0,"_uf_show_specific_survey":0,"_uf_disable_surveys":false,"footnotes":""},"class_list":{"0":"post-3440","1":"page","2":"type-page","3":"status-publish","5":"no-featured-image-padding"},"acf":[],"aioseo_notices":[],"uagb_featured_image_src":{"full":false,"thumbnail":false,"medium":false,"medium_large":false,"large":false,"1536x1536":false,"2048x2048":false},"uagb_author_info":{"display_name":false,"author_link":"https:\/\/culturayciencia.org\/litterae\/author\/librerae\/"},"uagb_comment_info":0,"uagb_excerpt":null,"_links":{"self":[{"href":"https:\/\/culturayciencia.org\/litterae\/wp-json\/wp\/v2\/pages\/3440","targetHints":{"allow":["GET"]}}],"collection":[{"href":"https:\/\/culturayciencia.org\/litterae\/wp-json\/wp\/v2\/pages"}],"about":[{"href":"https:\/\/culturayciencia.org\/litterae\/wp-json\/wp\/v2\/types\/page"}],"author":[{"embeddable":true,"href":"https:\/\/culturayciencia.org\/litterae\/wp-json\/wp\/v2\/users\/4"}],"replies":[{"embeddable":true,"href":"https:\/\/culturayciencia.org\/litterae\/wp-json\/wp\/v2\/comments?post=3440"}],"version-history":[{"count":0,"href":"https:\/\/culturayciencia.org\/litterae\/wp-json\/wp\/v2\/pages\/3440\/revisions"}],"wp:attachment":[{"href":"https:\/\/culturayciencia.org\/litterae\/wp-json\/wp\/v2\/media?parent=3440"}],"curies":[{"name":"wp","href":"https:\/\/api.w.org\/{rel}","templated":true}]}}

Ángel Jiménez

<section class="wp-block-uagb-columns uagb-columns__wrap uagb-columns__background-undefined uagb-columns__stack-mobile uagb-columns__valign-top uagb-columns__gap-10 alignundefined uagb-block-8a729343"><div class="uagb-columns__overlay"></div><div class="uagb-columns__inner-wrap uagb-columns__columns-2">
<div class="wp-block-uagb-column uagb-column__wrap uagb-column__background-color uagb-block-a0aaf064"><div class="uagb-column__overlay"></div><div class="uagb-column__inner-wrap">
<div class="wp-block-image is-style-rounded"><figure class="aligncenter size-full"><img loading="lazy" decoding="async" width="393" height="393" src="https://culturayciencia.org/litterae/wp-content/uploads/2022/03/Angel_Jimenez_Litterae.png" alt="" class="wp-image-3438" srcset="https://culturayciencia.org/litterae/wp-content/uploads/2022/03/Angel_Jimenez_Litterae.png 393w, https://culturayciencia.org/litterae/wp-content/uploads/2022/03/Angel_Jimenez_Litterae-300x300.png 300w, https://culturayciencia.org/litterae/wp-content/uploads/2022/03/Angel_Jimenez_Litterae-150x150.png 150w" sizes="auto, (max-width: 393px) 100vw, 393px" /></figure></div>



<h2 class="has-text-align-center has-medium-font-size wp-block-heading"><strong><strong><strong><strong><strong><strong>Ángel Jiménez</strong></strong></strong></strong></strong></strong></h2>



<p class="has-text-align-center has-vivid-red-color has-text-color">Editor<br>Éride Ediciones</p>
</div></div>



<div class="wp-block-uagb-column uagb-column__wrap uagb-column__background-undefined uagb-block-7decc9db"><div class="uagb-column__overlay"></div><div class="uagb-column__inner-wrap">
<p>Ángel Jiménez diseñador gráfico y editor. Cofundador de 7.0, estudio de diseño gráfico especializado en campañas políticas. En 1992 crea y dirige su propia empresa de diseño gráfico Éride, S. L. y coordina e imparte clases en los másters de «Diseño de publicaciones» e «Imagen asistida por ordenador» del IFE (Centro de Formación de la Cámara de Comercio de Madrid). </p>



<p>Desde 1999 se dedica exclusivamente al mundo editorial y para ello funda el sello érideediciones. En 2011 crea el sello VdB, especializado en teatro de autores españoles, con las colecciones de Teatro Clásico Siglo XX, Teatro Siglo XXI, Teatro de Mérida y Nuevo Teatro (obras sin estrenar).</p>
</div></div>
</div></section>
