{"id":3479,"date":"2022-03-17T14:39:46","date_gmt":"2022-03-17T12:39:46","guid":{"rendered":"https:\/\/culturayciencia.org\/litterae\/?page_id=3479"},"modified":"2022-03-17T14:47:04","modified_gmt":"2022-03-17T12:47:04","slug":"carmen-cuartero-lopez","status":"publish","type":"page","link":"https:\/\/culturayciencia.org\/litterae\/carmen-cuartero-lopez\/","title":{"rendered":"Carmen Cuartero\u00a0L\u00f3pez"},"content":{"rendered":"\n<section class=\"wp-block-uagb-columns uagb-columns__wrap uagb-columns__background-undefined uagb-columns__stack-mobile uagb-columns__valign-top uagb-columns__gap-10 alignundefined uagb-block-366bf040\"><div class=\"uagb-columns__overlay\"><\/div><div class=\"uagb-columns__inner-wrap uagb-columns__columns-2\">\n<div class=\"wp-block-uagb-column uagb-column__wrap uagb-column__background-color uagb-block-2b215122\"><div class=\"uagb-column__overlay\"><\/div><div class=\"uagb-column__inner-wrap\">\n<div class=\"wp-block-image is-style-rounded\"><figure class=\"aligncenter size-full\"><img loading=\"lazy\" decoding=\"async\" width=\"393\" height=\"393\" src=\"https:\/\/culturayciencia.org\/litterae\/wp-content\/uploads\/2022\/03\/Carmen_Cuartero_Lopez_Litterae.png\" alt=\"\" class=\"wp-image-3476\" srcset=\"https:\/\/culturayciencia.org\/litterae\/wp-content\/uploads\/2022\/03\/Carmen_Cuartero_Lopez_Litterae.png 393w, https:\/\/culturayciencia.org\/litterae\/wp-content\/uploads\/2022\/03\/Carmen_Cuartero_Lopez_Litterae-300x300.png 300w, https:\/\/culturayciencia.org\/litterae\/wp-content\/uploads\/2022\/03\/Carmen_Cuartero_Lopez_Litterae-150x150.png 150w\" sizes=\"auto, (max-width: 393px) 100vw, 393px\" \/><\/figure><\/div>\n\n\n\n<h2 class=\"has-text-align-center has-medium-font-size wp-block-heading\"><strong><strong><strong><strong><strong><strong>Carmen Cuartero&nbsp;L\u00f3pez<\/strong><\/strong><\/strong><\/strong><\/strong><\/strong><\/h2>\n\n\n\n<p class=\"has-text-align-center has-vivid-red-color has-text-color\">CEDRO<\/p>\n<\/div><\/div>\n\n\n\n<div class=\"wp-block-uagb-column uagb-column__wrap uagb-column__background-undefined uagb-block-8dad103d\"><div class=\"uagb-column__overlay\"><\/div><div class=\"uagb-column__inner-wrap\">\n<p>Profesional del mundo de la comunicaci\u00f3n en el \u00e1mbito cultural desde hace m\u00e1s de 20 a\u00f1os. Licenciada en Ciencias de la Informaci\u00f3n, rama periodismo, por la Universidad Complutense de Madrid. Complet\u00f3 su formaci\u00f3n con un PG Gesti\u00f3n Empresarial y Direcci\u00f3n de Comunicaci\u00f3n y Postgrado en Marketing Estrat\u00e9gico y Digital, ambos en el Instituto de Empresa, as\u00ed como un Postgrado de Direcci\u00f3n de Asuntos P\u00fablicos, en la Universidad Pontificia Comillas.&nbsp;<\/p>\n\n\n\n<p>Es Directora de Comunicaci\u00f3n, Marketing y Relaciones Institucionales de CEDRO y desde hace varios a\u00f1os dirige y presenta el programa sobre derechos de autor del sector Creando que es gerundio, en Radio 5. Ha participado en reuniones y congresos nacionales e internacionales para hablar sobre propiedad intelectual, autora de art\u00edculos sobre la materia y responsable de diversos proyectos de sensibilizaci\u00f3n social sobre derechos de autor.&nbsp;<\/p>\n<\/div><\/div>\n<\/div><\/section>\n\n\n","protected":false},"excerpt":{"rendered":"","protected":false},"author":4,"featured_media":0,"parent":0,"menu_order":0,"comment_status":"closed","ping_status":"closed","template":"","meta":{"_acf_changed":false,"om_disable_all_campaigns":false,"_uag_custom_page_level_css":"","_monsterinsights_skip_tracking":false,"_monsterinsights_sitenote_active":false,"_monsterinsights_sitenote_note":"","_monsterinsights_sitenote_category":0,"_uf_show_specific_survey":0,"_uf_disable_surveys":false,"footnotes":""},"class_list":{"0":"post-3479","1":"page","2":"type-page","3":"status-publish","5":"no-featured-image-padding"},"acf":[],"aioseo_notices":[],"uagb_featured_image_src":{"full":false,"thumbnail":false,"medium":false,"medium_large":false,"large":false,"1536x1536":false,"2048x2048":false},"uagb_author_info":{"display_name":false,"author_link":"https:\/\/culturayciencia.org\/litterae\/author\/librerae\/"},"uagb_comment_info":0,"uagb_excerpt":null,"_links":{"self":[{"href":"https:\/\/culturayciencia.org\/litterae\/wp-json\/wp\/v2\/pages\/3479","targetHints":{"allow":["GET"]}}],"collection":[{"href":"https:\/\/culturayciencia.org\/litterae\/wp-json\/wp\/v2\/pages"}],"about":[{"href":"https:\/\/culturayciencia.org\/litterae\/wp-json\/wp\/v2\/types\/page"}],"author":[{"embeddable":true,"href":"https:\/\/culturayciencia.org\/litterae\/wp-json\/wp\/v2\/users\/4"}],"replies":[{"embeddable":true,"href":"https:\/\/culturayciencia.org\/litterae\/wp-json\/wp\/v2\/comments?post=3479"}],"version-history":[{"count":0,"href":"https:\/\/culturayciencia.org\/litterae\/wp-json\/wp\/v2\/pages\/3479\/revisions"}],"wp:attachment":[{"href":"https:\/\/culturayciencia.org\/litterae\/wp-json\/wp\/v2\/media?parent=3479"}],"curies":[{"name":"wp","href":"https:\/\/api.w.org\/{rel}","templated":true}]}}

Carmen Cuartero López

<section class="wp-block-uagb-columns uagb-columns__wrap uagb-columns__background-undefined uagb-columns__stack-mobile uagb-columns__valign-top uagb-columns__gap-10 alignundefined uagb-block-366bf040"><div class="uagb-columns__overlay"></div><div class="uagb-columns__inner-wrap uagb-columns__columns-2">
<div class="wp-block-uagb-column uagb-column__wrap uagb-column__background-color uagb-block-2b215122"><div class="uagb-column__overlay"></div><div class="uagb-column__inner-wrap">
<div class="wp-block-image is-style-rounded"><figure class="aligncenter size-full"><img loading="lazy" decoding="async" width="393" height="393" src="https://culturayciencia.org/litterae/wp-content/uploads/2022/03/Carmen_Cuartero_Lopez_Litterae.png" alt="" class="wp-image-3476" srcset="https://culturayciencia.org/litterae/wp-content/uploads/2022/03/Carmen_Cuartero_Lopez_Litterae.png 393w, https://culturayciencia.org/litterae/wp-content/uploads/2022/03/Carmen_Cuartero_Lopez_Litterae-300x300.png 300w, https://culturayciencia.org/litterae/wp-content/uploads/2022/03/Carmen_Cuartero_Lopez_Litterae-150x150.png 150w" sizes="auto, (max-width: 393px) 100vw, 393px" /></figure></div>



<h2 class="has-text-align-center has-medium-font-size wp-block-heading"><strong><strong><strong><strong><strong><strong>Carmen Cuartero&nbsp;López</strong></strong></strong></strong></strong></strong></h2>



<p class="has-text-align-center has-vivid-red-color has-text-color">CEDRO</p>
</div></div>



<div class="wp-block-uagb-column uagb-column__wrap uagb-column__background-undefined uagb-block-8dad103d"><div class="uagb-column__overlay"></div><div class="uagb-column__inner-wrap">
<p>Profesional del mundo de la comunicación en el ámbito cultural desde hace más de 20 años. Licenciada en Ciencias de la Información, rama periodismo, por la Universidad Complutense de Madrid. Completó su formación con un PG Gestión Empresarial y Dirección de Comunicación y Postgrado en Marketing Estratégico y Digital, ambos en el Instituto de Empresa, así como un Postgrado de Dirección de Asuntos Públicos, en la Universidad Pontificia Comillas.&nbsp;</p>



<p>Es Directora de Comunicación, Marketing y Relaciones Institucionales de CEDRO y desde hace varios años dirige y presenta el programa sobre derechos de autor del sector Creando que es gerundio, en Radio 5. Ha participado en reuniones y congresos nacionales e internacionales para hablar sobre propiedad intelectual, autora de artículos sobre la materia y responsable de diversos proyectos de sensibilización social sobre derechos de autor.&nbsp;</p>
</div></div>
</div></section>
