{"id":400,"date":"2019-09-04T18:23:02","date_gmt":"2019-09-04T16:23:02","guid":{"rendered":"https:\/\/culturayciencia.org\/litterae\/?page_id=400"},"modified":"2023-08-02T11:06:03","modified_gmt":"2023-08-02T09:06:03","slug":"arturo-tendero","status":"publish","type":"page","link":"https:\/\/culturayciencia.org\/litterae\/arturo-tendero\/","title":{"rendered":"Arturo Tendero"},"content":{"rendered":"\n<section class=\"wp-block-uagb-columns uagb-columns__wrap uagb-columns__background-none uagb-columns__stack-mobile uagb-columns__valign-top uagb-columns__gap-10 align uagb-block-bd842cd7 uagb-columns__columns-2 uagb-columns__max_width-theme\"><div class=\"uagb-columns__overlay\"><\/div><div class=\"uagb-columns__inner-wrap uagb-columns__columns-2\">\n<div class=\"wp-block-uagb-column uagb-column__wrap uagb-column__background-color uagb-block-d9c36e12\"><div class=\"uagb-column__overlay\"><\/div><div class=\"wp-block-image is-style-rounded\">\n<figure class=\"aligncenter size-full\"><img loading=\"lazy\" decoding=\"async\" width=\"417\" height=\"449\" src=\"https:\/\/culturayciencia.org\/litterae\/wp-content\/uploads\/2023\/07\/Arturo_Tendero_Litterae_02.jpg\" alt=\"\" class=\"wp-image-4188\" srcset=\"https:\/\/culturayciencia.org\/litterae\/wp-content\/uploads\/2023\/07\/Arturo_Tendero_Litterae_02.jpg 417w, https:\/\/culturayciencia.org\/litterae\/wp-content\/uploads\/2023\/07\/Arturo_Tendero_Litterae_02-279x300.jpg 279w\" sizes=\"auto, (max-width: 417px) 100vw, 417px\" \/><\/figure>\n<\/div>\n\n\n<h2 class=\"wp-block-heading has-text-align-center has-medium-font-size\"><strong>Arturo Tendero<\/strong> <strong>L\u00f3pez<\/strong><\/h2>\n\n\n\n<p class=\"has-text-align-center has-vivid-red-color has-text-color\">Escritor.<br>Cr\u00edtico literario<\/p>\n<\/div>\n\n\n\n<div class=\"wp-block-uagb-column uagb-column__wrap uagb-column__background-undefined uagb-block-fe20804a\"><div class=\"uagb-column__overlay\"><\/div>\n<p>Periodista, escritor y cr\u00edtico literario en&nbsp;<em>Infolibre<\/em>&nbsp;y&nbsp;<em>El Mundanal Ruido<\/em>. Acaba de publicar&nbsp;<em>El principio del vuelo<\/em>&nbsp;(P\u00e1ramo). <strong><\/strong><\/p>\n\n\n\n<p>Nacido en Albacete en 1961, estudi\u00f3 Periodismo y Teatro, y durante m\u00e1s de treinta a\u00f1os ha ejercido como profesor de Educaci\u00f3n F\u00edsica.<\/p>\n\n\n\n<p>Como poeta ha publicado <em>Una senda de aldeas cotidianas<\/em> (1991), <em>Las aves sin due\u00f1o<\/em> (2000), <em>Adel\u00e1ntate a toda despedida<\/em> (2005), <em>La memoria del visionario<\/em> (2006), <em>Cosas que apenas pasan<\/em> (2008), <em>Alguien queda<\/em> (2013) y <em>El otro ser<\/em> (2018). En este g\u00e9nero ha obtenido, entre otros galardones, los premios Ja\u00e9n, Gerardo Diego, Manuel Alc\u00e1ntara y Jos\u00e9 Agust\u00edn Goytisolo.<\/p>\n\n\n\n<p>Adem\u00e1s ha publicado libros de relatos (<em>La hora m\u00e1s peligrosa del d\u00eda<\/em>), de art\u00edculos period\u00edsticos (<em>Chinchilla mon amour<\/em>, <em>Albacete entre huellas y ra\u00edces<\/em>) y ha estrenado varias obras teatrales propias (<em>Un caf\u00e9 bien cargado<\/em>, <em>Padres Putativos<\/em>) y versionadas (<em>El mercader de Venecia<\/em>). Ejerce la cr\u00edtica literaria en <em>InfoLibre<\/em>, <em>La Tribuna de Albacete<\/em> y el blog <em>El mundanal ruido<\/em>.<\/p>\n\n\n\n<p>Confund\u00f3 el proyecto cultural <em>La siesta del lobo<\/em>, que act\u00faa como dinamizador de actividades, ha editado veinte n\u00fameros de su revista de arte y literatura, y ha sacado a la luz m\u00e1s de medio centenar de t\u00edtulos.<\/p>\n\n\n\n<p>Organiza las jornadas <em>Poes\u00eda Viva<\/em> en las primaveras de Albacete.<\/p>\n\n\n\n<p>Fue alcalde de Chinchilla en 2013.<\/p>\n\n\n\n<p>M\u00e1s datos en su bit\u00e1cora: http:\/\/aarturotendero.blogspot.com\/<\/p>\n<\/div>\n<\/div><\/section>\n\n\n","protected":false},"excerpt":{"rendered":"","protected":false},"author":4,"featured_media":0,"parent":0,"menu_order":0,"comment_status":"closed","ping_status":"closed","template":"","meta":{"_acf_changed":false,"om_disable_all_campaigns":false,"_uag_custom_page_level_css":"","_monsterinsights_skip_tracking":false,"_monsterinsights_sitenote_active":false,"_monsterinsights_sitenote_note":"","_monsterinsights_sitenote_category":0,"_uf_show_specific_survey":0,"_uf_disable_surveys":false,"footnotes":""},"class_list":{"0":"post-400","1":"page","2":"type-page","3":"status-publish","5":"no-featured-image-padding"},"acf":[],"aioseo_notices":[],"uagb_featured_image_src":{"full":false,"thumbnail":false,"medium":false,"medium_large":false,"large":false,"1536x1536":false,"2048x2048":false},"uagb_author_info":{"display_name":false,"author_link":"https:\/\/culturayciencia.org\/litterae\/author\/librerae\/"},"uagb_comment_info":0,"uagb_excerpt":null,"_links":{"self":[{"href":"https:\/\/culturayciencia.org\/litterae\/wp-json\/wp\/v2\/pages\/400","targetHints":{"allow":["GET"]}}],"collection":[{"href":"https:\/\/culturayciencia.org\/litterae\/wp-json\/wp\/v2\/pages"}],"about":[{"href":"https:\/\/culturayciencia.org\/litterae\/wp-json\/wp\/v2\/types\/page"}],"author":[{"embeddable":true,"href":"https:\/\/culturayciencia.org\/litterae\/wp-json\/wp\/v2\/users\/4"}],"replies":[{"embeddable":true,"href":"https:\/\/culturayciencia.org\/litterae\/wp-json\/wp\/v2\/comments?post=400"}],"version-history":[{"count":0,"href":"https:\/\/culturayciencia.org\/litterae\/wp-json\/wp\/v2\/pages\/400\/revisions"}],"wp:attachment":[{"href":"https:\/\/culturayciencia.org\/litterae\/wp-json\/wp\/v2\/media?parent=400"}],"curies":[{"name":"wp","href":"https:\/\/api.w.org\/{rel}","templated":true}]}}