{"id":4063,"date":"2023-06-01T15:35:46","date_gmt":"2023-06-01T13:35:46","guid":{"rendered":"https:\/\/culturayciencia.org\/litterae\/?page_id=4063"},"modified":"2023-08-02T14:33:12","modified_gmt":"2023-08-02T12:33:12","slug":"humberto-miro","status":"publish","type":"page","link":"https:\/\/culturayciencia.org\/litterae\/humberto-miro\/","title":{"rendered":"Humberto Mir\u00f3"},"content":{"rendered":"\n<section class=\"wp-block-uagb-columns uagb-columns__wrap uagb-columns__background-none uagb-columns__stack-mobile uagb-columns__valign-top uagb-columns__gap-10 align uagb-block-bced691b uagb-columns__columns-2 uagb-columns__max_width-theme\"><div class=\"uagb-columns__overlay\"><\/div><div class=\"uagb-columns__inner-wrap uagb-columns__columns-2\">\n<div class=\"wp-block-uagb-column uagb-column__wrap uagb-column__background-color uagb-block-28ef68db\"><div class=\"uagb-column__overlay\"><\/div><div class=\"wp-block-image is-style-rounded\">\n<figure class=\"aligncenter size-full\"><img loading=\"lazy\" decoding=\"async\" width=\"417\" height=\"449\" src=\"https:\/\/culturayciencia.org\/litterae\/wp-content\/uploads\/2023\/07\/Humberto_miro_litteeraae.jpg\" alt=\"\" class=\"wp-image-4200\" srcset=\"https:\/\/culturayciencia.org\/litterae\/wp-content\/uploads\/2023\/07\/Humberto_miro_litteeraae.jpg 417w, https:\/\/culturayciencia.org\/litterae\/wp-content\/uploads\/2023\/07\/Humberto_miro_litteeraae-279x300.jpg 279w\" sizes=\"auto, (max-width: 417px) 100vw, 417px\" \/><\/figure>\n<\/div>\n\n\n<h2 class=\"wp-block-heading has-text-align-center has-medium-font-size\"><strong><strong><strong>Humberto Mir\u00f3<\/strong><\/strong><\/strong><\/h2>\n\n\n\n<p class=\"has-text-align-center has-vivid-red-color has-text-color\">Producci\u00f3n Ejecutiva de Ficci\u00f3n.<br>Boomerang TV Producciones<\/p>\n<\/div>\n\n\n\n<div class=\"wp-block-uagb-column uagb-column__wrap uagb-column__background-undefined uagb-block-25775d67\"><div class=\"uagb-column__overlay\"><\/div>\n<p>Humberto Mir\u00f3 tiene una amplia experiencia en el sector audiovisual donde ha ejercido como director, guionista y productor ejecutivo.<\/p>\n\n\n\n<p>En 2015 se incorpor\u00f3 a Boomerang TV donde empez\u00f3 a trabajar como director en \u201cAcacias 38\u201d, serie diaria de la sobremesa de TVE donde compagin\u00f3 la labor de direcci\u00f3n con la producci\u00f3n ejecutiva de esta ficci\u00f3n que estuvo m\u00e1s de cinco a\u00f1os en antena cosechando grandes \u00e9xitos.<\/p>\n\n\n\n<p>En los \u00faltimos a\u00f1os ha dirigido la serie \u201cAlba\u201d, basada en la serie turca \u201cFatmagul\u201d, que ha triunfado en Antena 3 y m\u00e1s recientemente en Netflix. Tambi\u00e9n ha dirigido la serie de Netflix \u201cSi lo hubiera sabido\u201d y ha estado al frente de \u201cEntre tierras\u201d, ficci\u00f3n protagonizada por Megan Montaner y Unax Ugalde que se estrenar\u00e1 pr\u00f3ximamente en Atresplayer y Antena 3.<\/p>\n\n\n\n<p>Actualmente, Mir\u00f3 est\u00e1 al frente de \u201cSal\u00f3n de t\u00e9. La Moderna\u201d, la nueva serie diaria para las tardes de TVE que est\u00e1 basada en la novela \u201cTea rooms\u201d de Luisa Carn\u00e9s, una de las escritoras de la Generaci\u00f3n del 27.<\/p>\n<\/div>\n<\/div><\/section>\n\n\n","protected":false},"excerpt":{"rendered":"","protected":false},"author":4,"featured_media":0,"parent":0,"menu_order":0,"comment_status":"closed","ping_status":"closed","template":"","meta":{"_acf_changed":false,"om_disable_all_campaigns":false,"_uag_custom_page_level_css":"","_monsterinsights_skip_tracking":false,"_monsterinsights_sitenote_active":false,"_monsterinsights_sitenote_note":"","_monsterinsights_sitenote_category":0,"_uf_show_specific_survey":0,"_uf_disable_surveys":false,"footnotes":""},"class_list":{"0":"post-4063","1":"page","2":"type-page","3":"status-publish","5":"no-featured-image-padding"},"acf":[],"aioseo_notices":[],"uagb_featured_image_src":{"full":false,"thumbnail":false,"medium":false,"medium_large":false,"large":false,"1536x1536":false,"2048x2048":false},"uagb_author_info":{"display_name":false,"author_link":"https:\/\/culturayciencia.org\/litterae\/author\/librerae\/"},"uagb_comment_info":0,"uagb_excerpt":null,"_links":{"self":[{"href":"https:\/\/culturayciencia.org\/litterae\/wp-json\/wp\/v2\/pages\/4063","targetHints":{"allow":["GET"]}}],"collection":[{"href":"https:\/\/culturayciencia.org\/litterae\/wp-json\/wp\/v2\/pages"}],"about":[{"href":"https:\/\/culturayciencia.org\/litterae\/wp-json\/wp\/v2\/types\/page"}],"author":[{"embeddable":true,"href":"https:\/\/culturayciencia.org\/litterae\/wp-json\/wp\/v2\/users\/4"}],"replies":[{"embeddable":true,"href":"https:\/\/culturayciencia.org\/litterae\/wp-json\/wp\/v2\/comments?post=4063"}],"version-history":[{"count":0,"href":"https:\/\/culturayciencia.org\/litterae\/wp-json\/wp\/v2\/pages\/4063\/revisions"}],"wp:attachment":[{"href":"https:\/\/culturayciencia.org\/litterae\/wp-json\/wp\/v2\/media?parent=4063"}],"curies":[{"name":"wp","href":"https:\/\/api.w.org\/{rel}","templated":true}]}}