{"id":4073,"date":"2023-06-01T15:53:47","date_gmt":"2023-06-01T13:53:47","guid":{"rendered":"https:\/\/culturayciencia.org\/litterae\/?page_id=4073"},"modified":"2023-07-17T13:02:48","modified_gmt":"2023-07-17T11:02:48","slug":"valentina-pozzoli","status":"publish","type":"page","link":"https:\/\/culturayciencia.org\/litterae\/valentina-pozzoli\/","title":{"rendered":"Valentina Pozzoli"},"content":{"rendered":"\n<section class=\"wp-block-uagb-columns uagb-columns__wrap uagb-columns__background-none uagb-columns__stack-mobile uagb-columns__valign-top uagb-columns__gap-10 align uagb-block-47bd8672 uagb-columns__columns-2 uagb-columns__max_width-theme\"><div class=\"uagb-columns__overlay\"><\/div><div class=\"uagb-columns__inner-wrap uagb-columns__columns-2\">\n<div class=\"wp-block-uagb-column uagb-column__wrap uagb-column__background-color uagb-block-1c43c0c6\"><div class=\"uagb-column__overlay\"><\/div><div class=\"wp-block-image is-style-rounded\">\n<figure class=\"aligncenter size-full\"><img loading=\"lazy\" decoding=\"async\" width=\"417\" height=\"449\" src=\"https:\/\/culturayciencia.org\/litterae\/wp-content\/uploads\/2023\/06\/Valentina_pozzolii_Litterae_02.jpg\" alt=\"\" class=\"wp-image-4072\" srcset=\"https:\/\/culturayciencia.org\/litterae\/wp-content\/uploads\/2023\/06\/Valentina_pozzolii_Litterae_02.jpg 417w, https:\/\/culturayciencia.org\/litterae\/wp-content\/uploads\/2023\/06\/Valentina_pozzolii_Litterae_02-279x300.jpg 279w\" sizes=\"auto, (max-width: 417px) 100vw, 417px\" \/><\/figure>\n<\/div>\n\n\n<h2 class=\"wp-block-heading has-text-align-center has-medium-font-size\"><strong><strong>Valentina Pozzoli<\/strong><\/strong><\/h2>\n\n\n\n<p class=\"has-text-align-center has-vivid-red-color has-text-color\">Onza\u00a0TV<\/p>\n<\/div>\n\n\n\n<div class=\"wp-block-uagb-column uagb-column__wrap uagb-column__background-undefined uagb-block-b7cb55a9\"><div class=\"uagb-column__overlay\"><\/div>\n<p>Licenciada en Filosof\u00eda y Letras y con un m\u00e1ster en Guion y Producci\u00f3n Televisiva, Valentina Pozzoli empez\u00f3 su trayectoria profesional en 2005 en el departamento internacional de ficci\u00f3n de Lux Vide, como story editor en \u201cJuan Pablo II\u201d y la miniserie \u201cGuerra y Paz\u201d.<\/p>\n\n\n\n<p>En 2007, se mud\u00f3 a Los \u00c1ngeles para trabajar en el departamento de desarrollo de la productora independiente Hero Pictures.<\/p>\n\n\n\n<p>Dos a\u00f1os despu\u00e9s, en 2009, regres\u00f3 a Roma para llevar el departamento de cine de Lux Vide, produciendo el largometraje \u201cBlanca como la nieve, roja como la sangre\u201d. En 2021, se uni\u00f3 al departamento de podcast de la compa\u00f1\u00eda.<\/p>\n\n\n\n<p>En julio de ese mismo a\u00f1o se incorpor\u00f3 a Onza como directora de Desarrollo y de Coproducciones Internacionales.<\/p>\n<\/div>\n<\/div><\/section>\n\n\n","protected":false},"excerpt":{"rendered":"","protected":false},"author":4,"featured_media":0,"parent":0,"menu_order":0,"comment_status":"closed","ping_status":"closed","template":"","meta":{"_acf_changed":false,"om_disable_all_campaigns":false,"_uag_custom_page_level_css":"","_monsterinsights_skip_tracking":false,"_monsterinsights_sitenote_active":false,"_monsterinsights_sitenote_note":"","_monsterinsights_sitenote_category":0,"_uf_show_specific_survey":0,"_uf_disable_surveys":false,"footnotes":""},"class_list":{"0":"post-4073","1":"page","2":"type-page","3":"status-publish","5":"no-featured-image-padding"},"acf":[],"aioseo_notices":[],"uagb_featured_image_src":{"full":false,"thumbnail":false,"medium":false,"medium_large":false,"large":false,"1536x1536":false,"2048x2048":false},"uagb_author_info":{"display_name":false,"author_link":"https:\/\/culturayciencia.org\/litterae\/author\/librerae\/"},"uagb_comment_info":0,"uagb_excerpt":null,"_links":{"self":[{"href":"https:\/\/culturayciencia.org\/litterae\/wp-json\/wp\/v2\/pages\/4073","targetHints":{"allow":["GET"]}}],"collection":[{"href":"https:\/\/culturayciencia.org\/litterae\/wp-json\/wp\/v2\/pages"}],"about":[{"href":"https:\/\/culturayciencia.org\/litterae\/wp-json\/wp\/v2\/types\/page"}],"author":[{"embeddable":true,"href":"https:\/\/culturayciencia.org\/litterae\/wp-json\/wp\/v2\/users\/4"}],"replies":[{"embeddable":true,"href":"https:\/\/culturayciencia.org\/litterae\/wp-json\/wp\/v2\/comments?post=4073"}],"version-history":[{"count":0,"href":"https:\/\/culturayciencia.org\/litterae\/wp-json\/wp\/v2\/pages\/4073\/revisions"}],"wp:attachment":[{"href":"https:\/\/culturayciencia.org\/litterae\/wp-json\/wp\/v2\/media?parent=4073"}],"curies":[{"name":"wp","href":"https:\/\/api.w.org\/{rel}","templated":true}]}}