{"id":4076,"date":"2023-06-01T15:59:23","date_gmt":"2023-06-01T13:59:23","guid":{"rendered":"https:\/\/culturayciencia.org\/litterae\/?page_id=4076"},"modified":"2023-07-17T13:03:30","modified_gmt":"2023-07-17T11:03:30","slug":"pedro-meseguer","status":"publish","type":"page","link":"https:\/\/culturayciencia.org\/litterae\/pedro-meseguer\/","title":{"rendered":"Pedro Meseguer"},"content":{"rendered":"\n<section class=\"wp-block-uagb-columns uagb-columns__wrap uagb-columns__background-none uagb-columns__stack-mobile uagb-columns__valign-top uagb-columns__gap-10 align uagb-block-3603e869 uagb-columns__columns-2 uagb-columns__max_width-theme\"><div class=\"uagb-columns__overlay\"><\/div><div class=\"uagb-columns__inner-wrap uagb-columns__columns-2\">\n<div class=\"wp-block-uagb-column uagb-column__wrap uagb-column__background-color uagb-block-fb54fcd0\"><div class=\"uagb-column__overlay\"><\/div><div class=\"wp-block-image is-style-rounded\">\n<figure class=\"aligncenter size-full\"><img loading=\"lazy\" decoding=\"async\" width=\"417\" height=\"449\" src=\"https:\/\/culturayciencia.org\/litterae\/wp-content\/uploads\/2023\/06\/Pedro_Meseguer_Litterae.jpg\" alt=\"\" class=\"wp-image-4075\" srcset=\"https:\/\/culturayciencia.org\/litterae\/wp-content\/uploads\/2023\/06\/Pedro_Meseguer_Litterae.jpg 417w, https:\/\/culturayciencia.org\/litterae\/wp-content\/uploads\/2023\/06\/Pedro_Meseguer_Litterae-279x300.jpg 279w\" sizes=\"auto, (max-width: 417px) 100vw, 417px\" \/><\/figure>\n<\/div>\n\n\n<h2 class=\"wp-block-heading has-text-align-center has-medium-font-size\"><strong><strong>Pedro Meseguer<\/strong><\/strong><\/h2>\n\n\n\n<p class=\"has-text-align-center has-vivid-red-color has-text-color\">CSIC IIIA<\/p>\n<\/div>\n\n\n\n<div class=\"wp-block-uagb-column uagb-column__wrap uagb-column__background-undefined uagb-block-3b35a79f\"><div class=\"uagb-column__overlay\"><\/div>\n<p>Investigador cient\u00edfico del CSIC en el IIIA. Licenciado en Ciencias F\u00edsicas y en Inform\u00e1tica, se doctor\u00f3 en la UPC en 1992. Su trabajo de investigaci\u00f3n se ha centrado en razonamiento con restricciones y en b\u00fasqueda heur\u00edstica, temas sobre los que ha realizado numerosas publicaciones. Ha participado en diversos proyectos de investigaci\u00f3n, y ha desarrollado tareas editoriales en revistas especializadas. En paralelo a su trabajo de investigaci\u00f3n, ha realizado varias tareas docentes, de direcci\u00f3n de tesis doctorales y de servicio a la comunidad de IA. Es EurAI fellow. Adem\u00e1s, se a\u00f1ade su inter\u00e9s reciente por la divulgaci\u00f3n cient\u00edfica.<\/p>\n<\/div>\n<\/div><\/section>\n\n\n","protected":false},"excerpt":{"rendered":"","protected":false},"author":4,"featured_media":0,"parent":0,"menu_order":0,"comment_status":"closed","ping_status":"closed","template":"","meta":{"_acf_changed":false,"om_disable_all_campaigns":false,"_uag_custom_page_level_css":"","_monsterinsights_skip_tracking":false,"_monsterinsights_sitenote_active":false,"_monsterinsights_sitenote_note":"","_monsterinsights_sitenote_category":0,"_uf_show_specific_survey":0,"_uf_disable_surveys":false,"footnotes":""},"class_list":{"0":"post-4076","1":"page","2":"type-page","3":"status-publish","5":"no-featured-image-padding"},"acf":[],"aioseo_notices":[],"uagb_featured_image_src":{"full":false,"thumbnail":false,"medium":false,"medium_large":false,"large":false,"1536x1536":false,"2048x2048":false},"uagb_author_info":{"display_name":false,"author_link":"https:\/\/culturayciencia.org\/litterae\/author\/librerae\/"},"uagb_comment_info":0,"uagb_excerpt":null,"_links":{"self":[{"href":"https:\/\/culturayciencia.org\/litterae\/wp-json\/wp\/v2\/pages\/4076","targetHints":{"allow":["GET"]}}],"collection":[{"href":"https:\/\/culturayciencia.org\/litterae\/wp-json\/wp\/v2\/pages"}],"about":[{"href":"https:\/\/culturayciencia.org\/litterae\/wp-json\/wp\/v2\/types\/page"}],"author":[{"embeddable":true,"href":"https:\/\/culturayciencia.org\/litterae\/wp-json\/wp\/v2\/users\/4"}],"replies":[{"embeddable":true,"href":"https:\/\/culturayciencia.org\/litterae\/wp-json\/wp\/v2\/comments?post=4076"}],"version-history":[{"count":0,"href":"https:\/\/culturayciencia.org\/litterae\/wp-json\/wp\/v2\/pages\/4076\/revisions"}],"wp:attachment":[{"href":"https:\/\/culturayciencia.org\/litterae\/wp-json\/wp\/v2\/media?parent=4076"}],"curies":[{"name":"wp","href":"https:\/\/api.w.org\/{rel}","templated":true}]}}

<section class="wp-block-uagb-columns uagb-columns__wrap uagb-columns__background-none uagb-columns__stack-mobile uagb-columns__valign-top uagb-columns__gap-10 align uagb-block-3603e869 uagb-columns__columns-2 uagb-columns__max_width-theme"><div class="uagb-columns__overlay"></div><div class="uagb-columns__inner-wrap uagb-columns__columns-2">
<div class="wp-block-uagb-column uagb-column__wrap uagb-column__background-color uagb-block-fb54fcd0"><div class="uagb-column__overlay"></div><div class="wp-block-image is-style-rounded">
<figure class="aligncenter size-full"><img loading="lazy" decoding="async" width="417" height="449" src="https://culturayciencia.org/litterae/wp-content/uploads/2023/06/Pedro_Meseguer_Litterae.jpg" alt="" class="wp-image-4075" srcset="https://culturayciencia.org/litterae/wp-content/uploads/2023/06/Pedro_Meseguer_Litterae.jpg 417w, https://culturayciencia.org/litterae/wp-content/uploads/2023/06/Pedro_Meseguer_Litterae-279x300.jpg 279w" sizes="auto, (max-width: 417px) 100vw, 417px" /></figure>
</div>


<h2 class="wp-block-heading has-text-align-center has-medium-font-size"><strong><strong>Pedro Meseguer</strong></strong></h2>



<p class="has-text-align-center has-vivid-red-color has-text-color">CSIC IIIA</p>
</div>



<div class="wp-block-uagb-column uagb-column__wrap uagb-column__background-undefined uagb-block-3b35a79f"><div class="uagb-column__overlay"></div>
<p>Investigador científico del CSIC en el IIIA. Licenciado en Ciencias Físicas y en Informática, se doctoró en la UPC en 1992. Su trabajo de investigación se ha centrado en razonamiento con restricciones y en búsqueda heurística, temas sobre los que ha realizado numerosas publicaciones. Ha participado en diversos proyectos de investigación, y ha desarrollado tareas editoriales en revistas especializadas. En paralelo a su trabajo de investigación, ha realizado varias tareas docentes, de dirección de tesis doctorales y de servicio a la comunidad de IA. Es EurAI fellow. Además, se añade su interés reciente por la divulgación científica.</p>
</div>
</div></section>
