{"id":4093,"date":"2023-06-01T19:14:31","date_gmt":"2023-06-01T17:14:31","guid":{"rendered":"https:\/\/culturayciencia.org\/litterae\/?page_id=4093"},"modified":"2023-08-02T15:33:41","modified_gmt":"2023-08-02T13:33:41","slug":"natalia-zarco","status":"publish","type":"page","link":"https:\/\/culturayciencia.org\/litterae\/natalia-zarco\/","title":{"rendered":"Natalia Zarco"},"content":{"rendered":"\n<section class=\"wp-block-uagb-columns uagb-columns__wrap uagb-columns__background-none uagb-columns__stack-mobile uagb-columns__valign-top uagb-columns__gap-10 align uagb-block-bb0c11ba uagb-columns__columns-2 uagb-columns__max_width-theme\"><div class=\"uagb-columns__overlay\"><\/div><div class=\"uagb-columns__inner-wrap uagb-columns__columns-2\">\n<div class=\"wp-block-uagb-column uagb-column__wrap uagb-column__background-color uagb-block-1ee9ba2c\"><div class=\"uagb-column__overlay\"><\/div><div class=\"wp-block-image is-style-rounded\">\n<figure class=\"aligncenter size-full\"><img loading=\"lazy\" decoding=\"async\" width=\"279\" height=\"300\" src=\"https:\/\/culturayciencia.org\/litterae\/wp-content\/uploads\/2023\/06\/Natalia_Zarco_litterae.jpg\" alt=\"\" class=\"wp-image-4092\"\/><\/figure>\n<\/div>\n\n\n<h2 class=\"wp-block-heading has-text-align-center has-medium-font-size\"><strong><strong>Natalia Zarco<\/strong><\/strong><\/h2>\n\n\n\n<p class=\"has-text-align-center has-vivid-red-color has-text-color\">Correctora.<br>Traductora<\/p>\n<\/div>\n\n\n\n<div class=\"wp-block-uagb-column uagb-column__wrap uagb-column__background-undefined uagb-block-c2b8e214\"><div class=\"uagb-column__overlay\"><\/div>\n<p>Licenciada en Historia del Arte. Trabaj\u00f3 diez a\u00f1os como librera. Fue profesora<br>en el Postgrado Escola de Llibreria de la Universitat de Barcelona durante algunos a\u00f1os.<\/p>\n\n\n\n<p> Ya en Madrid empez\u00f3 a trabajar como colaboradora en la editorial Perif\u00e9rica. En la actualidad trabaja como correctora profesional independiente y en edici\u00f3n de textos y maquetaci\u00f3n para varias editoriales, y tambi\u00e9n como traductora de italiano y franc\u00e9s.<\/p>\n<\/div>\n<\/div><\/section>\n\n\n","protected":false},"excerpt":{"rendered":"","protected":false},"author":4,"featured_media":0,"parent":0,"menu_order":0,"comment_status":"closed","ping_status":"closed","template":"","meta":{"_acf_changed":false,"om_disable_all_campaigns":false,"_uag_custom_page_level_css":"","_monsterinsights_skip_tracking":false,"_monsterinsights_sitenote_active":false,"_monsterinsights_sitenote_note":"","_monsterinsights_sitenote_category":0,"_uf_show_specific_survey":0,"_uf_disable_surveys":false,"footnotes":""},"class_list":{"0":"post-4093","1":"page","2":"type-page","3":"status-publish","5":"no-featured-image-padding"},"acf":[],"aioseo_notices":[],"uagb_featured_image_src":{"full":false,"thumbnail":false,"medium":false,"medium_large":false,"large":false,"1536x1536":false,"2048x2048":false},"uagb_author_info":{"display_name":false,"author_link":"https:\/\/culturayciencia.org\/litterae\/author\/librerae\/"},"uagb_comment_info":0,"uagb_excerpt":null,"_links":{"self":[{"href":"https:\/\/culturayciencia.org\/litterae\/wp-json\/wp\/v2\/pages\/4093","targetHints":{"allow":["GET"]}}],"collection":[{"href":"https:\/\/culturayciencia.org\/litterae\/wp-json\/wp\/v2\/pages"}],"about":[{"href":"https:\/\/culturayciencia.org\/litterae\/wp-json\/wp\/v2\/types\/page"}],"author":[{"embeddable":true,"href":"https:\/\/culturayciencia.org\/litterae\/wp-json\/wp\/v2\/users\/4"}],"replies":[{"embeddable":true,"href":"https:\/\/culturayciencia.org\/litterae\/wp-json\/wp\/v2\/comments?post=4093"}],"version-history":[{"count":0,"href":"https:\/\/culturayciencia.org\/litterae\/wp-json\/wp\/v2\/pages\/4093\/revisions"}],"wp:attachment":[{"href":"https:\/\/culturayciencia.org\/litterae\/wp-json\/wp\/v2\/media?parent=4093"}],"curies":[{"name":"wp","href":"https:\/\/api.w.org\/{rel}","templated":true}]}}

<section class="wp-block-uagb-columns uagb-columns__wrap uagb-columns__background-none uagb-columns__stack-mobile uagb-columns__valign-top uagb-columns__gap-10 align uagb-block-bb0c11ba uagb-columns__columns-2 uagb-columns__max_width-theme"><div class="uagb-columns__overlay"></div><div class="uagb-columns__inner-wrap uagb-columns__columns-2">
<div class="wp-block-uagb-column uagb-column__wrap uagb-column__background-color uagb-block-1ee9ba2c"><div class="uagb-column__overlay"></div><div class="wp-block-image is-style-rounded">
<figure class="aligncenter size-full"><img loading="lazy" decoding="async" width="279" height="300" src="https://culturayciencia.org/litterae/wp-content/uploads/2023/06/Natalia_Zarco_litterae.jpg" alt="" class="wp-image-4092"/></figure>
</div>


<h2 class="wp-block-heading has-text-align-center has-medium-font-size"><strong><strong>Natalia Zarco</strong></strong></h2>



<p class="has-text-align-center has-vivid-red-color has-text-color">Correctora.<br>Traductora</p>
</div>



<div class="wp-block-uagb-column uagb-column__wrap uagb-column__background-undefined uagb-block-c2b8e214"><div class="uagb-column__overlay"></div>
<p>Licenciada en Historia del Arte. Trabajó diez años como librera. Fue profesora<br>en el Postgrado Escola de Llibreria de la Universitat de Barcelona durante algunos años.</p>



<p> Ya en Madrid empezó a trabajar como colaboradora en la editorial Periférica. En la actualidad trabaja como correctora profesional independiente y en edición de textos y maquetación para varias editoriales, y también como traductora de italiano y francés.</p>
</div>
</div></section>
