{"id":4162,"date":"2023-07-17T12:53:24","date_gmt":"2023-07-17T10:53:24","guid":{"rendered":"https:\/\/culturayciencia.org\/litterae\/?page_id=4162"},"modified":"2023-07-17T13:07:20","modified_gmt":"2023-07-17T11:07:20","slug":"antonio-maria-avila-alvarez","status":"publish","type":"page","link":"https:\/\/culturayciencia.org\/litterae\/antonio-maria-avila-alvarez\/","title":{"rendered":"Antonio Mar\u00eda \u00c1vila \u00c1lvarez"},"content":{"rendered":"\n<section class=\"wp-block-uagb-columns uagb-columns__wrap uagb-columns__background-none uagb-columns__stack-mobile uagb-columns__valign-top uagb-columns__gap-10 align uagb-block-2b818523 uagb-columns__columns-2 uagb-columns__max_width-theme\"><div class=\"uagb-columns__overlay\"><\/div><div class=\"uagb-columns__inner-wrap uagb-columns__columns-2\">\n<div class=\"wp-block-uagb-column uagb-column__wrap uagb-column__background-color uagb-block-a3fcd17a\"><div class=\"uagb-column__overlay\"><\/div><div class=\"wp-block-image is-style-rounded\">\n<figure class=\"aligncenter size-full\"><img loading=\"lazy\" decoding=\"async\" width=\"417\" height=\"449\" src=\"https:\/\/culturayciencia.org\/litterae\/wp-content\/uploads\/2023\/07\/Antonio_Maria_Avila_Litterae-2.jpg\" alt=\"\" class=\"wp-image-4120\" srcset=\"https:\/\/culturayciencia.org\/litterae\/wp-content\/uploads\/2023\/07\/Antonio_Maria_Avila_Litterae-2.jpg 417w, https:\/\/culturayciencia.org\/litterae\/wp-content\/uploads\/2023\/07\/Antonio_Maria_Avila_Litterae-2-279x300.jpg 279w\" sizes=\"auto, (max-width: 417px) 100vw, 417px\" \/><\/figure>\n<\/div>\n\n\n<h2 class=\"wp-block-heading has-text-align-center has-medium-font-size\"><strong><strong><strong>Antonio Mar\u00eda \u00c1vila \u00c1lvarez<\/strong><\/strong><\/strong><\/h2>\n\n\n\n<p class=\"has-text-align-center has-vivid-red-color has-text-color\">Federaci\u00f3n de Gremios de Editores de Espa\u00f1a<\/p>\n<\/div>\n\n\n\n<div class=\"wp-block-uagb-column uagb-column__wrap uagb-column__background-undefined uagb-block-b4f00386\"><div class=\"uagb-column__overlay\"><\/div>\n<p>Premio Extraordinario de Licenciatura de Derecho, Licenciado en Ciencias Pol\u00edticas, Doctor en Derecho y Doctor en Ciencias Econ\u00f3micas.<\/p>\n\n\n\n<p>Es en la actualidad Director Ejecutivo de la Federaci\u00f3n de Gremios de Editores de Espa\u00f1a y Secretario General de la Asociaci\u00f3n de las C\u00e1maras del Libro de Espa\u00f1a, FEDECALI.<\/p>\n\n\n\n<p>Ha sido profesor asociado de Derecho Pol\u00edtico hasta 1986, profesor asociado de Comercio Exterior (Universidad Carlos III) de 1994 a 1996 y desde 1997 profesor de la misma materia en TPGA de la Universidad Aut\u00f3noma de Madrid. Profesor de CECO, imparte clases del M\u00e1ster de Comercio Exterior y Pol\u00edtica Comercial en la Universidad Carlos III, Santiago de Compostela, Alcal\u00e1 de Henares e Instituto Universitario Carlos V de la Universidad Aut\u00f3noma de Madrid.<\/p>\n\n\n\n<p>Es tambi\u00e9n autor de numerosas publicaciones sobre la materia en ICE, BISE, Noticias de la Uni\u00f3n Europea, etc. y libros como: Manual Pr\u00e1ctico de Comercio Exterior (Tecnos, 1986), Regulaci\u00f3n del Comercio Internacional tras la Ronda de Uruguay (Tecnos, 1994), Pol\u00edtica Comercial de la Uni\u00f3n Europea (Pir\u00e1mide, 1997), Pol\u00edtica de competencia y pol\u00edtica comercial: \u00bfhac\u00eda un acuerdo multilateral? (IMADE-COCIM, 2004), la Propiedad Intelectual en las Relaciones Econ\u00f3micas Internacionales (IMADE-COCIM, 2007)<\/p>\n<\/div>\n<\/div><\/section>\n\n\n","protected":false},"excerpt":{"rendered":"","protected":false},"author":4,"featured_media":0,"parent":0,"menu_order":0,"comment_status":"closed","ping_status":"closed","template":"","meta":{"_acf_changed":false,"om_disable_all_campaigns":false,"_uag_custom_page_level_css":"","_monsterinsights_skip_tracking":false,"_monsterinsights_sitenote_active":false,"_monsterinsights_sitenote_note":"","_monsterinsights_sitenote_category":0,"_uf_show_specific_survey":0,"_uf_disable_surveys":false,"footnotes":""},"class_list":{"0":"post-4162","1":"page","2":"type-page","3":"status-publish","5":"no-featured-image-padding"},"acf":[],"aioseo_notices":[],"uagb_featured_image_src":{"full":false,"thumbnail":false,"medium":false,"medium_large":false,"large":false,"1536x1536":false,"2048x2048":false},"uagb_author_info":{"display_name":false,"author_link":"https:\/\/culturayciencia.org\/litterae\/author\/librerae\/"},"uagb_comment_info":0,"uagb_excerpt":null,"_links":{"self":[{"href":"https:\/\/culturayciencia.org\/litterae\/wp-json\/wp\/v2\/pages\/4162","targetHints":{"allow":["GET"]}}],"collection":[{"href":"https:\/\/culturayciencia.org\/litterae\/wp-json\/wp\/v2\/pages"}],"about":[{"href":"https:\/\/culturayciencia.org\/litterae\/wp-json\/wp\/v2\/types\/page"}],"author":[{"embeddable":true,"href":"https:\/\/culturayciencia.org\/litterae\/wp-json\/wp\/v2\/users\/4"}],"replies":[{"embeddable":true,"href":"https:\/\/culturayciencia.org\/litterae\/wp-json\/wp\/v2\/comments?post=4162"}],"version-history":[{"count":0,"href":"https:\/\/culturayciencia.org\/litterae\/wp-json\/wp\/v2\/pages\/4162\/revisions"}],"wp:attachment":[{"href":"https:\/\/culturayciencia.org\/litterae\/wp-json\/wp\/v2\/media?parent=4162"}],"curies":[{"name":"wp","href":"https:\/\/api.w.org\/{rel}","templated":true}]}}