{"id":4221,"date":"2023-07-26T12:35:09","date_gmt":"2023-07-26T10:35:09","guid":{"rendered":"https:\/\/culturayciencia.org\/litterae\/?page_id=4221"},"modified":"2023-07-26T12:35:12","modified_gmt":"2023-07-26T10:35:12","slug":"antonio-liu-yang","status":"publish","type":"page","link":"https:\/\/culturayciencia.org\/litterae\/antonio-liu-yang\/","title":{"rendered":"Antonio Liu Yang"},"content":{"rendered":"\n<section class=\"wp-block-uagb-columns uagb-columns__wrap uagb-columns__stack-mobile uagb-columns__valign-top uagb-columns__gap-10 align uagb-block-e96c054b uagb-columns__columns-2 uagb-columns__max_width-theme\"><div class=\"uagb-columns__overlay\"><\/div><div class=\"uagb-columns__inner-wrap uagb-columns__columns-2\">\n<div class=\"wp-block-uagb-column uagb-column__wrap uagb-column__background-color uagb-block-9301c235\"><div class=\"uagb-column__overlay\"><\/div><div class=\"wp-block-image is-style-rounded\">\n<figure class=\"aligncenter size-full\"><img loading=\"lazy\" decoding=\"async\" width=\"417\" height=\"449\" src=\"https:\/\/culturayciencia.org\/litterae\/wp-content\/uploads\/2023\/07\/Antonio_Liu_Yang_Litterae_23.jpg\" alt=\"\" class=\"wp-image-4220\" srcset=\"https:\/\/culturayciencia.org\/litterae\/wp-content\/uploads\/2023\/07\/Antonio_Liu_Yang_Litterae_23.jpg 417w, https:\/\/culturayciencia.org\/litterae\/wp-content\/uploads\/2023\/07\/Antonio_Liu_Yang_Litterae_23-279x300.jpg 279w\" sizes=\"auto, (max-width: 417px) 100vw, 417px\" \/><\/figure>\n<\/div>\n\n\n<h2 class=\"wp-block-heading has-text-align-center has-medium-font-size\"><strong><strong>Antonio Liu Yang<\/strong><\/strong><\/h2>\n\n\n\n<p class=\"has-text-align-center has-vivid-red-color has-text-color\">Facilitador intercultural<\/p>\n<\/div>\n\n\n\n<div class=\"wp-block-uagb-column uagb-column__wrap uagb-column__background-undefined uagb-block-96f0eded\"><div class=\"uagb-column__overlay\"><\/div>\n<p>Abogado J.E.D.I (Equidad, Diversidad, Equidad e Inclusi\u00f3n), facilitador intercultural y escritor.<\/p>\n\n\n\n<p>Licenciado en derecho por la Universitat de Valencia y posgrado en Diversidad e Inclusi\u00f3n por la Universidad Antonio de Nebrija. Facilitador intercultural especializado en las relaciones entre Espa\u00f1a y China.<\/p>\n\n\n\n<p>Ha trabajado en el sector jur\u00eddico, acad\u00e9mico, tur\u00edstico y el futbol\u00edstico. Ha sido profesor en una decena de posgrados relacionados con Asia en diferentes instituciones y es formador in company de grandes empresas multinacionales.<\/p>\n\n\n\n<p>Recibi\u00f3 el premio Talento Joven Valenciano en 2013 y la medalla de oro por el Foro Europa en 2015.<\/p>\n\n\n\n<p>Es fundador de la Academy for Diversity and Innovation y el Instituto de Sabidur\u00eda Oriental Aplicada donde imparte formaci\u00f3n para mejorar las <em>soft skills <\/em>con la ayuda de la filosof\u00eda oriental.<\/p>\n\n\n\n<p>Es el autor del libro \u201cYushudo, el camino de la excelencia, 15 claves de sabidur\u00eda oriental para mejorar tu cuerpo, alma y mente\u201d de la editorial Conecta (Penguin Random House) y co autor del libro colectivo \u201cDi\u00e1logo con la escritura\u201d junto a otros autores.<\/p>\n<\/div>\n<\/div><\/section>\n\n\n","protected":false},"excerpt":{"rendered":"","protected":false},"author":4,"featured_media":0,"parent":0,"menu_order":0,"comment_status":"closed","ping_status":"closed","template":"","meta":{"_acf_changed":false,"om_disable_all_campaigns":false,"_uag_custom_page_level_css":"","_monsterinsights_skip_tracking":false,"_monsterinsights_sitenote_active":false,"_monsterinsights_sitenote_note":"","_monsterinsights_sitenote_category":0,"_uf_show_specific_survey":0,"_uf_disable_surveys":false,"footnotes":""},"class_list":{"0":"post-4221","1":"page","2":"type-page","3":"status-publish","5":"no-featured-image-padding"},"acf":[],"aioseo_notices":[],"uagb_featured_image_src":{"full":false,"thumbnail":false,"medium":false,"medium_large":false,"large":false,"1536x1536":false,"2048x2048":false},"uagb_author_info":{"display_name":false,"author_link":"https:\/\/culturayciencia.org\/litterae\/author\/librerae\/"},"uagb_comment_info":0,"uagb_excerpt":null,"_links":{"self":[{"href":"https:\/\/culturayciencia.org\/litterae\/wp-json\/wp\/v2\/pages\/4221","targetHints":{"allow":["GET"]}}],"collection":[{"href":"https:\/\/culturayciencia.org\/litterae\/wp-json\/wp\/v2\/pages"}],"about":[{"href":"https:\/\/culturayciencia.org\/litterae\/wp-json\/wp\/v2\/types\/page"}],"author":[{"embeddable":true,"href":"https:\/\/culturayciencia.org\/litterae\/wp-json\/wp\/v2\/users\/4"}],"replies":[{"embeddable":true,"href":"https:\/\/culturayciencia.org\/litterae\/wp-json\/wp\/v2\/comments?post=4221"}],"version-history":[{"count":0,"href":"https:\/\/culturayciencia.org\/litterae\/wp-json\/wp\/v2\/pages\/4221\/revisions"}],"wp:attachment":[{"href":"https:\/\/culturayciencia.org\/litterae\/wp-json\/wp\/v2\/media?parent=4221"}],"curies":[{"name":"wp","href":"https:\/\/api.w.org\/{rel}","templated":true}]}}

<section class="wp-block-uagb-columns uagb-columns__wrap uagb-columns__stack-mobile uagb-columns__valign-top uagb-columns__gap-10 align uagb-block-e96c054b uagb-columns__columns-2 uagb-columns__max_width-theme"><div class="uagb-columns__overlay"></div><div class="uagb-columns__inner-wrap uagb-columns__columns-2">
<div class="wp-block-uagb-column uagb-column__wrap uagb-column__background-color uagb-block-9301c235"><div class="uagb-column__overlay"></div><div class="wp-block-image is-style-rounded">
<figure class="aligncenter size-full"><img loading="lazy" decoding="async" width="417" height="449" src="https://culturayciencia.org/litterae/wp-content/uploads/2023/07/Antonio_Liu_Yang_Litterae_23.jpg" alt="" class="wp-image-4220" srcset="https://culturayciencia.org/litterae/wp-content/uploads/2023/07/Antonio_Liu_Yang_Litterae_23.jpg 417w, https://culturayciencia.org/litterae/wp-content/uploads/2023/07/Antonio_Liu_Yang_Litterae_23-279x300.jpg 279w" sizes="auto, (max-width: 417px) 100vw, 417px" /></figure>
</div>


<h2 class="wp-block-heading has-text-align-center has-medium-font-size"><strong><strong>Antonio Liu Yang</strong></strong></h2>



<p class="has-text-align-center has-vivid-red-color has-text-color">Facilitador intercultural</p>
</div>



<div class="wp-block-uagb-column uagb-column__wrap uagb-column__background-undefined uagb-block-96f0eded"><div class="uagb-column__overlay"></div>
<p>Abogado J.E.D.I (Equidad, Diversidad, Equidad e Inclusión), facilitador intercultural y escritor.</p>



<p>Licenciado en derecho por la Universitat de Valencia y posgrado en Diversidad e Inclusión por la Universidad Antonio de Nebrija. Facilitador intercultural especializado en las relaciones entre España y China.</p>



<p>Ha trabajado en el sector jurídico, académico, turístico y el futbolístico. Ha sido profesor en una decena de posgrados relacionados con Asia en diferentes instituciones y es formador in company de grandes empresas multinacionales.</p>



<p>Recibió el premio Talento Joven Valenciano en 2013 y la medalla de oro por el Foro Europa en 2015.</p>



<p>Es fundador de la Academy for Diversity and Innovation y el Instituto de Sabiduría Oriental Aplicada donde imparte formación para mejorar las <em>soft skills </em>con la ayuda de la filosofía oriental.</p>



<p>Es el autor del libro “Yushudo, el camino de la excelencia, 15 claves de sabiduría oriental para mejorar tu cuerpo, alma y mente” de la editorial Conecta (Penguin Random House) y co autor del libro colectivo “Diálogo con la escritura” junto a otros autores.</p>
</div>
</div></section>
