{"id":434,"date":"2019-09-04T19:52:34","date_gmt":"2019-09-04T17:52:34","guid":{"rendered":"https:\/\/culturayciencia.org\/litterae\/?page_id=434"},"modified":"2019-09-13T10:37:58","modified_gmt":"2019-09-13T08:37:58","slug":"sebastian-lozano","status":"publish","type":"page","link":"https:\/\/culturayciencia.org\/litterae\/sebastian-lozano\/","title":{"rendered":"Sebasti\u00e1n Lozano"},"content":{"rendered":"\n<div class=\"wp-block-image\"><figure class=\"alignleft\"><img decoding=\"async\" src=\"https:\/\/culturayciencia.org\/litterae\/wp-content\/uploads\/2019\/09\/Sebasti\u00e1n_Lozano_Litterae.jpg\" alt=\"\" class=\"wp-image-316\"\/><\/figure><\/div>\n\n\n\n<h2 class=\"wp-block-heading\" style=\"text-align:center\"><strong> Sebasti\u00e1n Lozano  <\/strong><\/h2>\n\n\n\n<p style=\"text-align:center\"><strong>Premio Novela Hist\u00f3rica de \u00dabeda<\/strong><\/p>\n\n\n\n<p style=\"text-align:justify\">Naci\u00f3 en Campillo de Arenas (Ja\u00e9n), pero viviendo tambi\u00e9n en Ja\u00e9n, Madrid, Aranjuez y en \u00dabeda, aunque le gustar\u00eda poner en su remite postal que su domicilio es la Huerta de los Frailes en el Barranco del Monasterio de Cazalla (Carchelejo).<\/p>\n\n\n\n<p style=\"text-align:justify\">Veterinario, de estudios acad\u00e9micos, por la\nUniversidad Complutense de Madrid, fue muy joven subdirector del Colegio Mayor\nSan Juan Evangelista de Madrid, ha dedicado su vida al mundo rural, primero\ncomo responsable t\u00e9cnico nacional de la Confederaci\u00f3n de las Cooperativas\nAgrarias, y despu\u00e9s como agente de desarrollo rural, siendo muy activo a nivel\nprofesional, tanto en el \u00e1mbito nacional como europeo.<\/p>\n\n\n\n<p style=\"text-align:justify\">Pintor aficionado y activista del mundo\ncultural y ambientalista, forma parte de la Asociaci\u00f3n en defensa del Patrimonio\nde \u00dabeda y ha sido presidente de la Asociaci\u00f3n Cero Culture. Forma parte de la\norganizaci\u00f3n del Certamen de Novela hist\u00f3rica de \u00dabeda, y de la Comisi\u00f3n\nLectora seleccionadora del premio. Es escritor vocacional desde muy joven,\nteniendo dos publicaciones t\u00e9cnicas editadas por el Ministerio de Agricultura y\nsu reciente novela publicada \u201cLa chica francesa que bailaba bajo las\nestrellas\u201d.<\/p>\n","protected":false},"excerpt":{"rendered":"","protected":false},"author":4,"featured_media":0,"parent":0,"menu_order":0,"comment_status":"closed","ping_status":"closed","template":"","meta":{"_acf_changed":false,"om_disable_all_campaigns":false,"_uag_custom_page_level_css":"","_monsterinsights_skip_tracking":false,"_monsterinsights_sitenote_active":false,"_monsterinsights_sitenote_note":"","_monsterinsights_sitenote_category":0,"_uf_show_specific_survey":0,"_uf_disable_surveys":false,"footnotes":""},"class_list":{"0":"post-434","1":"page","2":"type-page","3":"status-publish","5":"no-featured-image-padding"},"acf":[],"aioseo_notices":[],"uagb_featured_image_src":{"full":false,"thumbnail":false,"medium":false,"medium_large":false,"large":false,"1536x1536":false,"2048x2048":false},"uagb_author_info":{"display_name":false,"author_link":"https:\/\/culturayciencia.org\/litterae\/author\/librerae\/"},"uagb_comment_info":0,"uagb_excerpt":null,"_links":{"self":[{"href":"https:\/\/culturayciencia.org\/litterae\/wp-json\/wp\/v2\/pages\/434","targetHints":{"allow":["GET"]}}],"collection":[{"href":"https:\/\/culturayciencia.org\/litterae\/wp-json\/wp\/v2\/pages"}],"about":[{"href":"https:\/\/culturayciencia.org\/litterae\/wp-json\/wp\/v2\/types\/page"}],"author":[{"embeddable":true,"href":"https:\/\/culturayciencia.org\/litterae\/wp-json\/wp\/v2\/users\/4"}],"replies":[{"embeddable":true,"href":"https:\/\/culturayciencia.org\/litterae\/wp-json\/wp\/v2\/comments?post=434"}],"version-history":[{"count":0,"href":"https:\/\/culturayciencia.org\/litterae\/wp-json\/wp\/v2\/pages\/434\/revisions"}],"wp:attachment":[{"href":"https:\/\/culturayciencia.org\/litterae\/wp-json\/wp\/v2\/media?parent=434"}],"curies":[{"name":"wp","href":"https:\/\/api.w.org\/{rel}","templated":true}]}}