{"id":4369,"date":"2024-02-27T14:05:33","date_gmt":"2024-02-27T12:05:33","guid":{"rendered":"https:\/\/culturayciencia.org\/litterae\/?page_id=4369"},"modified":"2026-01-28T17:57:28","modified_gmt":"2026-01-28T16:57:28","slug":"programa-2024","status":"publish","type":"page","link":"https:\/\/culturayciencia.org\/litterae\/programa-2024\/","title":{"rendered":"PROGRAMA 2024"},"content":{"rendered":"\n<div style=\"height:20px\" aria-hidden=\"true\" class=\"wp-block-spacer\"><\/div>\n\n\n\n<section class=\"wp-block-uagb-section uagb-section__wrap uagb-section__background-undefined uagb-block-0396895c\"><div class=\"uagb-section__overlay\"><\/div><div class=\"uagb-section__inner-wrap\">\n<h1 class=\"wp-block-heading has-text-align-center has-vivid-red-color has-text-color\"><strong><strong>PROGRAMA 202<\/strong>4<\/strong><\/h1>\n\n\n\n<div class=\"wp-block-columns is-layout-flex wp-container-core-columns-is-layout-9d6595d7 wp-block-columns-is-layout-flex\">\n<div class=\"wp-block-column is-layout-flow wp-block-column-is-layout-flow\"><\/div>\n<\/div>\n<\/div><\/section>\n\n\n\n<div class=\"wp-block-buttons is-content-justification-center is-layout-flex wp-container-core-buttons-is-layout-16018d1d wp-block-buttons-is-layout-flex\">\n<div class=\"wp-block-button\"><a class=\"wp-block-button__link has-base-3-color has-text-color has-background has-link-color has-text-align-center wp-element-button\" href=\"https:\/\/culturayciencia.org\/litterae\/edicion-2024-videos\/\" style=\"border-top-left-radius:20px;border-top-right-radius:20px;border-bottom-left-radius:20px;border-bottom-right-radius:20px;background-color:#cf2e2e\" target=\"_blank\" rel=\"noreferrer noopener\">Ver videos de las mesas<\/a><\/div>\n<\/div>\n\n\n\n<div style=\"height:34px\" aria-hidden=\"true\" class=\"wp-block-spacer\"><\/div>\n\n\n\n<div class=\"wp-block-uagb-advanced-heading uagb-block-5b6cf151\"><h2 class=\"uagb-heading-text\"><strong>Viernes 24 de mayo<\/strong><\/h2><div class=\"uagb-separator\"><\/div><\/div>\n\n\n\n<div class=\"wp-block-columns is-layout-flex wp-container-core-columns-is-layout-9d6595d7 wp-block-columns-is-layout-flex\">\n<div class=\"wp-block-column is-layout-flow wp-block-column-is-layout-flow\">\n<div class=\"wp-block-uagb-advanced-heading uagb-block-60c8d9a7\"><h1 class=\"uagb-heading-text\"><strong>12:00 h.<\/strong><\/h1><\/div>\n\n\n\n<h3 class=\"wp-block-heading has-text-align-center has-text-color has-link-color wp-elements-f9732e921c94b453cde11fd6ebda4180\" style=\"color:#cf2e2e\"><strong>Inauguraci\u00f3n<\/strong><\/h3>\n\n\n\n<p><\/p>\n<\/div>\n\n\n\n<div class=\"wp-block-column is-layout-flow wp-block-column-is-layout-flow\">\n<div class=\"wp-block-uagb-advanced-heading uagb-block-1ac0e7dc\"><h1 class=\"uagb-heading-text\"><strong>12:00 h.<\/strong><\/h1><\/div>\n\n\n\n<h3 class=\"wp-block-heading has-text-align-center has-text-color has-link-color wp-elements-66617551b97f1e4858e94edd2c208997\" style=\"color:#cf2e2e\"><strong>Lectura para todos\/as<\/strong><\/h3>\n\n\n\n<figure class=\"wp-block-image size-large is-resized\"><img loading=\"lazy\" decoding=\"async\" width=\"1024\" height=\"576\" src=\"https:\/\/culturayciencia.org\/litterae\/wp-content\/uploads\/2024\/05\/Lectura_para_todos_as_litterae_2024_01-1024x576.jpg\" alt=\"\" class=\"wp-image-4710\" style=\"width:317px;height:auto\" srcset=\"https:\/\/culturayciencia.org\/litterae\/wp-content\/uploads\/2024\/05\/Lectura_para_todos_as_litterae_2024_01-1024x576.jpg 1024w, https:\/\/culturayciencia.org\/litterae\/wp-content\/uploads\/2024\/05\/Lectura_para_todos_as_litterae_2024_01-300x169.jpg 300w, https:\/\/culturayciencia.org\/litterae\/wp-content\/uploads\/2024\/05\/Lectura_para_todos_as_litterae_2024_01-768x432.jpg 768w, https:\/\/culturayciencia.org\/litterae\/wp-content\/uploads\/2024\/05\/Lectura_para_todos_as_litterae_2024_01-1536x864.jpg 1536w, https:\/\/culturayciencia.org\/litterae\/wp-content\/uploads\/2024\/05\/Lectura_para_todos_as_litterae_2024_01-2048x1152.jpg 2048w\" sizes=\"auto, (max-width: 1024px) 100vw, 1024px\" \/><\/figure>\n\n\n\n<p><\/p>\n\n\n\n<ul class=\"wp-block-list\">\n<li style=\"font-size:15px\"><strong>Soraya de Santiago<\/strong><br>Maestra &#8211; ONCE<br><\/li>\n\n\n\n<li style=\"font-size:15px\"><strong>Jes\u00fas Barba<\/strong><br>Responsable Departamento de Servicios Sociales &#8211; ONCE<br><\/li>\n\n\n\n<li style=\"font-size:15px\"><strong>Javier Alc\u00e1zar<br><\/strong>Editor &#8211; Lecturia y Albo&amp;Zarco<br><\/li>\n\n\n\n<li style=\"font-size:15px\"><strong>Ricardo Barcel\u00f3<\/strong><br>Responsable de accesibilidad cognitiva &#8211; Plena Inclusi\u00f3n Castilla la Mancha<br><\/li>\n\n\n\n<li style=\"font-size:15px\"><strong>Ra\u00fal Herrero<\/strong><br>Editor &#8211; Libros el innombrable<\/li>\n<\/ul>\n\n\n\n<div class=\"wp-block-uagb-buttons uagb-buttons__outer-wrap uagb-btn__default-btn uagb-btn-tablet__default-btn uagb-btn-mobile__default-btn uagb-block-5b282246\"><div class=\"uagb-buttons__wrap uagb-buttons-layout-wrap \">\n<div class=\"wp-block-uagb-buttons-child uagb-buttons__outer-wrap uagb-block-9a5fd268 wp-block-button\"><div class=\"uagb-button__wrapper\"><a class=\"uagb-buttons-repeater wp-block-button__link\" aria-label=\"\" href=\"https:\/\/culturayciencia.org\/litterae\/lectura-para-todos-as\/\" rel=\"follow noopener\" target=\"_self\" role=\"button\"><div class=\"uagb-button__link\">M\u00e1s informaci\u00f3n<\/div><\/a><\/div><\/div>\n<\/div><\/div>\n<\/div>\n\n\n\n<div class=\"wp-block-column is-layout-flow wp-block-column-is-layout-flow\">\n<div class=\"wp-block-uagb-advanced-heading uagb-block-87270c3b\"><h1 class=\"uagb-heading-text\"><strong>17:00 h.<\/strong><\/h1><\/div>\n\n\n\n<h3 class=\"wp-block-heading has-text-align-center has-text-color has-link-color wp-elements-f2715433ffb24184b220181fa923ce14\" style=\"color:#cf2e2e\"><strong>La literatura en los medios de comunicaci\u00f3n<\/strong><\/h3>\n\n\n\n<figure class=\"wp-block-image size-large\"><img loading=\"lazy\" decoding=\"async\" width=\"1024\" height=\"576\" src=\"https:\/\/culturayciencia.org\/litterae\/wp-content\/uploads\/2024\/05\/Literatura_medios_comunicacion_litterae_2024_01-1024x576.jpg\" alt=\"\" class=\"wp-image-4727\" srcset=\"https:\/\/culturayciencia.org\/litterae\/wp-content\/uploads\/2024\/05\/Literatura_medios_comunicacion_litterae_2024_01-1024x576.jpg 1024w, https:\/\/culturayciencia.org\/litterae\/wp-content\/uploads\/2024\/05\/Literatura_medios_comunicacion_litterae_2024_01-300x169.jpg 300w, https:\/\/culturayciencia.org\/litterae\/wp-content\/uploads\/2024\/05\/Literatura_medios_comunicacion_litterae_2024_01-768x432.jpg 768w, https:\/\/culturayciencia.org\/litterae\/wp-content\/uploads\/2024\/05\/Literatura_medios_comunicacion_litterae_2024_01-1536x864.jpg 1536w, https:\/\/culturayciencia.org\/litterae\/wp-content\/uploads\/2024\/05\/Literatura_medios_comunicacion_litterae_2024_01-2048x1152.jpg 2048w\" sizes=\"auto, (max-width: 1024px) 100vw, 1024px\" \/><\/figure>\n\n\n\n<p><\/p>\n\n\n\n<ul class=\"wp-block-list\">\n<li style=\"font-size:15px\"><strong>Antonio Mart\u00ednez Asensio<\/strong><br>Periodista Cultural                                           Cadena Ser<br><\/li>\n\n\n\n<li style=\"font-size:15px\"><strong>Juan Su\u00e1rez Barquero<\/strong><br>Locutor, guionista de radio y actor de voz LaLiB\u00e9LuLa. Radio 3<br><\/li>\n<\/ul>\n\n\n\n<ul class=\"wp-block-list\">\n<li style=\"font-size:15px\"><strong>Arturo Tendero<br><\/strong>Escritor. Cr\u00edtico literario. (Moderador)<br><\/li>\n<\/ul>\n\n\n\n<div class=\"wp-block-uagb-buttons uagb-buttons__outer-wrap uagb-btn__default-btn uagb-btn-tablet__default-btn uagb-btn-mobile__default-btn uagb-block-75a873d6\"><div class=\"uagb-buttons__wrap uagb-buttons-layout-wrap \">\n<div class=\"wp-block-uagb-buttons-child uagb-buttons__outer-wrap uagb-block-6c00484c wp-block-button\"><div class=\"uagb-button__wrapper\"><a class=\"uagb-buttons-repeater wp-block-button__link\" aria-label=\"\" href=\"https:\/\/culturayciencia.org\/litterae\/la-literatura-en-los-medios-de-comunicacion\/\" rel=\"follow noopener\" target=\"_self\" role=\"button\"><div class=\"uagb-button__link\">M\u00e1s informaci\u00f3n<\/div><\/a><\/div><\/div>\n<\/div><\/div>\n<\/div>\n<\/div>\n\n\n\n<div class=\"wp-block-columns is-layout-flex wp-container-core-columns-is-layout-9d6595d7 wp-block-columns-is-layout-flex\">\n<div class=\"wp-block-column is-layout-flow wp-block-column-is-layout-flow\">\n<div class=\"wp-block-uagb-advanced-heading uagb-block-3a324dbc\"><h1 class=\"uagb-heading-text\"><strong>18:00 h.<\/strong><\/h1><\/div>\n\n\n\n<h3 class=\"wp-block-heading has-text-align-center has-text-color has-link-color wp-elements-10188806a3b1a9b68547afe546c8b83d\" style=\"color:#cf2e2e\"><strong>Desaf\u00edos del libro espa\u00f1ol en el mercado internacional<\/strong><\/h3>\n\n\n\n<figure class=\"wp-block-image size-large is-resized\"><img loading=\"lazy\" decoding=\"async\" width=\"1024\" height=\"576\" src=\"https:\/\/culturayciencia.org\/litterae\/wp-content\/uploads\/2024\/05\/Desafios_mercado_internacional_litterae_2024-1024x576.jpg\" alt=\"\" class=\"wp-image-4671\" style=\"width:317px;height:auto\" srcset=\"https:\/\/culturayciencia.org\/litterae\/wp-content\/uploads\/2024\/05\/Desafios_mercado_internacional_litterae_2024-1024x576.jpg 1024w, https:\/\/culturayciencia.org\/litterae\/wp-content\/uploads\/2024\/05\/Desafios_mercado_internacional_litterae_2024-300x169.jpg 300w, https:\/\/culturayciencia.org\/litterae\/wp-content\/uploads\/2024\/05\/Desafios_mercado_internacional_litterae_2024-768x432.jpg 768w, https:\/\/culturayciencia.org\/litterae\/wp-content\/uploads\/2024\/05\/Desafios_mercado_internacional_litterae_2024-1536x864.jpg 1536w, https:\/\/culturayciencia.org\/litterae\/wp-content\/uploads\/2024\/05\/Desafios_mercado_internacional_litterae_2024-2048x1152.jpg 2048w\" sizes=\"auto, (max-width: 1024px) 100vw, 1024px\" \/><\/figure>\n\n\n\n<p><\/p>\n\n\n\n<ul class=\"wp-block-list\">\n<li style=\"font-size:15px\"><strong>Ella Sher<br><\/strong>Agente Editorial &#8211; The Ella Sher Literary Agency<br><\/li>\n\n\n\n<li style=\"font-size:15px\"><strong>Julian Nossa<\/strong><br>Agente Editorial &#8211; Books And More #BAM<br><\/li>\n\n\n\n<li style=\"font-size:15px\"><strong>Mart\u00edn G\u00f3mez<\/strong><br>Consultor Editorial<br><\/li>\n\n\n\n<li style=\"font-size:15px\"><strong>Quique Olmos<br><\/strong>Editor (Moderador) &#8211; Grupo Sargantana<\/li>\n<\/ul>\n\n\n\n<div class=\"wp-block-uagb-buttons uagb-buttons__outer-wrap uagb-btn__default-btn uagb-btn-tablet__default-btn uagb-btn-mobile__default-btn uagb-block-4c8e3c35\"><div class=\"uagb-buttons__wrap uagb-buttons-layout-wrap \">\n<div class=\"wp-block-uagb-buttons-child uagb-buttons__outer-wrap uagb-block-16473e37 wp-block-button\"><div class=\"uagb-button__wrapper\"><a class=\"uagb-buttons-repeater wp-block-button__link\" aria-label=\"\" href=\"https:\/\/culturayciencia.org\/litterae\/desafios-del-libro-espanol-en-el-mercado-internacional\/\" rel=\"follow noopener\" target=\"_self\" role=\"button\"><div class=\"uagb-button__link\">M\u00e1s informaci\u00f3n<\/div><\/a><\/div><\/div>\n<\/div><\/div>\n<\/div>\n\n\n\n<div class=\"wp-block-column is-layout-flow wp-block-column-is-layout-flow\">\n<div class=\"wp-block-uagb-advanced-heading uagb-block-d18e08b2\"><h1 class=\"uagb-heading-text\"><strong>19:30 h.<\/strong><\/h1><\/div>\n\n\n\n<h3 class=\"wp-block-heading has-text-align-center has-text-color has-link-color wp-elements-d117f51454b7af9a6e024a4378c9b46a\" style=\"color:#cf2e2e\"><strong>Networking<\/strong><\/h3>\n\n\n\n<div class=\"wp-block-buttons is-content-justification-center is-layout-flex wp-container-core-buttons-is-layout-16018d1d wp-block-buttons-is-layout-flex\">\n<div class=\"wp-block-button\"><a class=\"wp-block-button__link has-background wp-element-button\" href=\"https:\/\/culturayciencia.org\/litterae\/networking\/\" style=\"border-radius:25px;background-color:#cf2e2e\">M\u00e1s informaci\u00f3n<\/a><\/div>\n<\/div>\n\n\n\n<p style=\"font-size:15px\"><\/p>\n<\/div>\n\n\n\n<div class=\"wp-block-column is-layout-flow wp-block-column-is-layout-flow\">\n<h3 class=\"wp-block-heading has-text-align-center has-text-color has-link-color wp-elements-0493b5df01bf1aac0895ee5c2af6854c\" style=\"color:#cf2e2e\"><strong> <\/strong><\/h3>\n<\/div>\n<\/div>\n\n\n\n<div style=\"height:15px\" aria-hidden=\"true\" class=\"wp-block-spacer\"><\/div>\n\n\n\n<div class=\"wp-block-uagb-advanced-heading uagb-block-5115946a\"><h2 class=\"uagb-heading-text\"><strong>S\u00e1bado 25 de mayo<\/strong><\/h2><div class=\"uagb-separator\"><\/div><\/div>\n\n\n\n<div class=\"wp-block-columns is-layout-flex wp-container-core-columns-is-layout-9d6595d7 wp-block-columns-is-layout-flex\">\n<div class=\"wp-block-column is-layout-flow wp-block-column-is-layout-flow\">\n<div class=\"wp-block-uagb-advanced-heading uagb-block-a1cec2a7\"><h1 class=\"uagb-heading-text\"><strong>10:30 h.<\/strong><\/h1><\/div>\n\n\n\n<h3 class=\"wp-block-heading has-text-align-center has-text-color has-link-color wp-elements-d23e135b1abfff10c1034d7414cfe413\" style=\"color:#cf2e2e\"><strong>\u00bfC\u00f3mo transformar\u00e1 la IA el sector editorial?<\/strong><\/h3>\n\n\n\n<figure class=\"wp-block-image size-large\"><img loading=\"lazy\" decoding=\"async\" width=\"1024\" height=\"576\" src=\"https:\/\/culturayciencia.org\/litterae\/wp-content\/uploads\/2024\/05\/Como_transformara_la_ia_el_sector_editorial_litterae_2024-1024x576.jpg\" alt=\"\" class=\"wp-image-4663\" srcset=\"https:\/\/culturayciencia.org\/litterae\/wp-content\/uploads\/2024\/05\/Como_transformara_la_ia_el_sector_editorial_litterae_2024-1024x576.jpg 1024w, https:\/\/culturayciencia.org\/litterae\/wp-content\/uploads\/2024\/05\/Como_transformara_la_ia_el_sector_editorial_litterae_2024-300x169.jpg 300w, https:\/\/culturayciencia.org\/litterae\/wp-content\/uploads\/2024\/05\/Como_transformara_la_ia_el_sector_editorial_litterae_2024-768x432.jpg 768w, https:\/\/culturayciencia.org\/litterae\/wp-content\/uploads\/2024\/05\/Como_transformara_la_ia_el_sector_editorial_litterae_2024-1536x864.jpg 1536w, https:\/\/culturayciencia.org\/litterae\/wp-content\/uploads\/2024\/05\/Como_transformara_la_ia_el_sector_editorial_litterae_2024-2048x1152.jpg 2048w\" sizes=\"auto, (max-width: 1024px) 100vw, 1024px\" \/><\/figure>\n\n\n\n<p><\/p>\n\n\n\n<ul class=\"wp-block-list\">\n<li style=\"font-size:15px\"><strong>H\u00e9ctor Calvo<\/strong><br>Subdirector Centro de coordinaci\u00f3n de Industrias Culturales &#8211; Ministerio de cultura<br><\/li>\n\n\n\n<li style=\"font-size:15px\"><strong>Arantza Larrauri<br><\/strong>Directora General &#8211; Libranda<br><\/li>\n\n\n\n<li style=\"font-size:15px\"><strong>Antonio Quir\u00f3s<br><\/strong>Co-Fundador Intelivoz &#8211; Intelivoz<br><\/li>\n\n\n\n<li style=\"font-size:15px\"><strong>Jos\u00e9 Luis del Rio<\/strong><br>Coordinador de la Comisi\u00f3n de Peque\u00f1os Editores de la Asociaci\u00f3n de Editores de Madrid y Editor de Apache Libros (Moderador)&nbsp;&#8211; Editorial Apache<\/li>\n<\/ul>\n\n\n\n<div class=\"wp-block-uagb-buttons uagb-buttons__outer-wrap uagb-btn__default-btn uagb-btn-tablet__default-btn uagb-btn-mobile__default-btn uagb-block-cb26f6f6\"><div class=\"uagb-buttons__wrap uagb-buttons-layout-wrap \">\n<div class=\"wp-block-uagb-buttons-child uagb-buttons__outer-wrap uagb-block-99e76f7e wp-block-button\"><div class=\"uagb-button__wrapper\"><a class=\"uagb-buttons-repeater wp-block-button__link\" aria-label=\"\" href=\"https:\/\/culturayciencia.org\/litterae\/como-transformara-la-ia-el-sector-editorial\/\" rel=\"follow noopener\" target=\"_self\" role=\"button\"><div class=\"uagb-button__link\">M\u00e1s informaci\u00f3n<\/div><\/a><\/div><\/div>\n<\/div><\/div>\n<\/div>\n\n\n\n<div class=\"wp-block-column is-layout-flow wp-block-column-is-layout-flow\">\n<div class=\"wp-block-uagb-advanced-heading uagb-block-fcf890dd\"><h1 class=\"uagb-heading-text\"><strong>12:30 h.<\/strong><\/h1><\/div>\n\n\n\n<h3 class=\"wp-block-heading has-text-align-center has-text-color has-link-color wp-elements-f94495ca3c4292e2030bd50d490c150d\" style=\"color:#cf2e2e\"><strong>Literatura juvenil, crossover: \u00bfqui\u00e9nes son los\/as lectores\/as tras el boom literario?<\/strong><\/h3>\n\n\n\n<figure class=\"wp-block-image size-large\"><img loading=\"lazy\" decoding=\"async\" width=\"1024\" height=\"576\" src=\"https:\/\/culturayciencia.org\/litterae\/wp-content\/uploads\/2024\/05\/Literatura_juvenil_litterae_2024_02-1024x576.jpg\" alt=\"\" class=\"wp-image-4708\" srcset=\"https:\/\/culturayciencia.org\/litterae\/wp-content\/uploads\/2024\/05\/Literatura_juvenil_litterae_2024_02-1024x576.jpg 1024w, https:\/\/culturayciencia.org\/litterae\/wp-content\/uploads\/2024\/05\/Literatura_juvenil_litterae_2024_02-300x169.jpg 300w, https:\/\/culturayciencia.org\/litterae\/wp-content\/uploads\/2024\/05\/Literatura_juvenil_litterae_2024_02-768x432.jpg 768w, https:\/\/culturayciencia.org\/litterae\/wp-content\/uploads\/2024\/05\/Literatura_juvenil_litterae_2024_02-1536x864.jpg 1536w, https:\/\/culturayciencia.org\/litterae\/wp-content\/uploads\/2024\/05\/Literatura_juvenil_litterae_2024_02-2048x1152.jpg 2048w\" sizes=\"auto, (max-width: 1024px) 100vw, 1024px\" \/><\/figure>\n\n\n\n<p><\/p>\n\n\n\n<ul class=\"wp-block-list\">\n<li style=\"font-size:15px\"><strong>Patricia Ibarcena<br><\/strong>Escritora, creadora de contenidos<br><\/li>\n\n\n\n<li style=\"font-size:15px\"><strong>Leonel Teti<\/strong><br>Editor &#8211; Editorial Puck<br><\/li>\n\n\n\n<li style=\"font-size:15px\"><strong>Marina Mena<br><\/strong>Editora &#8211; Editoriales Contraluz y Faeris<br><\/li>\n\n\n\n<li style=\"font-size:15px\"><strong>Paulo Cos\u00edn <br><\/strong>Director Editorial &#8211; Ediciones Morata (Moderador)<\/li>\n<\/ul>\n\n\n\n<div class=\"wp-block-uagb-buttons uagb-buttons__outer-wrap uagb-btn__default-btn uagb-btn-tablet__default-btn uagb-btn-mobile__default-btn uagb-block-7c3d133a\"><div class=\"uagb-buttons__wrap uagb-buttons-layout-wrap \">\n<div class=\"wp-block-uagb-buttons-child uagb-buttons__outer-wrap uagb-block-f18f14c2 wp-block-button\"><div class=\"uagb-button__wrapper\"><a class=\"uagb-buttons-repeater wp-block-button__link\" aria-label=\"\" href=\"https:\/\/culturayciencia.org\/litterae\/literatura-juvenil-crossover-quienes-son-los-as-lectores-as-tras-el-boom-literario\/\" rel=\"follow noopener\" target=\"_self\" role=\"button\"><div class=\"uagb-button__link\">M\u00e1s informaci\u00f3n<\/div><\/a><\/div><\/div>\n<\/div><\/div>\n<\/div>\n\n\n\n<div class=\"wp-block-column is-layout-flow wp-block-column-is-layout-flow\">\n<div class=\"wp-block-uagb-advanced-heading uagb-block-1fbc3782\"><h1 class=\"uagb-heading-text\"><strong>17:00 h.<\/strong><\/h1><\/div>\n\n\n\n<h3 class=\"wp-block-heading has-text-align-center has-text-color has-link-color wp-elements-934ce853ef2bc43e636c4a54068dceaa\" style=\"color:#cf2e2e\"><strong>G\u00e9neros eternos: Teatro y poes\u00eda<\/strong><\/h3>\n\n\n\n<figure class=\"wp-block-image size-large is-resized\"><img loading=\"lazy\" decoding=\"async\" width=\"1024\" height=\"576\" src=\"https:\/\/culturayciencia.org\/litterae\/wp-content\/uploads\/2024\/05\/Generos_eternos_teatro_poesia_litterae_2024-1024x576.jpg\" alt=\"\" class=\"wp-image-4651\" style=\"width:317px;height:auto\" srcset=\"https:\/\/culturayciencia.org\/litterae\/wp-content\/uploads\/2024\/05\/Generos_eternos_teatro_poesia_litterae_2024-1024x576.jpg 1024w, https:\/\/culturayciencia.org\/litterae\/wp-content\/uploads\/2024\/05\/Generos_eternos_teatro_poesia_litterae_2024-300x169.jpg 300w, https:\/\/culturayciencia.org\/litterae\/wp-content\/uploads\/2024\/05\/Generos_eternos_teatro_poesia_litterae_2024-768x432.jpg 768w, https:\/\/culturayciencia.org\/litterae\/wp-content\/uploads\/2024\/05\/Generos_eternos_teatro_poesia_litterae_2024-1536x864.jpg 1536w, https:\/\/culturayciencia.org\/litterae\/wp-content\/uploads\/2024\/05\/Generos_eternos_teatro_poesia_litterae_2024-2048x1152.jpg 2048w\" sizes=\"auto, (max-width: 1024px) 100vw, 1024px\" \/><\/figure>\n\n\n\n<p><\/p>\n\n\n\n<ul class=\"wp-block-list\">\n<li style=\"font-size:15px\"><strong>\u00c1ngel Jim\u00e9nez<br><\/strong>Editor &#8211; \u00c9ride Ediciones<br><\/li>\n\n\n\n<li style=\"font-size:15px\"><strong>Conchita Pi\u00f1a<br><\/strong>Editora &#8211; Ant\u00edgona Ediciones<br><\/li>\n\n\n\n<li style=\"font-size:15px\"><strong>Ligia Boga<br><\/strong>Editora &#8211; Editorial Mueve tu lengua<br><\/li>\n\n\n\n<li style=\"font-size:15px\"><strong>Manolo Borr\u00e1s<br><\/strong>Editor &#8211; Editorial Pre-textos<br><\/li>\n\n\n\n<li style=\"font-size:15px\"><strong>Arturo Tendero<br><\/strong>Escritor. Cr\u00edtico literario. (Moderador)<\/li>\n<\/ul>\n\n\n\n<div class=\"wp-block-uagb-buttons uagb-buttons__outer-wrap uagb-btn__default-btn uagb-btn-tablet__default-btn uagb-btn-mobile__default-btn uagb-block-1177a210\"><div class=\"uagb-buttons__wrap uagb-buttons-layout-wrap \">\n<div class=\"wp-block-uagb-buttons-child uagb-buttons__outer-wrap uagb-block-2528e36e wp-block-button\"><div class=\"uagb-button__wrapper\"><a class=\"uagb-buttons-repeater wp-block-button__link\" aria-label=\"\" href=\"https:\/\/culturayciencia.org\/litterae\/generos-eternos-teatro-y-poesia\/\" rel=\"follow noopener\" target=\"_self\" role=\"button\"><div class=\"uagb-button__link\">M\u00e1s informaci\u00f3n<\/div><\/a><\/div><\/div>\n<\/div><\/div>\n<\/div>\n<\/div>\n\n\n\n<div class=\"wp-block-columns is-layout-flex wp-container-core-columns-is-layout-9d6595d7 wp-block-columns-is-layout-flex\">\n<div class=\"wp-block-column is-layout-flow wp-block-column-is-layout-flow\">\n<div class=\"wp-block-uagb-advanced-heading uagb-block-59b113ce\"><h1 class=\"uagb-heading-text\"><strong>18:30 h.<\/strong><\/h1><\/div>\n\n\n\n<h3 class=\"wp-block-heading has-text-align-center has-text-color has-link-color wp-elements-376401a10b9b08fb83ba9946209e1eff\" style=\"color:#cf2e2e\"><strong>Fomento de la lectura: casos de \u00e9xito<\/strong><\/h3>\n\n\n\n<figure class=\"wp-block-image size-large\"><img loading=\"lazy\" decoding=\"async\" width=\"1024\" height=\"576\" src=\"https:\/\/culturayciencia.org\/litterae\/wp-content\/uploads\/2024\/05\/Fomento_lecturas_litterae_2024-1024x576.jpg\" alt=\"\" class=\"wp-image-4645\" srcset=\"https:\/\/culturayciencia.org\/litterae\/wp-content\/uploads\/2024\/05\/Fomento_lecturas_litterae_2024-1024x576.jpg 1024w, https:\/\/culturayciencia.org\/litterae\/wp-content\/uploads\/2024\/05\/Fomento_lecturas_litterae_2024-300x169.jpg 300w, https:\/\/culturayciencia.org\/litterae\/wp-content\/uploads\/2024\/05\/Fomento_lecturas_litterae_2024-768x432.jpg 768w, https:\/\/culturayciencia.org\/litterae\/wp-content\/uploads\/2024\/05\/Fomento_lecturas_litterae_2024-1536x864.jpg 1536w, https:\/\/culturayciencia.org\/litterae\/wp-content\/uploads\/2024\/05\/Fomento_lecturas_litterae_2024-2048x1152.jpg 2048w\" sizes=\"auto, (max-width: 1024px) 100vw, 1024px\" \/><\/figure>\n\n\n\n<p><\/p>\n\n\n\n<ul class=\"wp-block-list\">\n<li style=\"font-size:15px\"><strong>Alberto Soler<br><\/strong>Coordinador &#8211; Premio Mandarache<br><\/li>\n\n\n\n<li style=\"font-size:15px\"><strong>Benjam\u00edn Recacha<\/strong><br>Miembro del equipo docente y de comunicaci\u00f3n &#8211; Atrapavientos<br><\/li>\n\n\n\n<li style=\"font-size:15px\"><strong>Jos\u00e9 Molina<\/strong><br>Fundador &#8211; Vallecas todo cultura<br><\/li>\n\n\n\n<li style=\"font-size:15px\"><strong>Antonio Liu Yang<br><\/strong>Escritor, abogado, facilitador intercultural (Moderador)<\/li>\n<\/ul>\n\n\n\n<div class=\"wp-block-buttons is-content-justification-center is-layout-flex wp-container-core-buttons-is-layout-16018d1d wp-block-buttons-is-layout-flex\">\n<div class=\"wp-block-button\"><a class=\"wp-block-button__link has-background wp-element-button\" href=\"https:\/\/culturayciencia.org\/litterae\/fomento-de-la-lectura-casos-de-exito\/\" style=\"border-radius:15px;background-color:#cf2e2e\">M\u00e1s informaci\u00f3n<\/a><\/div>\n<\/div>\n<\/div>\n\n\n\n<div class=\"wp-block-column is-layout-flow wp-block-column-is-layout-flow\">\n<div class=\"wp-block-uagb-advanced-heading uagb-block-d54c55ff\"><h1 class=\"uagb-heading-text\"><strong> <\/strong><\/h1><\/div>\n\n\n\n<h3 class=\"wp-block-heading has-text-align-center has-text-color has-link-color wp-elements-0493b5df01bf1aac0895ee5c2af6854c\" style=\"color:#cf2e2e\"><strong> <\/strong><\/h3>\n\n\n\n<p><\/p>\n<\/div>\n\n\n\n<div class=\"wp-block-column is-layout-flow wp-block-column-is-layout-flow\">\n<div class=\"wp-block-uagb-advanced-heading uagb-block-3a58b3ec\"><h1 class=\"uagb-heading-text\"><strong> <\/strong><\/h1><\/div>\n\n\n\n<h3 class=\"wp-block-heading has-text-align-center has-text-color has-link-color wp-elements-34339e5444ac505820e72d0595a87937\" style=\"color:#cf2e2e\"><\/h3>\n\n\n\n<p><\/p>\n<\/div>\n<\/div>\n","protected":false},"excerpt":{"rendered":"","protected":false},"author":4,"featured_media":4566,"parent":0,"menu_order":0,"comment_status":"closed","ping_status":"closed","template":"","meta":{"_acf_changed":false,"om_disable_all_campaigns":false,"_uag_custom_page_level_css":"","_monsterinsights_skip_tracking":false,"_monsterinsights_sitenote_active":false,"_monsterinsights_sitenote_note":"","_monsterinsights_sitenote_category":0,"_uf_show_specific_survey":0,"_uf_disable_surveys":false,"footnotes":""},"class_list":{"0":"post-4369","1":"page","2":"type-page","3":"status-publish","4":"has-post-thumbnail","6":"no-featured-image-padding"},"acf":[],"aioseo_notices":[],"uagb_featured_image_src":{"full":["https:\/\/culturayciencia.org\/litterae\/wp-content\/uploads\/2024\/05\/Litterae_2024_web-scaled.jpg",2560,1302,false],"thumbnail":["https:\/\/culturayciencia.org\/litterae\/wp-content\/uploads\/2024\/05\/Litterae_2024_web-150x150.jpg",150,150,true],"medium":["https:\/\/culturayciencia.org\/litterae\/wp-content\/uploads\/2024\/05\/Litterae_2024_web-300x153.jpg",300,153,true],"medium_large":["https:\/\/culturayciencia.org\/litterae\/wp-content\/uploads\/2024\/05\/Litterae_2024_web-768x391.jpg",768,391,true],"large":["https:\/\/culturayciencia.org\/litterae\/wp-content\/uploads\/2024\/05\/Litterae_2024_web-1024x521.jpg",1024,521,true],"1536x1536":["https:\/\/culturayciencia.org\/litterae\/wp-content\/uploads\/2024\/05\/Litterae_2024_web-1536x781.jpg",1536,781,true],"2048x2048":["https:\/\/culturayciencia.org\/litterae\/wp-content\/uploads\/2024\/05\/Litterae_2024_web-2048x1042.jpg",2048,1042,true]},"uagb_author_info":{"display_name":false,"author_link":"https:\/\/culturayciencia.org\/litterae\/author\/librerae\/"},"uagb_comment_info":0,"uagb_excerpt":null,"_links":{"self":[{"href":"https:\/\/culturayciencia.org\/litterae\/wp-json\/wp\/v2\/pages\/4369","targetHints":{"allow":["GET"]}}],"collection":[{"href":"https:\/\/culturayciencia.org\/litterae\/wp-json\/wp\/v2\/pages"}],"about":[{"href":"https:\/\/culturayciencia.org\/litterae\/wp-json\/wp\/v2\/types\/page"}],"author":[{"embeddable":true,"href":"https:\/\/culturayciencia.org\/litterae\/wp-json\/wp\/v2\/users\/4"}],"replies":[{"embeddable":true,"href":"https:\/\/culturayciencia.org\/litterae\/wp-json\/wp\/v2\/comments?post=4369"}],"version-history":[{"count":0,"href":"https:\/\/culturayciencia.org\/litterae\/wp-json\/wp\/v2\/pages\/4369\/revisions"}],"wp:featuredmedia":[{"embeddable":true,"href":"https:\/\/culturayciencia.org\/litterae\/wp-json\/wp\/v2\/media\/4566"}],"wp:attachment":[{"href":"https:\/\/culturayciencia.org\/litterae\/wp-json\/wp\/v2\/media?parent=4369"}],"curies":[{"name":"wp","href":"https:\/\/api.w.org\/{rel}","templated":true}]}}