{"id":438,"date":"2019-09-04T19:55:45","date_gmt":"2019-09-04T17:55:45","guid":{"rendered":"https:\/\/culturayciencia.org\/litterae\/?page_id=438"},"modified":"2019-09-13T10:39:05","modified_gmt":"2019-09-13T08:39:05","slug":"veronique-kirchoff","status":"publish","type":"page","link":"https:\/\/culturayciencia.org\/litterae\/veronique-kirchoff\/","title":{"rendered":"Veronique Kirchoff"},"content":{"rendered":"\n<div class=\"wp-block-image\"><figure class=\"alignleft\"><img decoding=\"async\" src=\"https:\/\/culturayciencia.org\/litterae\/wp-content\/uploads\/2019\/09\/V\u00e9ronique_Kirchhoff_Litterae_.jpg\" alt=\"\" class=\"wp-image-487\"\/><\/figure><\/div>\n\n\n\n<h2 class=\"wp-block-heading\" style=\"text-align:center\"><strong> Veronique Kirchhoff<\/strong><\/h2>\n\n\n\n<p style=\"text-align:center\"><strong> Agencia Literaria VeroK <\/strong><\/p>\n\n\n\n<p style=\"text-align:justify\">Fund\u00f3 en 2008 la Agencia Literaria VeroK especializada en literatura infantil, despu\u00e9s de haber trabajado en el departamento de derechos extranjeros de dos importantes editoriales brit\u00e1nicas: Kingfisher Publications y Walker Books. Representa a editores de Europa, Am\u00e9rica del Norte\/Canad\u00e1 y Australia, as\u00ed como a varios artistas, entre los que se encuentra la exitosa escritora franco-canadiense Marianne Dubuc, publicada en m\u00e1s de 30 idiomas. Es una agente feliz, coleccionista de libros infantiles de \u00e9poca y una gran fan de los gigantes, personajes infantiles.&nbsp;&nbsp; <\/p>\n\n\n\n<div class=\"wp-block-uagb-team uagb-team uagb-team__outer-wrap uagb-team__image-position-above uagb-team__align-center uagb-team__stack-tablet\" id=\"uagb-team-a97ba2f3-e853-479d-a1de-70c691d44f43\"><div class=\"uagb-team__wrap\"><div class=\"uagb-team__content\"><div class=\"uagb-team__title-wrap\"><h3 class=\"uagb-team__title\"><\/h3><span class=\"uagb-team__prefix\"><\/span><\/div><div class=\"uagb-team__desc-wrap\"><p class=\"uagb-team__desc\"> Web:\u00a0<a rel=\"noreferrer noopener\" aria-label=\" (abre en una nueva pesta\u00f1a)\" href=\"http:\/\/www.verokagency.com\" target=\"_blank\">www.verokagency.com<\/a> <\/p><\/div><\/div><\/div><\/div>\n","protected":false},"excerpt":{"rendered":"","protected":false},"author":4,"featured_media":0,"parent":0,"menu_order":0,"comment_status":"closed","ping_status":"closed","template":"","meta":{"_acf_changed":false,"om_disable_all_campaigns":false,"_uag_custom_page_level_css":"","_monsterinsights_skip_tracking":false,"_monsterinsights_sitenote_active":false,"_monsterinsights_sitenote_note":"","_monsterinsights_sitenote_category":0,"_uf_show_specific_survey":0,"_uf_disable_surveys":false,"footnotes":""},"class_list":{"0":"post-438","1":"page","2":"type-page","3":"status-publish","5":"no-featured-image-padding"},"acf":[],"aioseo_notices":[],"uagb_featured_image_src":{"full":false,"thumbnail":false,"medium":false,"medium_large":false,"large":false,"1536x1536":false,"2048x2048":false},"uagb_author_info":{"display_name":false,"author_link":"https:\/\/culturayciencia.org\/litterae\/author\/librerae\/"},"uagb_comment_info":0,"uagb_excerpt":null,"_links":{"self":[{"href":"https:\/\/culturayciencia.org\/litterae\/wp-json\/wp\/v2\/pages\/438","targetHints":{"allow":["GET"]}}],"collection":[{"href":"https:\/\/culturayciencia.org\/litterae\/wp-json\/wp\/v2\/pages"}],"about":[{"href":"https:\/\/culturayciencia.org\/litterae\/wp-json\/wp\/v2\/types\/page"}],"author":[{"embeddable":true,"href":"https:\/\/culturayciencia.org\/litterae\/wp-json\/wp\/v2\/users\/4"}],"replies":[{"embeddable":true,"href":"https:\/\/culturayciencia.org\/litterae\/wp-json\/wp\/v2\/comments?post=438"}],"version-history":[{"count":0,"href":"https:\/\/culturayciencia.org\/litterae\/wp-json\/wp\/v2\/pages\/438\/revisions"}],"wp:attachment":[{"href":"https:\/\/culturayciencia.org\/litterae\/wp-json\/wp\/v2\/media?parent=438"}],"curies":[{"name":"wp","href":"https:\/\/api.w.org\/{rel}","templated":true}]}}