{"id":441,"date":"2019-09-04T20:24:15","date_gmt":"2019-09-04T18:24:15","guid":{"rendered":"https:\/\/culturayciencia.org\/litterae\/?page_id=441"},"modified":"2019-09-13T10:20:26","modified_gmt":"2019-09-13T08:20:26","slug":"asun-sarrado","status":"publish","type":"page","link":"https:\/\/culturayciencia.org\/litterae\/asun-sarrado\/","title":{"rendered":"Asun Sarrado"},"content":{"rendered":"\n<div class=\"wp-block-image\"><figure class=\"alignleft\"><img loading=\"lazy\" decoding=\"async\" width=\"400\" height=\"400\" src=\"https:\/\/culturayciencia.org\/litterae\/wp-content\/uploads\/2019\/09\/Asun_Sarrado_Litterae.jpg\" alt=\"\" class=\"wp-image-318\" srcset=\"https:\/\/culturayciencia.org\/litterae\/wp-content\/uploads\/2019\/09\/Asun_Sarrado_Litterae.jpg 400w, https:\/\/culturayciencia.org\/litterae\/wp-content\/uploads\/2019\/09\/Asun_Sarrado_Litterae-150x150.jpg 150w, https:\/\/culturayciencia.org\/litterae\/wp-content\/uploads\/2019\/09\/Asun_Sarrado_Litterae-300x300.jpg 300w\" sizes=\"auto, (max-width: 400px) 100vw, 400px\" \/><\/figure><\/div>\n\n\n\n<h2 class=\"wp-block-heading\" style=\"text-align:center\"><strong> Asun Sarrado<\/strong> <strong>Gal\u00e1n<\/strong><\/h2>\n\n\n\n<p style=\"text-align:center\"><strong>Editorial Cosquillas<\/strong><\/p>\n\n\n\n<p style=\"text-align:justify\"> Fundadora de editorial Cosquillas.  <\/p>\n\n\n\n<p style=\"text-align:justify\">Su inter\u00e9s y pasi\u00f3n por la literatura, el mundo de la ilustraci\u00f3n y el dise\u00f1o gr\u00e1fico le llev\u00f3 a la idea de emprender su propio negocio creando una editorial en la que poder ofrecer \u00e1lbumes ilustrados para p\u00fablico <strong>familiar.<\/strong><\/p>\n\n\n\n<p style=\"text-align:justify\">Sus libros ofrecen historias que tratan temas universales protagonizadas por ni\u00f1os y ni\u00f1as o personajes ficticios como los duendes. Son aventuras contadas de tal manera que el p\u00fablico infantil puede entender facilmente y reconocerse en ellas.<\/p>\n\n\n\n<p style=\"text-align:justify\">Como editora, Asun cuida el contenido del texto, la maquetaci\u00f3n y cada uno de los detalles del proceso de elaboraci\u00f3n del libro. Elige cuidadosamente cada tipograf\u00eda, los colores, el tama\u00f1o de las letras e incluso la posici\u00f3n de las mismas para dar mayor armon\u00eda a la composici\u00f3n de sus p\u00e1ginas. Conserva siempre el mismo formato, impreso en papel, con tapa dura, cosido y con detalles \u00fanicos que despiertan las ganas y la curiosidad por aprender a leer, a imaginar, a descubrir y dejarse sorprender.<\/p>\n\n\n\n<p style=\"text-align:justify\">Conseguir que sus libros sean valorados y apreciados por un selecto p\u00fablico es el objetivo principal de Asun.  Que sean libros para compartir entre adultos y ni\u00f1os, llenando de emociones y sentimientos cada una de las p\u00e1ginas, creando recuerdos que les acompa\u00f1ar\u00e1n con el paso del tiempo, y estableciendo una conexi\u00f3n \u00fanica, muy especial, entre el libro y su due\u00f1o. Por ese motivo no le gusta encajarlos para una edad determinada. Cada persona puede descubrir en ellos algo nuevo de si misma, d\u00e1ndole distintas interpretaciones, seg\u00fan lo redescubra y lea, en diferentes momentos de su vida.  <\/p>\n","protected":false},"excerpt":{"rendered":"","protected":false},"author":4,"featured_media":0,"parent":0,"menu_order":0,"comment_status":"closed","ping_status":"closed","template":"","meta":{"_acf_changed":false,"om_disable_all_campaigns":false,"_uag_custom_page_level_css":"","_monsterinsights_skip_tracking":false,"_monsterinsights_sitenote_active":false,"_monsterinsights_sitenote_note":"","_monsterinsights_sitenote_category":0,"_uf_show_specific_survey":0,"_uf_disable_surveys":false,"footnotes":""},"class_list":{"0":"post-441","1":"page","2":"type-page","3":"status-publish","5":"no-featured-image-padding"},"acf":[],"aioseo_notices":[],"uagb_featured_image_src":{"full":false,"thumbnail":false,"medium":false,"medium_large":false,"large":false,"1536x1536":false,"2048x2048":false},"uagb_author_info":{"display_name":false,"author_link":"https:\/\/culturayciencia.org\/litterae\/author\/librerae\/"},"uagb_comment_info":0,"uagb_excerpt":null,"_links":{"self":[{"href":"https:\/\/culturayciencia.org\/litterae\/wp-json\/wp\/v2\/pages\/441","targetHints":{"allow":["GET"]}}],"collection":[{"href":"https:\/\/culturayciencia.org\/litterae\/wp-json\/wp\/v2\/pages"}],"about":[{"href":"https:\/\/culturayciencia.org\/litterae\/wp-json\/wp\/v2\/types\/page"}],"author":[{"embeddable":true,"href":"https:\/\/culturayciencia.org\/litterae\/wp-json\/wp\/v2\/users\/4"}],"replies":[{"embeddable":true,"href":"https:\/\/culturayciencia.org\/litterae\/wp-json\/wp\/v2\/comments?post=441"}],"version-history":[{"count":0,"href":"https:\/\/culturayciencia.org\/litterae\/wp-json\/wp\/v2\/pages\/441\/revisions"}],"wp:attachment":[{"href":"https:\/\/culturayciencia.org\/litterae\/wp-json\/wp\/v2\/media?parent=441"}],"curies":[{"name":"wp","href":"https:\/\/api.w.org\/{rel}","templated":true}]}}