{"id":4451,"date":"2024-04-30T15:19:21","date_gmt":"2024-04-30T13:19:21","guid":{"rendered":"https:\/\/culturayciencia.org\/litterae\/?page_id=4451"},"modified":"2024-04-30T15:19:25","modified_gmt":"2024-04-30T13:19:25","slug":"conchita-pina","status":"publish","type":"page","link":"https:\/\/culturayciencia.org\/litterae\/conchita-pina\/","title":{"rendered":"Conchita Pi\u00f1a"},"content":{"rendered":"\n<section class=\"wp-block-uagb-columns uagb-columns__wrap uagb-columns__stack-mobile uagb-columns__valign-top uagb-columns__gap-10 align uagb-block-6d2fc7ed uagb-columns__columns-2 uagb-columns__max_width-theme\"><div class=\"uagb-columns__overlay\"><\/div><div class=\"uagb-columns__inner-wrap uagb-columns__columns-2\">\n<div class=\"wp-block-uagb-column uagb-column__wrap uagb-column__background-color uagb-block-98aac7ba\"><div class=\"uagb-column__overlay\"><\/div><div class=\"wp-block-image is-style-rounded\">\n<figure class=\"aligncenter size-full\"><img loading=\"lazy\" decoding=\"async\" width=\"417\" height=\"417\" src=\"https:\/\/culturayciencia.org\/litterae\/wp-content\/uploads\/2024\/04\/Conchita_pina_Litterae_2024.jpg\" alt=\"\" class=\"wp-image-4454\" srcset=\"https:\/\/culturayciencia.org\/litterae\/wp-content\/uploads\/2024\/04\/Conchita_pina_Litterae_2024.jpg 417w, https:\/\/culturayciencia.org\/litterae\/wp-content\/uploads\/2024\/04\/Conchita_pina_Litterae_2024-300x300.jpg 300w, https:\/\/culturayciencia.org\/litterae\/wp-content\/uploads\/2024\/04\/Conchita_pina_Litterae_2024-150x150.jpg 150w\" sizes=\"auto, (max-width: 417px) 100vw, 417px\" \/><\/figure>\n<\/div>\n\n\n<h2 class=\"wp-block-heading has-text-align-center has-medium-font-size\"><strong>Conchita Pi\u00f1a<\/strong><\/h2>\n\n\n\n<p class=\"has-text-align-center has-vivid-red-color has-text-color\">Cofundadora Ediciones Ant\u00edgona<\/p>\n<\/div>\n\n\n\n<div class=\"wp-block-uagb-column uagb-column__wrap uagb-column__background-undefined uagb-block-af01522f\"><div class=\"uagb-column__overlay\"><\/div>\n<p>Licenciada en Filosof\u00eda por la UCM, es cofundadora de EDICIONES ANT\u00cdGONA, una editorial especializada en la publicaci\u00f3n de textos teatrales contempor\u00e1neos. Dentro de la editorial dirige las colecciones de Teatro, Filosof\u00eda y Cr\u00edtica teatral. Es responsable, adem\u00e1s, del proyecto cultural, educativo y de desarrollo internacional de la editorial. Colabora con el IEMA (Instituto de Estudio del Mundo Antiguo), filial de Ediciones Ant\u00edgona, un centro de investigaci\u00f3n que desarrolla una labor de difusi\u00f3n del conocimiento sobre la Antig\u00fcedad a trav\u00e9s de cursos, actividades de fomento de la investigaci\u00f3n y talleres formativos. Tambi\u00e9n de la mano de Ediciones Ant\u00edgona, ha fundado Conchita Pi\u00f1a Agencia de Teatro, una agencia de representaci\u00f3n encargada de promocionar y difundir la<\/p>\n\n\n\n<p>dramaturgia m\u00e1s actual. Es cofundadora de la Liga de las Mujeres Profesionales del Teatro. Forma parte desde 2014 del comit\u00e9 espa\u00f1ol de EURODRAM la red europea de traducci\u00f3n teatral en lenguajes europeos, mediterr\u00e1neos y de Asia Central. Desde 2019 es Acad\u00e9mica de las Artes Esc\u00e9nicas de Espa\u00f1a. Forma parte de ASSITEJ (Asociaci\u00f3n Internacional de Teatro para la Infancia y la Juventud) y de ANILIJ (Asociaci\u00f3n Nacional de Investigaci\u00f3n en Literatura Infantil y Juvenil). Como actriz, ha estrenado en el Teatro Lara de Madrid su tercer espect\u00e1culo de poes\u00eda <em>Ejercicios de filosof\u00eda para caer de pie <\/em>con direcci\u00f3n de Juan Carlos Rubio<em>.<\/em><\/p>\n<\/div>\n<\/div><\/section>\n\n\n","protected":false},"excerpt":{"rendered":"","protected":false},"author":4,"featured_media":0,"parent":0,"menu_order":0,"comment_status":"closed","ping_status":"closed","template":"","meta":{"_acf_changed":false,"om_disable_all_campaigns":false,"_uag_custom_page_level_css":"","_monsterinsights_skip_tracking":false,"_monsterinsights_sitenote_active":false,"_monsterinsights_sitenote_note":"","_monsterinsights_sitenote_category":0,"_uf_show_specific_survey":0,"_uf_disable_surveys":false,"footnotes":""},"class_list":{"0":"post-4451","1":"page","2":"type-page","3":"status-publish","5":"no-featured-image-padding"},"acf":[],"aioseo_notices":[],"uagb_featured_image_src":{"full":false,"thumbnail":false,"medium":false,"medium_large":false,"large":false,"1536x1536":false,"2048x2048":false},"uagb_author_info":{"display_name":false,"author_link":"https:\/\/culturayciencia.org\/litterae\/author\/librerae\/"},"uagb_comment_info":0,"uagb_excerpt":null,"_links":{"self":[{"href":"https:\/\/culturayciencia.org\/litterae\/wp-json\/wp\/v2\/pages\/4451","targetHints":{"allow":["GET"]}}],"collection":[{"href":"https:\/\/culturayciencia.org\/litterae\/wp-json\/wp\/v2\/pages"}],"about":[{"href":"https:\/\/culturayciencia.org\/litterae\/wp-json\/wp\/v2\/types\/page"}],"author":[{"embeddable":true,"href":"https:\/\/culturayciencia.org\/litterae\/wp-json\/wp\/v2\/users\/4"}],"replies":[{"embeddable":true,"href":"https:\/\/culturayciencia.org\/litterae\/wp-json\/wp\/v2\/comments?post=4451"}],"version-history":[{"count":0,"href":"https:\/\/culturayciencia.org\/litterae\/wp-json\/wp\/v2\/pages\/4451\/revisions"}],"wp:attachment":[{"href":"https:\/\/culturayciencia.org\/litterae\/wp-json\/wp\/v2\/media?parent=4451"}],"curies":[{"name":"wp","href":"https:\/\/api.w.org\/{rel}","templated":true}]}}

Conchita Piña

<section class="wp-block-uagb-columns uagb-columns__wrap uagb-columns__stack-mobile uagb-columns__valign-top uagb-columns__gap-10 align uagb-block-6d2fc7ed uagb-columns__columns-2 uagb-columns__max_width-theme"><div class="uagb-columns__overlay"></div><div class="uagb-columns__inner-wrap uagb-columns__columns-2">
<div class="wp-block-uagb-column uagb-column__wrap uagb-column__background-color uagb-block-98aac7ba"><div class="uagb-column__overlay"></div><div class="wp-block-image is-style-rounded">
<figure class="aligncenter size-full"><img loading="lazy" decoding="async" width="417" height="417" src="https://culturayciencia.org/litterae/wp-content/uploads/2024/04/Conchita_pina_Litterae_2024.jpg" alt="" class="wp-image-4454" srcset="https://culturayciencia.org/litterae/wp-content/uploads/2024/04/Conchita_pina_Litterae_2024.jpg 417w, https://culturayciencia.org/litterae/wp-content/uploads/2024/04/Conchita_pina_Litterae_2024-300x300.jpg 300w, https://culturayciencia.org/litterae/wp-content/uploads/2024/04/Conchita_pina_Litterae_2024-150x150.jpg 150w" sizes="auto, (max-width: 417px) 100vw, 417px" /></figure>
</div>


<h2 class="wp-block-heading has-text-align-center has-medium-font-size"><strong>Conchita Piña</strong></h2>



<p class="has-text-align-center has-vivid-red-color has-text-color">Cofundadora Ediciones Antígona</p>
</div>



<div class="wp-block-uagb-column uagb-column__wrap uagb-column__background-undefined uagb-block-af01522f"><div class="uagb-column__overlay"></div>
<p>Licenciada en Filosofía por la UCM, es cofundadora de EDICIONES ANTÍGONA, una editorial especializada en la publicación de textos teatrales contemporáneos. Dentro de la editorial dirige las colecciones de Teatro, Filosofía y Crítica teatral. Es responsable, además, del proyecto cultural, educativo y de desarrollo internacional de la editorial. Colabora con el IEMA (Instituto de Estudio del Mundo Antiguo), filial de Ediciones Antígona, un centro de investigación que desarrolla una labor de difusión del conocimiento sobre la Antigüedad a través de cursos, actividades de fomento de la investigación y talleres formativos. También de la mano de Ediciones Antígona, ha fundado Conchita Piña Agencia de Teatro, una agencia de representación encargada de promocionar y difundir la</p>



<p>dramaturgia más actual. Es cofundadora de la Liga de las Mujeres Profesionales del Teatro. Forma parte desde 2014 del comité español de EURODRAM la red europea de traducción teatral en lenguajes europeos, mediterráneos y de Asia Central. Desde 2019 es Académica de las Artes Escénicas de España. Forma parte de ASSITEJ (Asociación Internacional de Teatro para la Infancia y la Juventud) y de ANILIJ (Asociación Nacional de Investigación en Literatura Infantil y Juvenil). Como actriz, ha estrenado en el Teatro Lara de Madrid su tercer espectáculo de poesía <em>Ejercicios de filosofía para caer de pie </em>con dirección de Juan Carlos Rubio<em>.</em></p>
</div>
</div></section>
