{"id":4466,"date":"2024-05-02T10:55:14","date_gmt":"2024-05-02T08:55:14","guid":{"rendered":"https:\/\/culturayciencia.org\/litterae\/?page_id=4466"},"modified":"2024-05-02T10:55:17","modified_gmt":"2024-05-02T08:55:17","slug":"antonio-quiros","status":"publish","type":"page","link":"https:\/\/culturayciencia.org\/litterae\/antonio-quiros\/","title":{"rendered":"Antonio Quir\u00f3s"},"content":{"rendered":"\n<section class=\"wp-block-uagb-columns uagb-columns__wrap uagb-columns__stack-mobile uagb-columns__valign-top uagb-columns__gap-10 align uagb-block-6d2fc7ed uagb-columns__columns-2 uagb-columns__max_width-theme\"><div class=\"uagb-columns__overlay\"><\/div><div class=\"uagb-columns__inner-wrap uagb-columns__columns-2\">\n<div class=\"wp-block-uagb-column uagb-column__wrap uagb-column__background-color uagb-block-98aac7ba\"><div class=\"uagb-column__overlay\"><\/div><div class=\"wp-block-image is-style-rounded\">\n<figure class=\"aligncenter size-full\"><img loading=\"lazy\" decoding=\"async\" width=\"417\" height=\"417\" src=\"https:\/\/culturayciencia.org\/litterae\/wp-content\/uploads\/2024\/05\/Antonio_Quiros_Litterae_2024-1.jpg\" alt=\"\" class=\"wp-image-4467\" srcset=\"https:\/\/culturayciencia.org\/litterae\/wp-content\/uploads\/2024\/05\/Antonio_Quiros_Litterae_2024-1.jpg 417w, https:\/\/culturayciencia.org\/litterae\/wp-content\/uploads\/2024\/05\/Antonio_Quiros_Litterae_2024-1-300x300.jpg 300w, https:\/\/culturayciencia.org\/litterae\/wp-content\/uploads\/2024\/05\/Antonio_Quiros_Litterae_2024-1-150x150.jpg 150w\" sizes=\"auto, (max-width: 417px) 100vw, 417px\" \/><\/figure>\n<\/div>\n\n\n<h2 class=\"wp-block-heading has-text-align-center has-medium-font-size\"><strong>Antonio Quir\u00f3s<\/strong><\/h2>\n\n\n\n<p class=\"has-text-align-center has-vivid-red-color has-text-color\">Fundador de Intelivoz.<\/p>\n<\/div>\n\n\n\n<div class=\"wp-block-uagb-column uagb-column__wrap uagb-column__background-undefined uagb-block-af01522f\"><div class=\"uagb-column__overlay\"><\/div>\n<p>Licenciado en Filosof\u00eda por la UCM y Graduado en Direcci\u00f3n General de Empresas (PDG) por el IESE. Ha fundado varias empresas en el \u00e1mbito de la tecnolog\u00eda. Grupo EIDOS fue la primera de ellas, que tras varios a\u00f1os de crecimiento fue adquirida en 2002 por la multinacional Prologue Software.&nbsp;<\/p>\n\n\n\n<p>En 2009 puso en marcha Luarna Ediciones, una de las primeras editoriales digitales que comenz\u00f3 a operar en nuestro pa\u00eds.<\/p>\n\n\n\n<p>En 2010 fue cofundador de BQ, empresa espa\u00f1ola de ingenier\u00eda centrada en el desarrollo y comercializaci\u00f3n de dispositivos de electr\u00f3nica de consumo (facturaci\u00f3n &gt; 250M\u20ac). En BQ desarroll\u00f3 los servicios de postventa que prestaban soporte y servicio t\u00e9cnico a los varios millones de usuarios de la misma en todos los pa\u00edses donde ten\u00eda implantaci\u00f3n.<\/p>\n\n\n\n<p>En la actualidad est\u00e1 desarrollando Intelivoz, una compa\u00f1\u00eda de IA en el \u00e1mbito de los servicios&nbsp;de&nbsp;voz.<\/p>\n\n\n\n<p><\/p>\n<\/div>\n<\/div><\/section>\n","protected":false},"excerpt":{"rendered":"","protected":false},"author":4,"featured_media":0,"parent":0,"menu_order":0,"comment_status":"closed","ping_status":"closed","template":"","meta":{"_acf_changed":false,"om_disable_all_campaigns":false,"_uag_custom_page_level_css":"","_monsterinsights_skip_tracking":false,"_monsterinsights_sitenote_active":false,"_monsterinsights_sitenote_note":"","_monsterinsights_sitenote_category":0,"_uf_show_specific_survey":0,"_uf_disable_surveys":false,"footnotes":""},"class_list":{"0":"post-4466","1":"page","2":"type-page","3":"status-publish","5":"no-featured-image-padding"},"acf":[],"aioseo_notices":[],"uagb_featured_image_src":{"full":false,"thumbnail":false,"medium":false,"medium_large":false,"large":false,"1536x1536":false,"2048x2048":false},"uagb_author_info":{"display_name":false,"author_link":"https:\/\/culturayciencia.org\/litterae\/author\/librerae\/"},"uagb_comment_info":0,"uagb_excerpt":null,"_links":{"self":[{"href":"https:\/\/culturayciencia.org\/litterae\/wp-json\/wp\/v2\/pages\/4466","targetHints":{"allow":["GET"]}}],"collection":[{"href":"https:\/\/culturayciencia.org\/litterae\/wp-json\/wp\/v2\/pages"}],"about":[{"href":"https:\/\/culturayciencia.org\/litterae\/wp-json\/wp\/v2\/types\/page"}],"author":[{"embeddable":true,"href":"https:\/\/culturayciencia.org\/litterae\/wp-json\/wp\/v2\/users\/4"}],"replies":[{"embeddable":true,"href":"https:\/\/culturayciencia.org\/litterae\/wp-json\/wp\/v2\/comments?post=4466"}],"version-history":[{"count":0,"href":"https:\/\/culturayciencia.org\/litterae\/wp-json\/wp\/v2\/pages\/4466\/revisions"}],"wp:attachment":[{"href":"https:\/\/culturayciencia.org\/litterae\/wp-json\/wp\/v2\/media?parent=4466"}],"curies":[{"name":"wp","href":"https:\/\/api.w.org\/{rel}","templated":true}]}}

Antonio Quirós

<section class="wp-block-uagb-columns uagb-columns__wrap uagb-columns__stack-mobile uagb-columns__valign-top uagb-columns__gap-10 align uagb-block-6d2fc7ed uagb-columns__columns-2 uagb-columns__max_width-theme"><div class="uagb-columns__overlay"></div><div class="uagb-columns__inner-wrap uagb-columns__columns-2">
<div class="wp-block-uagb-column uagb-column__wrap uagb-column__background-color uagb-block-98aac7ba"><div class="uagb-column__overlay"></div><div class="wp-block-image is-style-rounded">
<figure class="aligncenter size-full"><img loading="lazy" decoding="async" width="417" height="417" src="https://culturayciencia.org/litterae/wp-content/uploads/2024/05/Antonio_Quiros_Litterae_2024-1.jpg" alt="" class="wp-image-4467" srcset="https://culturayciencia.org/litterae/wp-content/uploads/2024/05/Antonio_Quiros_Litterae_2024-1.jpg 417w, https://culturayciencia.org/litterae/wp-content/uploads/2024/05/Antonio_Quiros_Litterae_2024-1-300x300.jpg 300w, https://culturayciencia.org/litterae/wp-content/uploads/2024/05/Antonio_Quiros_Litterae_2024-1-150x150.jpg 150w" sizes="auto, (max-width: 417px) 100vw, 417px" /></figure>
</div>


<h2 class="wp-block-heading has-text-align-center has-medium-font-size"><strong>Antonio Quirós</strong></h2>



<p class="has-text-align-center has-vivid-red-color has-text-color">Fundador de Intelivoz.</p>
</div>



<div class="wp-block-uagb-column uagb-column__wrap uagb-column__background-undefined uagb-block-af01522f"><div class="uagb-column__overlay"></div>
<p>Licenciado en Filosofía por la UCM y Graduado en Dirección General de Empresas (PDG) por el IESE. Ha fundado varias empresas en el ámbito de la tecnología. Grupo EIDOS fue la primera de ellas, que tras varios años de crecimiento fue adquirida en 2002 por la multinacional Prologue Software.&nbsp;</p>



<p>En 2009 puso en marcha Luarna Ediciones, una de las primeras editoriales digitales que comenzó a operar en nuestro país.</p>



<p>En 2010 fue cofundador de BQ, empresa española de ingeniería centrada en el desarrollo y comercialización de dispositivos de electrónica de consumo (facturación &gt; 250M€). En BQ desarrolló los servicios de postventa que prestaban soporte y servicio técnico a los varios millones de usuarios de la misma en todos los países donde tenía implantación.</p>



<p>En la actualidad está desarrollando Intelivoz, una compañía de IA en el ámbito de los servicios&nbsp;de&nbsp;voz.</p>



<p></p>
</div>
</div></section>
