{"id":4482,"date":"2024-05-02T11:29:33","date_gmt":"2024-05-02T09:29:33","guid":{"rendered":"https:\/\/culturayciencia.org\/litterae\/?page_id=4482"},"modified":"2024-05-02T11:29:35","modified_gmt":"2024-05-02T09:29:35","slug":"ella-sher","status":"publish","type":"page","link":"https:\/\/culturayciencia.org\/litterae\/ella-sher\/","title":{"rendered":"Ella Sher"},"content":{"rendered":"\n<section class=\"wp-block-uagb-columns uagb-columns__wrap uagb-columns__stack-mobile uagb-columns__valign-top uagb-columns__gap-10 align uagb-block-6d2fc7ed uagb-columns__columns-2 uagb-columns__max_width-theme\"><div class=\"uagb-columns__overlay\"><\/div><div class=\"uagb-columns__inner-wrap uagb-columns__columns-2\">\n<div class=\"wp-block-uagb-column uagb-column__wrap uagb-column__background-color uagb-block-98aac7ba\"><div class=\"uagb-column__overlay\"><\/div><div class=\"wp-block-image is-style-rounded\">\n<figure class=\"aligncenter size-full\"><img loading=\"lazy\" decoding=\"async\" width=\"417\" height=\"417\" src=\"https:\/\/culturayciencia.org\/litterae\/wp-content\/uploads\/2024\/05\/Ella_Sher_Litterae_2024-1.jpg\" alt=\"\" class=\"wp-image-4483\" srcset=\"https:\/\/culturayciencia.org\/litterae\/wp-content\/uploads\/2024\/05\/Ella_Sher_Litterae_2024-1.jpg 417w, https:\/\/culturayciencia.org\/litterae\/wp-content\/uploads\/2024\/05\/Ella_Sher_Litterae_2024-1-300x300.jpg 300w, https:\/\/culturayciencia.org\/litterae\/wp-content\/uploads\/2024\/05\/Ella_Sher_Litterae_2024-1-150x150.jpg 150w\" sizes=\"auto, (max-width: 417px) 100vw, 417px\" \/><\/figure>\n<\/div>\n\n\n<h2 class=\"wp-block-heading has-text-align-center has-medium-font-size\"><strong>Ella Sher<\/strong><\/h2>\n\n\n\n<p class=\"has-text-align-center has-vivid-red-color has-text-color\">The Ella Sher Literary Agency.<\/p>\n<\/div>\n\n\n\n<div class=\"wp-block-uagb-column uagb-column__wrap uagb-column__background-undefined uagb-block-af01522f\"><div class=\"uagb-column__overlay\"><\/div>\n<p>Naci\u00f3 en Mil\u00e1n en 1979. En 1998 empez\u00f3 a trabajar en la editorial Adelphi, hasta que en 2005 se traslad\u00f3 a Barcelona. En Barcelona trabaj\u00f3 en dos agencias literarias y en una editorial hasta 2010, cuando decidi\u00f3 fundar su propia agencia literaria, The Ella Sher Literary Agency. Desde su agencia gestiona los derechos extranjeros, en territorios espec\u00edficos, de editoriales internacionales y representa a autores espa\u00f1oles y portugueses en todos los idiomas del mundo. \u00a0Entre los clientes extranjeros que representa en Espa\u00f1a y Am\u00e9rica Latina se encuentran editoriales y agencias italianas y francesas. Desde julio de 2018, la agencia, junto con Ella, viaja y vive entre Lisboa y Barcelona.<\/p>\n<\/div>\n<\/div><\/section>\n","protected":false},"excerpt":{"rendered":"","protected":false},"author":4,"featured_media":0,"parent":0,"menu_order":0,"comment_status":"closed","ping_status":"closed","template":"","meta":{"_acf_changed":false,"om_disable_all_campaigns":false,"_uag_custom_page_level_css":"","_monsterinsights_skip_tracking":false,"_monsterinsights_sitenote_active":false,"_monsterinsights_sitenote_note":"","_monsterinsights_sitenote_category":0,"_uf_show_specific_survey":0,"_uf_disable_surveys":false,"footnotes":""},"class_list":{"0":"post-4482","1":"page","2":"type-page","3":"status-publish","5":"no-featured-image-padding"},"acf":[],"aioseo_notices":[],"uagb_featured_image_src":{"full":false,"thumbnail":false,"medium":false,"medium_large":false,"large":false,"1536x1536":false,"2048x2048":false},"uagb_author_info":{"display_name":false,"author_link":"https:\/\/culturayciencia.org\/litterae\/author\/librerae\/"},"uagb_comment_info":0,"uagb_excerpt":null,"_links":{"self":[{"href":"https:\/\/culturayciencia.org\/litterae\/wp-json\/wp\/v2\/pages\/4482","targetHints":{"allow":["GET"]}}],"collection":[{"href":"https:\/\/culturayciencia.org\/litterae\/wp-json\/wp\/v2\/pages"}],"about":[{"href":"https:\/\/culturayciencia.org\/litterae\/wp-json\/wp\/v2\/types\/page"}],"author":[{"embeddable":true,"href":"https:\/\/culturayciencia.org\/litterae\/wp-json\/wp\/v2\/users\/4"}],"replies":[{"embeddable":true,"href":"https:\/\/culturayciencia.org\/litterae\/wp-json\/wp\/v2\/comments?post=4482"}],"version-history":[{"count":0,"href":"https:\/\/culturayciencia.org\/litterae\/wp-json\/wp\/v2\/pages\/4482\/revisions"}],"wp:attachment":[{"href":"https:\/\/culturayciencia.org\/litterae\/wp-json\/wp\/v2\/media?parent=4482"}],"curies":[{"name":"wp","href":"https:\/\/api.w.org\/{rel}","templated":true}]}}

<section class="wp-block-uagb-columns uagb-columns__wrap uagb-columns__stack-mobile uagb-columns__valign-top uagb-columns__gap-10 align uagb-block-6d2fc7ed uagb-columns__columns-2 uagb-columns__max_width-theme"><div class="uagb-columns__overlay"></div><div class="uagb-columns__inner-wrap uagb-columns__columns-2">
<div class="wp-block-uagb-column uagb-column__wrap uagb-column__background-color uagb-block-98aac7ba"><div class="uagb-column__overlay"></div><div class="wp-block-image is-style-rounded">
<figure class="aligncenter size-full"><img loading="lazy" decoding="async" width="417" height="417" src="https://culturayciencia.org/litterae/wp-content/uploads/2024/05/Ella_Sher_Litterae_2024-1.jpg" alt="" class="wp-image-4483" srcset="https://culturayciencia.org/litterae/wp-content/uploads/2024/05/Ella_Sher_Litterae_2024-1.jpg 417w, https://culturayciencia.org/litterae/wp-content/uploads/2024/05/Ella_Sher_Litterae_2024-1-300x300.jpg 300w, https://culturayciencia.org/litterae/wp-content/uploads/2024/05/Ella_Sher_Litterae_2024-1-150x150.jpg 150w" sizes="auto, (max-width: 417px) 100vw, 417px" /></figure>
</div>


<h2 class="wp-block-heading has-text-align-center has-medium-font-size"><strong>Ella Sher</strong></h2>



<p class="has-text-align-center has-vivid-red-color has-text-color">The Ella Sher Literary Agency.</p>
</div>



<div class="wp-block-uagb-column uagb-column__wrap uagb-column__background-undefined uagb-block-af01522f"><div class="uagb-column__overlay"></div>
<p>Nació en Milán en 1979. En 1998 empezó a trabajar en la editorial Adelphi, hasta que en 2005 se trasladó a Barcelona. En Barcelona trabajó en dos agencias literarias y en una editorial hasta 2010, cuando decidió fundar su propia agencia literaria, The Ella Sher Literary Agency. Desde su agencia gestiona los derechos extranjeros, en territorios específicos, de editoriales internacionales y representa a autores españoles y portugueses en todos los idiomas del mundo.  Entre los clientes extranjeros que representa en España y América Latina se encuentran editoriales y agencias italianas y francesas. Desde julio de 2018, la agencia, junto con Ella, viaja y vive entre Lisboa y Barcelona.</p>
</div>
</div></section>
