{"id":4486,"date":"2024-05-02T11:35:01","date_gmt":"2024-05-02T09:35:01","guid":{"rendered":"https:\/\/culturayciencia.org\/litterae\/?page_id=4486"},"modified":"2024-05-02T11:35:05","modified_gmt":"2024-05-02T09:35:05","slug":"alberto-soler-soto","status":"publish","type":"page","link":"https:\/\/culturayciencia.org\/litterae\/alberto-soler-soto\/","title":{"rendered":"Alberto Soler Soto"},"content":{"rendered":"\n<section class=\"wp-block-uagb-columns uagb-columns__wrap uagb-columns__stack-mobile uagb-columns__valign-top uagb-columns__gap-10 align uagb-block-6d2fc7ed uagb-columns__columns-2 uagb-columns__max_width-theme\"><div class=\"uagb-columns__overlay\"><\/div><div class=\"uagb-columns__inner-wrap uagb-columns__columns-2\">\n<div class=\"wp-block-uagb-column uagb-column__wrap uagb-column__background-color uagb-block-98aac7ba\"><div class=\"uagb-column__overlay\"><\/div><div class=\"wp-block-image is-style-rounded\">\n<figure class=\"aligncenter size-full\"><img loading=\"lazy\" decoding=\"async\" width=\"417\" height=\"417\" src=\"https:\/\/culturayciencia.org\/litterae\/wp-content\/uploads\/2024\/05\/Alberto_Soler_Soto_Litterae_2024-1.jpg\" alt=\"\" class=\"wp-image-4487\" srcset=\"https:\/\/culturayciencia.org\/litterae\/wp-content\/uploads\/2024\/05\/Alberto_Soler_Soto_Litterae_2024-1.jpg 417w, https:\/\/culturayciencia.org\/litterae\/wp-content\/uploads\/2024\/05\/Alberto_Soler_Soto_Litterae_2024-1-300x300.jpg 300w, https:\/\/culturayciencia.org\/litterae\/wp-content\/uploads\/2024\/05\/Alberto_Soler_Soto_Litterae_2024-1-150x150.jpg 150w\" sizes=\"auto, (max-width: 417px) 100vw, 417px\" \/><\/figure>\n<\/div>\n\n\n<h2 class=\"wp-block-heading has-text-align-center has-medium-font-size\"><strong>Alberto Soler Soto<\/strong><\/h2>\n\n\n\n<p class=\"has-text-align-center has-vivid-red-color has-text-color\"><strong>Responsable Premio Mandarache<\/strong>.<\/p>\n<\/div>\n\n\n\n<div class=\"wp-block-uagb-column uagb-column__wrap uagb-column__background-undefined uagb-block-af01522f\"><div class=\"uagb-column__overlay\"><\/div>\n<p>Cartagena, Espa\u00f1a, 1980. Licenciado en Filolog\u00eda Hisp\u00e1nica por la Universidad de Murcia y Master en Juventud y Sociedad por la Fundaci\u00f3n UNED. Es t\u00e9cnico de Juventud y su labor se desenvuelve sobre todo en el binomio cultura y j\u00f3venes. Coordina desde 2004 los Premios Mandarache y Hache en el Ayuntamiento de Cartagena, proyecto que recibi\u00f3 en 2014 el Premio Nacional al Fomento de la Lectura; y en 2017 el Premio Los Mejores, otorgado por el peri\u00f3dico La Verdad. En 2014 fue invitado por el Departamento de Estado de Estados Unidos al programa International Visitors Leadership Program, enfocado en el campo de la participaci\u00f3n juvenil y el liderazgo. En 2017 el diario La Opini\u00f3n lo reconoci\u00f3 con el premio Los Importantes, junto a otras personalidades destacadas de la Regi\u00f3n de Murcia. Ha publicado el poemario <em>Los tigres devoran poetas por amor<\/em> (Balduque, 2014) y la plaquette <em>\u00bfEs que quieres que te llamen mariquita?<\/em> (ad minimum, 2022)<\/p>\n<\/div>\n<\/div><\/section>\n","protected":false},"excerpt":{"rendered":"","protected":false},"author":4,"featured_media":0,"parent":0,"menu_order":0,"comment_status":"closed","ping_status":"closed","template":"","meta":{"_acf_changed":false,"om_disable_all_campaigns":false,"_uag_custom_page_level_css":"","_monsterinsights_skip_tracking":false,"_monsterinsights_sitenote_active":false,"_monsterinsights_sitenote_note":"","_monsterinsights_sitenote_category":0,"_uf_show_specific_survey":0,"_uf_disable_surveys":false,"footnotes":""},"class_list":{"0":"post-4486","1":"page","2":"type-page","3":"status-publish","5":"no-featured-image-padding"},"acf":[],"aioseo_notices":[],"uagb_featured_image_src":{"full":false,"thumbnail":false,"medium":false,"medium_large":false,"large":false,"1536x1536":false,"2048x2048":false},"uagb_author_info":{"display_name":false,"author_link":"https:\/\/culturayciencia.org\/litterae\/author\/librerae\/"},"uagb_comment_info":0,"uagb_excerpt":null,"_links":{"self":[{"href":"https:\/\/culturayciencia.org\/litterae\/wp-json\/wp\/v2\/pages\/4486","targetHints":{"allow":["GET"]}}],"collection":[{"href":"https:\/\/culturayciencia.org\/litterae\/wp-json\/wp\/v2\/pages"}],"about":[{"href":"https:\/\/culturayciencia.org\/litterae\/wp-json\/wp\/v2\/types\/page"}],"author":[{"embeddable":true,"href":"https:\/\/culturayciencia.org\/litterae\/wp-json\/wp\/v2\/users\/4"}],"replies":[{"embeddable":true,"href":"https:\/\/culturayciencia.org\/litterae\/wp-json\/wp\/v2\/comments?post=4486"}],"version-history":[{"count":0,"href":"https:\/\/culturayciencia.org\/litterae\/wp-json\/wp\/v2\/pages\/4486\/revisions"}],"wp:attachment":[{"href":"https:\/\/culturayciencia.org\/litterae\/wp-json\/wp\/v2\/media?parent=4486"}],"curies":[{"name":"wp","href":"https:\/\/api.w.org\/{rel}","templated":true}]}}

<section class="wp-block-uagb-columns uagb-columns__wrap uagb-columns__stack-mobile uagb-columns__valign-top uagb-columns__gap-10 align uagb-block-6d2fc7ed uagb-columns__columns-2 uagb-columns__max_width-theme"><div class="uagb-columns__overlay"></div><div class="uagb-columns__inner-wrap uagb-columns__columns-2">
<div class="wp-block-uagb-column uagb-column__wrap uagb-column__background-color uagb-block-98aac7ba"><div class="uagb-column__overlay"></div><div class="wp-block-image is-style-rounded">
<figure class="aligncenter size-full"><img loading="lazy" decoding="async" width="417" height="417" src="https://culturayciencia.org/litterae/wp-content/uploads/2024/05/Alberto_Soler_Soto_Litterae_2024-1.jpg" alt="" class="wp-image-4487" srcset="https://culturayciencia.org/litterae/wp-content/uploads/2024/05/Alberto_Soler_Soto_Litterae_2024-1.jpg 417w, https://culturayciencia.org/litterae/wp-content/uploads/2024/05/Alberto_Soler_Soto_Litterae_2024-1-300x300.jpg 300w, https://culturayciencia.org/litterae/wp-content/uploads/2024/05/Alberto_Soler_Soto_Litterae_2024-1-150x150.jpg 150w" sizes="auto, (max-width: 417px) 100vw, 417px" /></figure>
</div>


<h2 class="wp-block-heading has-text-align-center has-medium-font-size"><strong>Alberto Soler Soto</strong></h2>



<p class="has-text-align-center has-vivid-red-color has-text-color"><strong>Responsable Premio Mandarache</strong>.</p>
</div>



<div class="wp-block-uagb-column uagb-column__wrap uagb-column__background-undefined uagb-block-af01522f"><div class="uagb-column__overlay"></div>
<p>Cartagena, España, 1980. Licenciado en Filología Hispánica por la Universidad de Murcia y Master en Juventud y Sociedad por la Fundación UNED. Es técnico de Juventud y su labor se desenvuelve sobre todo en el binomio cultura y jóvenes. Coordina desde 2004 los Premios Mandarache y Hache en el Ayuntamiento de Cartagena, proyecto que recibió en 2014 el Premio Nacional al Fomento de la Lectura; y en 2017 el Premio Los Mejores, otorgado por el periódico La Verdad. En 2014 fue invitado por el Departamento de Estado de Estados Unidos al programa International Visitors Leadership Program, enfocado en el campo de la participación juvenil y el liderazgo. En 2017 el diario La Opinión lo reconoció con el premio Los Importantes, junto a otras personalidades destacadas de la Región de Murcia. Ha publicado el poemario <em>Los tigres devoran poetas por amor</em> (Balduque, 2014) y la plaquette <em>¿Es que quieres que te llamen mariquita?</em> (ad minimum, 2022)</p>
</div>
</div></section>
