{"id":4494,"date":"2024-05-02T11:49:27","date_gmt":"2024-05-02T09:49:27","guid":{"rendered":"https:\/\/culturayciencia.org\/litterae\/?page_id=4494"},"modified":"2024-05-02T11:49:37","modified_gmt":"2024-05-02T09:49:37","slug":"javier-alcazar","status":"publish","type":"page","link":"https:\/\/culturayciencia.org\/litterae\/javier-alcazar\/","title":{"rendered":"Javier Alc\u00e1zar"},"content":{"rendered":"\n<section class=\"wp-block-uagb-columns uagb-columns__wrap uagb-columns__stack-mobile uagb-columns__valign-top uagb-columns__gap-10 align uagb-block-6d2fc7ed uagb-columns__columns-2 uagb-columns__max_width-theme\"><div class=\"uagb-columns__overlay\"><\/div><div class=\"uagb-columns__inner-wrap uagb-columns__columns-2\">\n<div class=\"wp-block-uagb-column uagb-column__wrap uagb-column__background-color uagb-block-98aac7ba\"><div class=\"uagb-column__overlay\"><\/div><div class=\"wp-block-image is-style-rounded\">\n<figure class=\"aligncenter size-full\"><img loading=\"lazy\" decoding=\"async\" width=\"417\" height=\"417\" src=\"https:\/\/culturayciencia.org\/litterae\/wp-content\/uploads\/2024\/05\/Javier_Alcazar_Litterae_2024-1.jpg\" alt=\"\" class=\"wp-image-4495\" srcset=\"https:\/\/culturayciencia.org\/litterae\/wp-content\/uploads\/2024\/05\/Javier_Alcazar_Litterae_2024-1.jpg 417w, https:\/\/culturayciencia.org\/litterae\/wp-content\/uploads\/2024\/05\/Javier_Alcazar_Litterae_2024-1-300x300.jpg 300w, https:\/\/culturayciencia.org\/litterae\/wp-content\/uploads\/2024\/05\/Javier_Alcazar_Litterae_2024-1-150x150.jpg 150w\" sizes=\"auto, (max-width: 417px) 100vw, 417px\" \/><\/figure>\n<\/div>\n\n\n<h2 class=\"wp-block-heading has-text-align-center has-medium-font-size\"><strong>Javier Alc\u00e1zar<\/strong><\/h2>\n\n\n\n<p class=\"has-text-align-center has-vivid-red-color has-text-color\">Editor Lecturia y Albo&amp;Zarco.<\/p>\n<\/div>\n\n\n\n<div class=\"wp-block-uagb-column uagb-column__wrap uagb-column__background-undefined uagb-block-af01522f\"><div class=\"uagb-column__overlay\"><\/div>\n<p>Naci\u00f3 en Madrid en 1986, estudi\u00f3 Biblioteconom\u00eda y Documentaci\u00f3n y estuvo vinculado al mundo del libro como librero durante varios a\u00f1os. Posteriormente estudi\u00f3 Trabajo Social y&nbsp;trabaj\u00f3 como profesor del Programa Tecnodemos para j\u00f3venes con discapacidad intelectual en la Universidad Pontificia Comillas durante 10 a\u00f1os.<\/p>\n\n\n\n<p>En el a\u00f1o 2016 descubri\u00f3 la Lectura F\u00e1cil, una metodolog\u00eda para hacer los textos accesibles a personas con dificultades de comprensi\u00f3n lectora, y esto le permiti\u00f3 combinar sus dos pasiones: los libros y la acci\u00f3n social. Realiz\u00f3 su tesis doctoral sobre esta metodolog\u00eda y adapt\u00f3 algunos t\u00edtulos como \u00abEl Principito\u00bb o \u00abEl intruso\u00bb. Finalmente, en 2022 decidi\u00f3 fundar la editorial \u00abLecturia\u00bb, especializada en publicar obras literarias en Lectura F\u00e1cil, as\u00ed como el sello \u00abAlbo &amp; Zarco\u00bb.<\/p>\n\n\n\n<p>Combina su trabajo de director editorial con su labor docente como especialista en diversidad en un M\u00e1ster de UNIR.<\/p>\n<\/div>\n<\/div><\/section>\n","protected":false},"excerpt":{"rendered":"","protected":false},"author":4,"featured_media":0,"parent":0,"menu_order":0,"comment_status":"closed","ping_status":"closed","template":"","meta":{"_acf_changed":false,"om_disable_all_campaigns":false,"_uag_custom_page_level_css":"","_monsterinsights_skip_tracking":false,"_monsterinsights_sitenote_active":false,"_monsterinsights_sitenote_note":"","_monsterinsights_sitenote_category":0,"_uf_show_specific_survey":0,"_uf_disable_surveys":false,"footnotes":""},"class_list":{"0":"post-4494","1":"page","2":"type-page","3":"status-publish","5":"no-featured-image-padding"},"acf":[],"aioseo_notices":[],"uagb_featured_image_src":{"full":false,"thumbnail":false,"medium":false,"medium_large":false,"large":false,"1536x1536":false,"2048x2048":false},"uagb_author_info":{"display_name":false,"author_link":"https:\/\/culturayciencia.org\/litterae\/author\/librerae\/"},"uagb_comment_info":0,"uagb_excerpt":null,"_links":{"self":[{"href":"https:\/\/culturayciencia.org\/litterae\/wp-json\/wp\/v2\/pages\/4494","targetHints":{"allow":["GET"]}}],"collection":[{"href":"https:\/\/culturayciencia.org\/litterae\/wp-json\/wp\/v2\/pages"}],"about":[{"href":"https:\/\/culturayciencia.org\/litterae\/wp-json\/wp\/v2\/types\/page"}],"author":[{"embeddable":true,"href":"https:\/\/culturayciencia.org\/litterae\/wp-json\/wp\/v2\/users\/4"}],"replies":[{"embeddable":true,"href":"https:\/\/culturayciencia.org\/litterae\/wp-json\/wp\/v2\/comments?post=4494"}],"version-history":[{"count":0,"href":"https:\/\/culturayciencia.org\/litterae\/wp-json\/wp\/v2\/pages\/4494\/revisions"}],"wp:attachment":[{"href":"https:\/\/culturayciencia.org\/litterae\/wp-json\/wp\/v2\/media?parent=4494"}],"curies":[{"name":"wp","href":"https:\/\/api.w.org\/{rel}","templated":true}]}}

Javier Alcázar

<section class="wp-block-uagb-columns uagb-columns__wrap uagb-columns__stack-mobile uagb-columns__valign-top uagb-columns__gap-10 align uagb-block-6d2fc7ed uagb-columns__columns-2 uagb-columns__max_width-theme"><div class="uagb-columns__overlay"></div><div class="uagb-columns__inner-wrap uagb-columns__columns-2">
<div class="wp-block-uagb-column uagb-column__wrap uagb-column__background-color uagb-block-98aac7ba"><div class="uagb-column__overlay"></div><div class="wp-block-image is-style-rounded">
<figure class="aligncenter size-full"><img loading="lazy" decoding="async" width="417" height="417" src="https://culturayciencia.org/litterae/wp-content/uploads/2024/05/Javier_Alcazar_Litterae_2024-1.jpg" alt="" class="wp-image-4495" srcset="https://culturayciencia.org/litterae/wp-content/uploads/2024/05/Javier_Alcazar_Litterae_2024-1.jpg 417w, https://culturayciencia.org/litterae/wp-content/uploads/2024/05/Javier_Alcazar_Litterae_2024-1-300x300.jpg 300w, https://culturayciencia.org/litterae/wp-content/uploads/2024/05/Javier_Alcazar_Litterae_2024-1-150x150.jpg 150w" sizes="auto, (max-width: 417px) 100vw, 417px" /></figure>
</div>


<h2 class="wp-block-heading has-text-align-center has-medium-font-size"><strong>Javier Alcázar</strong></h2>



<p class="has-text-align-center has-vivid-red-color has-text-color">Editor Lecturia y Albo&amp;Zarco.</p>
</div>



<div class="wp-block-uagb-column uagb-column__wrap uagb-column__background-undefined uagb-block-af01522f"><div class="uagb-column__overlay"></div>
<p>Nació en Madrid en 1986, estudió Biblioteconomía y Documentación y estuvo vinculado al mundo del libro como librero durante varios años. Posteriormente estudió Trabajo Social y&nbsp;trabajó como profesor del Programa Tecnodemos para jóvenes con discapacidad intelectual en la Universidad Pontificia Comillas durante 10 años.</p>



<p>En el año 2016 descubrió la Lectura Fácil, una metodología para hacer los textos accesibles a personas con dificultades de comprensión lectora, y esto le permitió combinar sus dos pasiones: los libros y la acción social. Realizó su tesis doctoral sobre esta metodología y adaptó algunos títulos como «El Principito» o «El intruso». Finalmente, en 2022 decidió fundar la editorial «Lecturia», especializada en publicar obras literarias en Lectura Fácil, así como el sello «Albo &amp; Zarco».</p>



<p>Combina su trabajo de director editorial con su labor docente como especialista en diversidad en un Máster de UNIR.</p>
</div>
</div></section>
