{"id":4527,"date":"2024-05-02T13:21:19","date_gmt":"2024-05-02T11:21:19","guid":{"rendered":"https:\/\/culturayciencia.org\/litterae\/?page_id=4527"},"modified":"2024-05-24T11:28:39","modified_gmt":"2024-05-24T09:28:39","slug":"ricardo-luis-barcelo-sanchez","status":"publish","type":"page","link":"https:\/\/culturayciencia.org\/litterae\/ricardo-luis-barcelo-sanchez\/","title":{"rendered":"Ricardo Luis Barcel\u00f3 S\u00e1nchez"},"content":{"rendered":"\n<section class=\"wp-block-uagb-columns uagb-columns__wrap uagb-columns__background-none uagb-columns__stack-mobile uagb-columns__valign-top uagb-columns__gap-10 align uagb-block-6d2fc7ed uagb-columns__columns-2 uagb-columns__max_width-theme\"><div class=\"uagb-columns__overlay\"><\/div><div class=\"uagb-columns__inner-wrap uagb-columns__columns-2\">\n<div class=\"wp-block-uagb-column uagb-column__wrap uagb-column__background-color uagb-block-98aac7ba\"><div class=\"uagb-column__overlay\"><\/div>\n<figure class=\"wp-block-image size-full is-style-rounded\"><img loading=\"lazy\" decoding=\"async\" width=\"417\" height=\"417\" src=\"https:\/\/culturayciencia.org\/litterae\/wp-content\/uploads\/2024\/05\/Ricardo_Barcelo_Litterae_2024-1.jpg\" alt=\"\" class=\"wp-image-4529\" srcset=\"https:\/\/culturayciencia.org\/litterae\/wp-content\/uploads\/2024\/05\/Ricardo_Barcelo_Litterae_2024-1.jpg 417w, https:\/\/culturayciencia.org\/litterae\/wp-content\/uploads\/2024\/05\/Ricardo_Barcelo_Litterae_2024-1-300x300.jpg 300w, https:\/\/culturayciencia.org\/litterae\/wp-content\/uploads\/2024\/05\/Ricardo_Barcelo_Litterae_2024-1-150x150.jpg 150w\" sizes=\"auto, (max-width: 417px) 100vw, 417px\" \/><\/figure>\n\n\n\n<h2 class=\"wp-block-heading has-text-align-center has-medium-font-size\"><strong><strong>Ricardo Luis Barcel\u00f3 S\u00e1nchez<\/strong><\/strong><\/h2>\n\n\n\n<p class=\"has-text-align-center has-vivid-red-color has-text-color\">Responsable de accesibilidad cognitiva de Plena inclusi\u00f3n Castilla-La Mancha.<br><\/p>\n<\/div>\n\n\n\n<div class=\"wp-block-uagb-column uagb-column__wrap uagb-column__background-undefined uagb-block-af01522f\"><div class=\"uagb-column__overlay\"><\/div>\n<p>Nacido en Madrid el 16 de noviembre de 1969. Licenciado en Periodismo por la Universidad Complutense de Madrid y Experto profesional en accesibilidad cognitiva. Lectura f\u00e1cil y otros recursos. Su trabajo en el mundo de la comunicaci\u00f3n y la discapacidad intelectual, durante m\u00e1s de 15 a\u00f1os, le llev\u00f3 a buscar formas de comunicar y de informar que fueran m\u00e1s comprensibles para todas las personas. <\/p>\n\n\n\n<p>Se adentr\u00f3, poco a poco, en la accesibilidad cognitiva y la lectura f\u00e1cil y ampli\u00f3 su formaci\u00f3n y su experiencia en mejorar la accesibilidad cognitiva de entornos, en adaptar documentos a lectura f\u00e1cil y en impartir cursos sobre la manera de hacer m\u00e1s comprensibles todas las cosas.<\/p>\n<\/div>\n<\/div><\/section>\n","protected":false},"excerpt":{"rendered":"","protected":false},"author":4,"featured_media":0,"parent":0,"menu_order":0,"comment_status":"closed","ping_status":"closed","template":"","meta":{"_acf_changed":false,"om_disable_all_campaigns":false,"_uag_custom_page_level_css":"","_monsterinsights_skip_tracking":false,"_monsterinsights_sitenote_active":false,"_monsterinsights_sitenote_note":"","_monsterinsights_sitenote_category":0,"_uf_show_specific_survey":0,"_uf_disable_surveys":false,"footnotes":""},"class_list":{"0":"post-4527","1":"page","2":"type-page","3":"status-publish","5":"no-featured-image-padding"},"acf":[],"aioseo_notices":[],"uagb_featured_image_src":{"full":false,"thumbnail":false,"medium":false,"medium_large":false,"large":false,"1536x1536":false,"2048x2048":false},"uagb_author_info":{"display_name":false,"author_link":"https:\/\/culturayciencia.org\/litterae\/author\/librerae\/"},"uagb_comment_info":0,"uagb_excerpt":null,"_links":{"self":[{"href":"https:\/\/culturayciencia.org\/litterae\/wp-json\/wp\/v2\/pages\/4527","targetHints":{"allow":["GET"]}}],"collection":[{"href":"https:\/\/culturayciencia.org\/litterae\/wp-json\/wp\/v2\/pages"}],"about":[{"href":"https:\/\/culturayciencia.org\/litterae\/wp-json\/wp\/v2\/types\/page"}],"author":[{"embeddable":true,"href":"https:\/\/culturayciencia.org\/litterae\/wp-json\/wp\/v2\/users\/4"}],"replies":[{"embeddable":true,"href":"https:\/\/culturayciencia.org\/litterae\/wp-json\/wp\/v2\/comments?post=4527"}],"version-history":[{"count":0,"href":"https:\/\/culturayciencia.org\/litterae\/wp-json\/wp\/v2\/pages\/4527\/revisions"}],"wp:attachment":[{"href":"https:\/\/culturayciencia.org\/litterae\/wp-json\/wp\/v2\/media?parent=4527"}],"curies":[{"name":"wp","href":"https:\/\/api.w.org\/{rel}","templated":true}]}}

Ricardo Luis Barceló Sánchez

<section class="wp-block-uagb-columns uagb-columns__wrap uagb-columns__background-none uagb-columns__stack-mobile uagb-columns__valign-top uagb-columns__gap-10 align uagb-block-6d2fc7ed uagb-columns__columns-2 uagb-columns__max_width-theme"><div class="uagb-columns__overlay"></div><div class="uagb-columns__inner-wrap uagb-columns__columns-2">
<div class="wp-block-uagb-column uagb-column__wrap uagb-column__background-color uagb-block-98aac7ba"><div class="uagb-column__overlay"></div>
<figure class="wp-block-image size-full is-style-rounded"><img loading="lazy" decoding="async" width="417" height="417" src="https://culturayciencia.org/litterae/wp-content/uploads/2024/05/Ricardo_Barcelo_Litterae_2024-1.jpg" alt="" class="wp-image-4529" srcset="https://culturayciencia.org/litterae/wp-content/uploads/2024/05/Ricardo_Barcelo_Litterae_2024-1.jpg 417w, https://culturayciencia.org/litterae/wp-content/uploads/2024/05/Ricardo_Barcelo_Litterae_2024-1-300x300.jpg 300w, https://culturayciencia.org/litterae/wp-content/uploads/2024/05/Ricardo_Barcelo_Litterae_2024-1-150x150.jpg 150w" sizes="auto, (max-width: 417px) 100vw, 417px" /></figure>



<h2 class="wp-block-heading has-text-align-center has-medium-font-size"><strong><strong>Ricardo Luis Barceló Sánchez</strong></strong></h2>



<p class="has-text-align-center has-vivid-red-color has-text-color">Responsable de accesibilidad cognitiva de Plena inclusión Castilla-La Mancha.<br></p>
</div>



<div class="wp-block-uagb-column uagb-column__wrap uagb-column__background-undefined uagb-block-af01522f"><div class="uagb-column__overlay"></div>
<p>Nacido en Madrid el 16 de noviembre de 1969. Licenciado en Periodismo por la Universidad Complutense de Madrid y Experto profesional en accesibilidad cognitiva. Lectura fácil y otros recursos. Su trabajo en el mundo de la comunicación y la discapacidad intelectual, durante más de 15 años, le llevó a buscar formas de comunicar y de informar que fueran más comprensibles para todas las personas. </p>



<p>Se adentró, poco a poco, en la accesibilidad cognitiva y la lectura fácil y amplió su formación y su experiencia en mejorar la accesibilidad cognitiva de entornos, en adaptar documentos a lectura fácil y en impartir cursos sobre la manera de hacer más comprensibles todas las cosas.</p>
</div>
</div></section>
