{"id":4544,"date":"2024-05-02T13:43:56","date_gmt":"2024-05-02T11:43:56","guid":{"rendered":"https:\/\/culturayciencia.org\/litterae\/?page_id=4544"},"modified":"2024-05-02T13:43:59","modified_gmt":"2024-05-02T11:43:59","slug":"jose-molina","status":"publish","type":"page","link":"https:\/\/culturayciencia.org\/litterae\/jose-molina\/","title":{"rendered":"Jos\u00e9 Molina"},"content":{"rendered":"\n<section class=\"wp-block-uagb-columns uagb-columns__wrap uagb-columns__stack-mobile uagb-columns__valign-top uagb-columns__gap-10 align uagb-block-6d2fc7ed uagb-columns__columns-2 uagb-columns__max_width-theme\"><div class=\"uagb-columns__overlay\"><\/div><div class=\"uagb-columns__inner-wrap uagb-columns__columns-2\">\n<div class=\"wp-block-uagb-column uagb-column__wrap uagb-column__background-color uagb-block-98aac7ba\"><div class=\"uagb-column__overlay\"><\/div><div class=\"wp-block-image is-style-rounded\">\n<figure class=\"aligncenter size-full\"><img loading=\"lazy\" decoding=\"async\" width=\"417\" height=\"417\" src=\"https:\/\/culturayciencia.org\/litterae\/wp-content\/uploads\/2024\/05\/Jose_Molina_Litterae_2024-1.jpg\" alt=\"\" class=\"wp-image-4545\" srcset=\"https:\/\/culturayciencia.org\/litterae\/wp-content\/uploads\/2024\/05\/Jose_Molina_Litterae_2024-1.jpg 417w, https:\/\/culturayciencia.org\/litterae\/wp-content\/uploads\/2024\/05\/Jose_Molina_Litterae_2024-1-300x300.jpg 300w, https:\/\/culturayciencia.org\/litterae\/wp-content\/uploads\/2024\/05\/Jose_Molina_Litterae_2024-1-150x150.jpg 150w\" sizes=\"auto, (max-width: 417px) 100vw, 417px\" \/><\/figure>\n<\/div>\n\n\n<h2 class=\"wp-block-heading has-text-align-center has-medium-font-size\"><strong>Jos\u00e9 Molina<\/strong><\/h2>\n\n\n\n<p class=\"has-text-align-center has-vivid-red-color has-text-color\">Creador de Vallecas Todo Cultura.<\/p>\n<\/div>\n\n\n\n<div class=\"wp-block-uagb-column uagb-column__wrap uagb-column__background-undefined uagb-block-af01522f\"><div class=\"uagb-column__overlay\"><\/div>\n<p>Es madrile\u00f1o. Vive en Vallecas en los \u00faltimos cincuenta a\u00f1os. Cre\u00f3 Vallecas Todo Cultura como reivindicaci\u00f3n pol\u00edtica que complementaba&nbsp;las transformaciones urban\u00edsticas y sociales realizadas en el barrio por las Asociaciones de Vecinos.<\/p>\n\n\n\n<p>Presidente de la AV. Palomeras Sureste, presidente de Vallecas todo Cultura. Ha sido vicepresidente de la Federaci\u00f3n de Asociaciones de Vecinos de Madrid.<\/p>\n\n\n\n<p>Enamorado de Vallecas, ha escrito 4 libros sobre su historia, adem\u00e1s de algunas monograf\u00edas de sus personajes.<\/p>\n\n\n\n<p>Ha puesto en marcha un gran archivo documental del barrio, a disposici\u00f3n de los estudiosos, entidades y personas interesadas por la historia, sociolog\u00eda y pol\u00edtica de Vallecas.<\/p>\n\n\n\n<p>En 1984, pone en marcha una iniciativa cultural y colectiva con asociaciones de vecinos y culturales de Puente y Villa&nbsp;de Vallecas, que denominan Vallecas Todo Cultura.<\/p>\n\n\n\n<p>La Cultura y la lectura, en concreto, fueron objeto de una atenci\u00f3n preferente, aunque la asociaci\u00f3n asumi\u00f3 otros muchos compromisos.<\/p>\n\n\n\n<p>Hace 25 a\u00f1os, idean Vallecas Calle del Libro, un intento por dar a conocer a los poetas que daban nombre a sus calles (Miguel Hern\u00e1ndez, Alberti, Garc\u00eda Lorca, Le\u00f3n Felipe, Pablo Neruda, Vicente Aleixandre, Blas de Otero, Antonio Machado, Gloria Fuertes, Rosalia de Castro), cuando los poetas muertos culminaron su repertorio, acudieron a los vivos (Caballero Bonald, Francisca Aguirre, Angelina Gatell, Ana Rossetti, Carlos \u00c1lvarez, Elvira Daudet, Luis Garc\u00eda Montero, Manuel Rico, \u00c1ngeles Mora), culminando esta 25 edici\u00f3n con Juan Carlos Mestre.<\/p>\n\n\n\n<p>Cada poeta ha tenido una edici\u00f3n con una antolog\u00eda de su obra que se ha distribuido entre los centros escolares, institutos y asociaciones vecinales de Puente y Villa de Vallecas. Hasta la fecha se han distribuido unos 30.000 libros de poes\u00eda y m\u00e1s de 50.000 libros de literatura variada.<\/p>\n\n\n\n<p>La actuaci\u00f3n lectora se ocupa a lo largo del a\u00f1o en recoger iniciativas de toda Espa\u00f1a y del resto de Europa sobre animaci\u00f3n a la lectura. lo que se traduce en m\u00e1s de XX ediciones de Experiencias Pr\u00e1cticas de Animaci\u00f3n Lectora.<\/p>\n\n\n\n<p>Por este programa recibieron en el 2004, el Premio Nacional de Fomento de la Lectura del Ministerio de Cultura.<\/p>\n\n\n\n<p>El encuentro con autores\/as en Institutos, colegios y asociaciones convoca a m\u00e1s de 50 escritores\/as.<\/p>\n\n\n\n<p>Cursos sobre animaci\u00f3n en Bibliotecas escolares y otras actividades que animen a la lectura en todas las edades, en otra de sus constantes.<\/p>\n\n\n\n<p>Le han dado mucha importancia a la creaci\u00f3n de bibliotecas escolares en cinco centros de Vallecas, para ello han utilizado libros de la SGAE, el Teatro Real, Comunidad de Madrid&nbsp; y la asociaci\u00f3n STJ.<\/p>\n\n\n\n<p>Le asignan importancia a la recuperaci\u00f3n a la memoria hist\u00f3rica de ambos distritos, editando libros y publicaciones que hacen menci\u00f3n al tema. Se han editado 10 t\u00edtulos.<\/p>\n\n\n\n<p>Cada edici\u00f3n, realizan una exposici\u00f3n de carteles con la vida y obra de los poetas y otros asuntos de inter\u00e9s. Estos se pasean por centros educativos y vecinales.<\/p>\n<\/div>\n<\/div><\/section>\n","protected":false},"excerpt":{"rendered":"","protected":false},"author":4,"featured_media":0,"parent":0,"menu_order":0,"comment_status":"closed","ping_status":"closed","template":"","meta":{"_acf_changed":false,"om_disable_all_campaigns":false,"_uag_custom_page_level_css":"","_monsterinsights_skip_tracking":false,"_monsterinsights_sitenote_active":false,"_monsterinsights_sitenote_note":"","_monsterinsights_sitenote_category":0,"_uf_show_specific_survey":0,"_uf_disable_surveys":false,"footnotes":""},"class_list":{"0":"post-4544","1":"page","2":"type-page","3":"status-publish","5":"no-featured-image-padding"},"acf":[],"aioseo_notices":[],"uagb_featured_image_src":{"full":false,"thumbnail":false,"medium":false,"medium_large":false,"large":false,"1536x1536":false,"2048x2048":false},"uagb_author_info":{"display_name":false,"author_link":"https:\/\/culturayciencia.org\/litterae\/author\/librerae\/"},"uagb_comment_info":0,"uagb_excerpt":null,"_links":{"self":[{"href":"https:\/\/culturayciencia.org\/litterae\/wp-json\/wp\/v2\/pages\/4544","targetHints":{"allow":["GET"]}}],"collection":[{"href":"https:\/\/culturayciencia.org\/litterae\/wp-json\/wp\/v2\/pages"}],"about":[{"href":"https:\/\/culturayciencia.org\/litterae\/wp-json\/wp\/v2\/types\/page"}],"author":[{"embeddable":true,"href":"https:\/\/culturayciencia.org\/litterae\/wp-json\/wp\/v2\/users\/4"}],"replies":[{"embeddable":true,"href":"https:\/\/culturayciencia.org\/litterae\/wp-json\/wp\/v2\/comments?post=4544"}],"version-history":[{"count":0,"href":"https:\/\/culturayciencia.org\/litterae\/wp-json\/wp\/v2\/pages\/4544\/revisions"}],"wp:attachment":[{"href":"https:\/\/culturayciencia.org\/litterae\/wp-json\/wp\/v2\/media?parent=4544"}],"curies":[{"name":"wp","href":"https:\/\/api.w.org\/{rel}","templated":true}]}}

José Molina

<section class="wp-block-uagb-columns uagb-columns__wrap uagb-columns__stack-mobile uagb-columns__valign-top uagb-columns__gap-10 align uagb-block-6d2fc7ed uagb-columns__columns-2 uagb-columns__max_width-theme"><div class="uagb-columns__overlay"></div><div class="uagb-columns__inner-wrap uagb-columns__columns-2">
<div class="wp-block-uagb-column uagb-column__wrap uagb-column__background-color uagb-block-98aac7ba"><div class="uagb-column__overlay"></div><div class="wp-block-image is-style-rounded">
<figure class="aligncenter size-full"><img loading="lazy" decoding="async" width="417" height="417" src="https://culturayciencia.org/litterae/wp-content/uploads/2024/05/Jose_Molina_Litterae_2024-1.jpg" alt="" class="wp-image-4545" srcset="https://culturayciencia.org/litterae/wp-content/uploads/2024/05/Jose_Molina_Litterae_2024-1.jpg 417w, https://culturayciencia.org/litterae/wp-content/uploads/2024/05/Jose_Molina_Litterae_2024-1-300x300.jpg 300w, https://culturayciencia.org/litterae/wp-content/uploads/2024/05/Jose_Molina_Litterae_2024-1-150x150.jpg 150w" sizes="auto, (max-width: 417px) 100vw, 417px" /></figure>
</div>


<h2 class="wp-block-heading has-text-align-center has-medium-font-size"><strong>José Molina</strong></h2>



<p class="has-text-align-center has-vivid-red-color has-text-color">Creador de Vallecas Todo Cultura.</p>
</div>



<div class="wp-block-uagb-column uagb-column__wrap uagb-column__background-undefined uagb-block-af01522f"><div class="uagb-column__overlay"></div>
<p>Es madrileño. Vive en Vallecas en los últimos cincuenta años. Creó Vallecas Todo Cultura como reivindicación política que complementaba&nbsp;las transformaciones urbanísticas y sociales realizadas en el barrio por las Asociaciones de Vecinos.</p>



<p>Presidente de la AV. Palomeras Sureste, presidente de Vallecas todo Cultura. Ha sido vicepresidente de la Federación de Asociaciones de Vecinos de Madrid.</p>



<p>Enamorado de Vallecas, ha escrito 4 libros sobre su historia, además de algunas monografías de sus personajes.</p>



<p>Ha puesto en marcha un gran archivo documental del barrio, a disposición de los estudiosos, entidades y personas interesadas por la historia, sociología y política de Vallecas.</p>



<p>En 1984, pone en marcha una iniciativa cultural y colectiva con asociaciones de vecinos y culturales de Puente y Villa&nbsp;de Vallecas, que denominan Vallecas Todo Cultura.</p>



<p>La Cultura y la lectura, en concreto, fueron objeto de una atención preferente, aunque la asociación asumió otros muchos compromisos.</p>



<p>Hace 25 años, idean Vallecas Calle del Libro, un intento por dar a conocer a los poetas que daban nombre a sus calles (Miguel Hernández, Alberti, García Lorca, León Felipe, Pablo Neruda, Vicente Aleixandre, Blas de Otero, Antonio Machado, Gloria Fuertes, Rosalia de Castro), cuando los poetas muertos culminaron su repertorio, acudieron a los vivos (Caballero Bonald, Francisca Aguirre, Angelina Gatell, Ana Rossetti, Carlos Álvarez, Elvira Daudet, Luis García Montero, Manuel Rico, Ángeles Mora), culminando esta 25 edición con Juan Carlos Mestre.</p>



<p>Cada poeta ha tenido una edición con una antología de su obra que se ha distribuido entre los centros escolares, institutos y asociaciones vecinales de Puente y Villa de Vallecas. Hasta la fecha se han distribuido unos 30.000 libros de poesía y más de 50.000 libros de literatura variada.</p>



<p>La actuación lectora se ocupa a lo largo del año en recoger iniciativas de toda España y del resto de Europa sobre animación a la lectura. lo que se traduce en más de XX ediciones de Experiencias Prácticas de Animación Lectora.</p>



<p>Por este programa recibieron en el 2004, el Premio Nacional de Fomento de la Lectura del Ministerio de Cultura.</p>



<p>El encuentro con autores/as en Institutos, colegios y asociaciones convoca a más de 50 escritores/as.</p>



<p>Cursos sobre animación en Bibliotecas escolares y otras actividades que animen a la lectura en todas las edades, en otra de sus constantes.</p>



<p>Le han dado mucha importancia a la creación de bibliotecas escolares en cinco centros de Vallecas, para ello han utilizado libros de la SGAE, el Teatro Real, Comunidad de Madrid&nbsp; y la asociación STJ.</p>



<p>Le asignan importancia a la recuperación a la memoria histórica de ambos distritos, editando libros y publicaciones que hacen mención al tema. Se han editado 10 títulos.</p>



<p>Cada edición, realizan una exposición de carteles con la vida y obra de los poetas y otros asuntos de interés. Estos se pasean por centros educativos y vecinales.</p>
</div>
</div></section>
