{"id":456,"date":"2019-09-04T20:43:35","date_gmt":"2019-09-04T18:43:35","guid":{"rendered":"https:\/\/culturayciencia.org\/litterae\/?page_id=456"},"modified":"2019-09-13T10:39:51","modified_gmt":"2019-09-13T08:39:51","slug":"vicente-luis","status":"publish","type":"page","link":"https:\/\/culturayciencia.org\/litterae\/vicente-luis\/","title":{"rendered":"Vicente Luis"},"content":{"rendered":"\n<div class=\"wp-block-image\"><figure class=\"alignleft\"><img loading=\"lazy\" decoding=\"async\" width=\"400\" height=\"400\" src=\"https:\/\/culturayciencia.org\/litterae\/wp-content\/uploads\/2019\/09\/Luis_Vicente_Luis_Litterae.jpg\" alt=\"\" class=\"wp-image-357\" srcset=\"https:\/\/culturayciencia.org\/litterae\/wp-content\/uploads\/2019\/09\/Luis_Vicente_Luis_Litterae.jpg 400w, https:\/\/culturayciencia.org\/litterae\/wp-content\/uploads\/2019\/09\/Luis_Vicente_Luis_Litterae-150x150.jpg 150w, https:\/\/culturayciencia.org\/litterae\/wp-content\/uploads\/2019\/09\/Luis_Vicente_Luis_Litterae-300x300.jpg 300w\" sizes=\"auto, (max-width: 400px) 100vw, 400px\" \/><\/figure><\/div>\n\n\n\n<h2 class=\"wp-block-heading\" style=\"text-align:center\"><strong> Vicente Luis Mora<\/strong><\/h2>\n\n\n\n<p style=\"text-align:center\"><strong><em> Escritor y cr\u00edtico <\/em><\/strong><\/p>\n\n\n\n<p style=\"text-align:justify\">Es escritor y cr\u00edtico literario. Sus \u00faltimos libros son la novela <em>Fred Cabeza de Vaca <\/em>(2017), ganadora del XVIII Premio Torrente Ballester, el libro de aforismos <em>Nanomoralia <\/em>(2017), el libro de poemas <em>Serie <\/em>(Pre-Textos, 2015), la monograf\u00eda <em>El sujeto boscoso <\/em>(Iberoamericana Vervuert, 2016), el ensayo <em>La huida de la imaginaci\u00f3n <\/em>(Pre-Textos, 2019, Premio Celia Amor\u00f3s de Ensayo), y la antolog\u00eda <em>La cuarta persona del plural. Antolog\u00eda de poes\u00eda espa\u00f1ola contempor\u00e1nea<\/em> (Vaso Roto, 2016). Tambi\u00e9n ha practicado el mon\u00f3logo teatral (<em>Miguel<\/em>, 2016), la escritura digital (<em>70 palabras<\/em>, LAVA, 2014; <em>Blog decreciente<\/em>, en El Boomerang, 2013-2016) y el <em>hoax Quimera 322<\/em> (2010). Escribe cr\u00edtica cultural en su blog <em>Diario de lecturas <\/em>(http:\/\/vicenteluismora.blogspot.com).<\/p>\n","protected":false},"excerpt":{"rendered":"","protected":false},"author":4,"featured_media":0,"parent":0,"menu_order":0,"comment_status":"closed","ping_status":"closed","template":"","meta":{"_acf_changed":false,"om_disable_all_campaigns":false,"_uag_custom_page_level_css":"","_monsterinsights_skip_tracking":false,"_monsterinsights_sitenote_active":false,"_monsterinsights_sitenote_note":"","_monsterinsights_sitenote_category":0,"_uf_show_specific_survey":0,"_uf_disable_surveys":false,"footnotes":""},"class_list":{"0":"post-456","1":"page","2":"type-page","3":"status-publish","5":"no-featured-image-padding"},"acf":[],"aioseo_notices":[],"uagb_featured_image_src":{"full":false,"thumbnail":false,"medium":false,"medium_large":false,"large":false,"1536x1536":false,"2048x2048":false},"uagb_author_info":{"display_name":false,"author_link":"https:\/\/culturayciencia.org\/litterae\/author\/librerae\/"},"uagb_comment_info":0,"uagb_excerpt":null,"_links":{"self":[{"href":"https:\/\/culturayciencia.org\/litterae\/wp-json\/wp\/v2\/pages\/456","targetHints":{"allow":["GET"]}}],"collection":[{"href":"https:\/\/culturayciencia.org\/litterae\/wp-json\/wp\/v2\/pages"}],"about":[{"href":"https:\/\/culturayciencia.org\/litterae\/wp-json\/wp\/v2\/types\/page"}],"author":[{"embeddable":true,"href":"https:\/\/culturayciencia.org\/litterae\/wp-json\/wp\/v2\/users\/4"}],"replies":[{"embeddable":true,"href":"https:\/\/culturayciencia.org\/litterae\/wp-json\/wp\/v2\/comments?post=456"}],"version-history":[{"count":0,"href":"https:\/\/culturayciencia.org\/litterae\/wp-json\/wp\/v2\/pages\/456\/revisions"}],"wp:attachment":[{"href":"https:\/\/culturayciencia.org\/litterae\/wp-json\/wp\/v2\/media?parent=456"}],"curies":[{"name":"wp","href":"https:\/\/api.w.org\/{rel}","templated":true}]}}