{"id":4594,"date":"2024-05-03T13:28:19","date_gmt":"2024-05-03T11:28:19","guid":{"rendered":"https:\/\/culturayciencia.org\/litterae\/?page_id=4594"},"modified":"2025-03-17T12:37:44","modified_gmt":"2025-03-17T11:37:44","slug":"arturo-tendero-2","status":"publish","type":"page","link":"https:\/\/culturayciencia.org\/litterae\/arturo-tendero-2\/","title":{"rendered":"Arturo Tendero"},"content":{"rendered":"\n<section class=\"wp-block-uagb-columns uagb-columns__wrap uagb-columns__background-none uagb-columns__stack-mobile uagb-columns__valign-top uagb-columns__gap-10 align uagb-block-6d2fc7ed uagb-columns__columns-2 uagb-columns__max_width-theme\"><div class=\"uagb-columns__overlay\"><\/div><div class=\"uagb-columns__inner-wrap uagb-columns__columns-2\">\n<div class=\"wp-block-uagb-column uagb-column__wrap uagb-column__background-color uagb-block-98aac7ba\"><div class=\"uagb-column__overlay\"><\/div><div class=\"wp-block-image is-style-rounded\">\n<figure class=\"aligncenter size-full\"><img loading=\"lazy\" decoding=\"async\" width=\"417\" height=\"417\" src=\"https:\/\/culturayciencia.org\/litterae\/wp-content\/uploads\/2024\/04\/Arturo_Tendero_Litterae_2024.jpg\" alt=\"\" class=\"wp-image-4448\" srcset=\"https:\/\/culturayciencia.org\/litterae\/wp-content\/uploads\/2024\/04\/Arturo_Tendero_Litterae_2024.jpg 417w, https:\/\/culturayciencia.org\/litterae\/wp-content\/uploads\/2024\/04\/Arturo_Tendero_Litterae_2024-300x300.jpg 300w, https:\/\/culturayciencia.org\/litterae\/wp-content\/uploads\/2024\/04\/Arturo_Tendero_Litterae_2024-150x150.jpg 150w\" sizes=\"auto, (max-width: 417px) 100vw, 417px\" \/><\/figure>\n<\/div>\n\n\n<h2 class=\"wp-block-heading has-text-align-center has-medium-font-size\"><strong>Arturo Tendero<\/strong><\/h2>\n\n\n\n<p class=\"has-text-align-center has-vivid-red-color has-text-color\">Periodista, escritor y cr\u00edtico literario.<br><\/p>\n<\/div>\n\n\n\n<div class=\"wp-block-uagb-column uagb-column__wrap uagb-column__background-undefined uagb-block-af01522f\"><div class=\"uagb-column__overlay\"><\/div>\n<p><br>Naci\u00f3 en Albacete en 1961, estudi\u00f3 Periodismo, Teatro y ha sido profesor de Educaci\u00f3n F\u00edsica durante m\u00e1s de 30 a\u00f1os.<br>Como poeta ha publicado nueve libros, el \u00faltimo A todo esto (Pre-Textos, 2024) y ha recibido, entre otros, los premios Ja\u00e9n, Gerardo Diego, Manuel Alc\u00e1ntara y Jos\u00e9 Agust\u00edn Goytisolo.<br><\/p>\n\n\n\n<p>Como dramaturgo ha publicado y estrenado cuatro obras, la m\u00e1s reciente La priora, que tambi\u00e9n se ha publicado en \u00c9ride (2024). Adem\u00e1s, ha publicado libros de relatos (La hora m\u00e1s peligrosa del d\u00eda), de art\u00edculos period\u00edsticos (como Chinchilla mon amour, Albacete entre huellas y ra\u00edces, Con la cabeza clara y el casco de Minerva). <\/p>\n\n\n\n<p>Ha publicado art\u00edculos y rese\u00f1as en distintos medios y gestiona varios blogs culturales.<br>Confund\u00f3 y dirige con Juanjo Jim\u00e9nez La siesta del lobo, que ha editado una revista de arte y literatura y medio centenar de libros en diferentes g\u00e9neros. Organiza las jornadas Poes\u00eda Viva en las primaveras de Albacete.<\/p>\n\n\n\n<p>M\u00e1s datos en su bit\u00e1cora: http:\/\/aarturotendero.blogspot.com\/<\/p>\n<\/div>\n<\/div><\/section>\n\n\n\n<p><\/p>\n","protected":false},"excerpt":{"rendered":"","protected":false},"author":4,"featured_media":0,"parent":0,"menu_order":0,"comment_status":"closed","ping_status":"closed","template":"","meta":{"_acf_changed":false,"om_disable_all_campaigns":false,"_uag_custom_page_level_css":"","_monsterinsights_skip_tracking":false,"_monsterinsights_sitenote_active":false,"_monsterinsights_sitenote_note":"","_monsterinsights_sitenote_category":0,"_uf_show_specific_survey":0,"_uf_disable_surveys":false,"footnotes":""},"class_list":{"0":"post-4594","1":"page","2":"type-page","3":"status-publish","5":"no-featured-image-padding"},"acf":[],"aioseo_notices":[],"uagb_featured_image_src":{"full":false,"thumbnail":false,"medium":false,"medium_large":false,"large":false,"1536x1536":false,"2048x2048":false},"uagb_author_info":{"display_name":false,"author_link":"https:\/\/culturayciencia.org\/litterae\/author\/librerae\/"},"uagb_comment_info":0,"uagb_excerpt":null,"_links":{"self":[{"href":"https:\/\/culturayciencia.org\/litterae\/wp-json\/wp\/v2\/pages\/4594","targetHints":{"allow":["GET"]}}],"collection":[{"href":"https:\/\/culturayciencia.org\/litterae\/wp-json\/wp\/v2\/pages"}],"about":[{"href":"https:\/\/culturayciencia.org\/litterae\/wp-json\/wp\/v2\/types\/page"}],"author":[{"embeddable":true,"href":"https:\/\/culturayciencia.org\/litterae\/wp-json\/wp\/v2\/users\/4"}],"replies":[{"embeddable":true,"href":"https:\/\/culturayciencia.org\/litterae\/wp-json\/wp\/v2\/comments?post=4594"}],"version-history":[{"count":0,"href":"https:\/\/culturayciencia.org\/litterae\/wp-json\/wp\/v2\/pages\/4594\/revisions"}],"wp:attachment":[{"href":"https:\/\/culturayciencia.org\/litterae\/wp-json\/wp\/v2\/media?parent=4594"}],"curies":[{"name":"wp","href":"https:\/\/api.w.org\/{rel}","templated":true}]}}