{"id":4611,"date":"2024-05-05T16:01:44","date_gmt":"2024-05-05T14:01:44","guid":{"rendered":"https:\/\/culturayciencia.org\/litterae\/?page_id=4611"},"modified":"2024-05-05T17:47:56","modified_gmt":"2024-05-05T15:47:56","slug":"juan-suarez-barquero-2","status":"publish","type":"page","link":"https:\/\/culturayciencia.org\/litterae\/juan-suarez-barquero-2\/","title":{"rendered":"Juan Su\u00e1rez Barquero"},"content":{"rendered":"\n<section class=\"wp-block-uagb-columns uagb-columns__wrap uagb-columns__background-none uagb-columns__stack-mobile uagb-columns__valign-top uagb-columns__gap-10 align uagb-block-6d2fc7ed uagb-columns__columns-2 uagb-columns__max_width-theme\"><div class=\"uagb-columns__overlay\"><\/div><div class=\"uagb-columns__inner-wrap uagb-columns__columns-2\">\n<div class=\"wp-block-uagb-column uagb-column__wrap uagb-column__background-color uagb-block-98aac7ba\"><div class=\"uagb-column__overlay\"><\/div><div class=\"wp-block-image is-style-rounded\">\n<figure class=\"aligncenter size-full\"><img loading=\"lazy\" decoding=\"async\" width=\"417\" height=\"417\" src=\"https:\/\/culturayciencia.org\/litterae\/wp-content\/uploads\/2024\/05\/Juan_Suarez_Litterae_2024.jpg\" alt=\"\" class=\"wp-image-4609\" srcset=\"https:\/\/culturayciencia.org\/litterae\/wp-content\/uploads\/2024\/05\/Juan_Suarez_Litterae_2024.jpg 417w, https:\/\/culturayciencia.org\/litterae\/wp-content\/uploads\/2024\/05\/Juan_Suarez_Litterae_2024-300x300.jpg 300w, https:\/\/culturayciencia.org\/litterae\/wp-content\/uploads\/2024\/05\/Juan_Suarez_Litterae_2024-150x150.jpg 150w\" sizes=\"auto, (max-width: 417px) 100vw, 417px\" \/><\/figure>\n<\/div>\n\n\n<h2 class=\"wp-block-heading has-text-align-center has-medium-font-size\"><strong><strong>Juan Su\u00e1rez Barquero<\/strong><\/strong><\/h2>\n\n\n\n<p class=\"has-text-align-center has-vivid-red-color has-text-color\">Locutor, guionista de radio y actor de voz <\/p>\n\n\n\n<p class=\"has-text-align-center has-vivid-red-color has-text-color\">LaLiB\u00e9LuLa. Radio 3<\/p>\n<\/div>\n\n\n\n<div class=\"wp-block-uagb-column uagb-column__wrap uagb-column__background-undefined uagb-block-af01522f\"><div class=\"uagb-column__overlay\"><\/div>\n<p>&nbsp;Madrid, 15 de agosto de 1971. Inici\u00f3 su aprendizaje en&nbsp;Radio Vallekas&nbsp;de Madrid. Su trabajo se desarrolla en&nbsp;Radio 3&nbsp;de&nbsp;Radio Nacional de Espa\u00f1a.<\/p>\n\n\n\n<p>Tras un periodo autodidacta de experimentaci\u00f3n creativa en&nbsp;<em>La Luna Hiena<\/em>, en las madrugadas libertarias de Radio Vallekas, fue fichado por&nbsp;Carlos Faraco&nbsp;para presentar junto a&nbsp;Sara V\u00edtores&nbsp;un nuevo espacio despertador en Radio 3:&nbsp;Chichirichachi, que estuvo en antena de 1997 a 1999.<\/p>\n\n\n\n<p>Su aportaci\u00f3n m\u00e1s interesante a la radio creativa se materializ\u00f3 en la puesta en escena del serial fant\u00e1stico&nbsp;Cuando Juan y Tula fueron a Siritinga, del que fue coguionista y productor, adem\u00e1s de poner voz a su protagonista: Juan de Olarcos.<\/p>\n\n\n\n<p>Dirige&nbsp;LaLiB\u00e9LuLa de Radio 3&nbsp;desde 2008. Adem\u00e1s del mencionado&nbsp;<em>Chichirichachi<\/em>, present\u00f3 junto a Alfredo La\u00edn el cultural&nbsp;<em>La ciudad invisible<\/em>&nbsp;(2002-2008) tras la salida del mismo de Marta Echeverr\u00eda, y ha colaborado en:&nbsp;<em>El ojo de Ya Ve<\/em>,&nbsp;<em>180\u00ba<\/em>&nbsp;y&nbsp;<em>La Salamandra<\/em>, por ejemplo. Forma parte del cuadro de actores de los&nbsp;Radioteatros&nbsp;de RNE. Como narrador-guionista particip\u00f3 en la obra colectiva&nbsp;<em>Trelatos. Ficcionario de Radio 3<\/em>.<\/p>\n<\/div>\n<\/div><\/section>\n","protected":false},"excerpt":{"rendered":"","protected":false},"author":4,"featured_media":0,"parent":0,"menu_order":0,"comment_status":"closed","ping_status":"closed","template":"","meta":{"_acf_changed":false,"om_disable_all_campaigns":false,"_uag_custom_page_level_css":"","_monsterinsights_skip_tracking":false,"_monsterinsights_sitenote_active":false,"_monsterinsights_sitenote_note":"","_monsterinsights_sitenote_category":0,"_uf_show_specific_survey":0,"_uf_disable_surveys":false,"footnotes":""},"class_list":{"0":"post-4611","1":"page","2":"type-page","3":"status-publish","5":"no-featured-image-padding"},"acf":[],"aioseo_notices":[],"uagb_featured_image_src":{"full":false,"thumbnail":false,"medium":false,"medium_large":false,"large":false,"1536x1536":false,"2048x2048":false},"uagb_author_info":{"display_name":false,"author_link":"https:\/\/culturayciencia.org\/litterae\/author\/librerae\/"},"uagb_comment_info":0,"uagb_excerpt":null,"_links":{"self":[{"href":"https:\/\/culturayciencia.org\/litterae\/wp-json\/wp\/v2\/pages\/4611","targetHints":{"allow":["GET"]}}],"collection":[{"href":"https:\/\/culturayciencia.org\/litterae\/wp-json\/wp\/v2\/pages"}],"about":[{"href":"https:\/\/culturayciencia.org\/litterae\/wp-json\/wp\/v2\/types\/page"}],"author":[{"embeddable":true,"href":"https:\/\/culturayciencia.org\/litterae\/wp-json\/wp\/v2\/users\/4"}],"replies":[{"embeddable":true,"href":"https:\/\/culturayciencia.org\/litterae\/wp-json\/wp\/v2\/comments?post=4611"}],"version-history":[{"count":0,"href":"https:\/\/culturayciencia.org\/litterae\/wp-json\/wp\/v2\/pages\/4611\/revisions"}],"wp:attachment":[{"href":"https:\/\/culturayciencia.org\/litterae\/wp-json\/wp\/v2\/media?parent=4611"}],"curies":[{"name":"wp","href":"https:\/\/api.w.org\/{rel}","templated":true}]}}

Juan Suárez Barquero

<section class="wp-block-uagb-columns uagb-columns__wrap uagb-columns__background-none uagb-columns__stack-mobile uagb-columns__valign-top uagb-columns__gap-10 align uagb-block-6d2fc7ed uagb-columns__columns-2 uagb-columns__max_width-theme"><div class="uagb-columns__overlay"></div><div class="uagb-columns__inner-wrap uagb-columns__columns-2">
<div class="wp-block-uagb-column uagb-column__wrap uagb-column__background-color uagb-block-98aac7ba"><div class="uagb-column__overlay"></div><div class="wp-block-image is-style-rounded">
<figure class="aligncenter size-full"><img loading="lazy" decoding="async" width="417" height="417" src="https://culturayciencia.org/litterae/wp-content/uploads/2024/05/Juan_Suarez_Litterae_2024.jpg" alt="" class="wp-image-4609" srcset="https://culturayciencia.org/litterae/wp-content/uploads/2024/05/Juan_Suarez_Litterae_2024.jpg 417w, https://culturayciencia.org/litterae/wp-content/uploads/2024/05/Juan_Suarez_Litterae_2024-300x300.jpg 300w, https://culturayciencia.org/litterae/wp-content/uploads/2024/05/Juan_Suarez_Litterae_2024-150x150.jpg 150w" sizes="auto, (max-width: 417px) 100vw, 417px" /></figure>
</div>


<h2 class="wp-block-heading has-text-align-center has-medium-font-size"><strong><strong>Juan Suárez Barquero</strong></strong></h2>



<p class="has-text-align-center has-vivid-red-color has-text-color">Locutor, guionista de radio y actor de voz </p>



<p class="has-text-align-center has-vivid-red-color has-text-color">LaLiBéLuLa. Radio 3</p>
</div>



<div class="wp-block-uagb-column uagb-column__wrap uagb-column__background-undefined uagb-block-af01522f"><div class="uagb-column__overlay"></div>
<p>&nbsp;Madrid, 15 de agosto de 1971. Inició su aprendizaje en&nbsp;Radio Vallekas&nbsp;de Madrid. Su trabajo se desarrolla en&nbsp;Radio 3&nbsp;de&nbsp;Radio Nacional de España.</p>



<p>Tras un periodo autodidacta de experimentación creativa en&nbsp;<em>La Luna Hiena</em>, en las madrugadas libertarias de Radio Vallekas, fue fichado por&nbsp;Carlos Faraco&nbsp;para presentar junto a&nbsp;Sara Vítores&nbsp;un nuevo espacio despertador en Radio 3:&nbsp;Chichirichachi, que estuvo en antena de 1997 a 1999.</p>



<p>Su aportación más interesante a la radio creativa se materializó en la puesta en escena del serial fantástico&nbsp;Cuando Juan y Tula fueron a Siritinga, del que fue coguionista y productor, además de poner voz a su protagonista: Juan de Olarcos.</p>



<p>Dirige&nbsp;LaLiBéLuLa de Radio 3&nbsp;desde 2008. Además del mencionado&nbsp;<em>Chichirichachi</em>, presentó junto a Alfredo Laín el cultural&nbsp;<em>La ciudad invisible</em>&nbsp;(2002-2008) tras la salida del mismo de Marta Echeverría, y ha colaborado en:&nbsp;<em>El ojo de Ya Ve</em>,&nbsp;<em>180º</em>&nbsp;y&nbsp;<em>La Salamandra</em>, por ejemplo. Forma parte del cuadro de actores de los&nbsp;Radioteatros&nbsp;de RNE. Como narrador-guionista participó en la obra colectiva&nbsp;<em>Trelatos. Ficcionario de Radio 3</em>.</p>
</div>
</div></section>
