{"id":466,"date":"2019-09-04T20:50:19","date_gmt":"2019-09-04T18:50:19","guid":{"rendered":"https:\/\/culturayciencia.org\/litterae\/?page_id=466"},"modified":"2019-09-26T01:15:41","modified_gmt":"2019-09-25T23:15:41","slug":"elia-barcelo","status":"publish","type":"page","link":"https:\/\/culturayciencia.org\/litterae\/elia-barcelo\/","title":{"rendered":"Elia Barcel\u00f3"},"content":{"rendered":"\n<div class=\"wp-block-image\"><figure class=\"alignleft\"><img loading=\"lazy\" decoding=\"async\" width=\"400\" height=\"400\" src=\"https:\/\/culturayciencia.org\/litterae\/wp-content\/uploads\/2019\/09\/Elia_Litterae.jpg\" alt=\"\" class=\"wp-image-847\" srcset=\"https:\/\/culturayciencia.org\/litterae\/wp-content\/uploads\/2019\/09\/Elia_Litterae.jpg 400w, https:\/\/culturayciencia.org\/litterae\/wp-content\/uploads\/2019\/09\/Elia_Litterae-150x150.jpg 150w, https:\/\/culturayciencia.org\/litterae\/wp-content\/uploads\/2019\/09\/Elia_Litterae-300x300.jpg 300w\" sizes=\"auto, (max-width: 400px) 100vw, 400px\" \/><\/figure><\/div>\n\n\n\n<h2 class=\"wp-block-heading\" style=\"text-align:center\"><strong>Elia Barcel\u00f3<\/strong><\/h2>\n\n\n\n<p style=\"text-align:center\"><strong><em>Autora<\/em><\/strong><\/p>\n\n\n\n<p style=\"text-align:justify\">Elia Barcel\u00f3 (Elda, Alicante, 1957) es llamada la \u201cDama de los Mil Mundos\u201d. Se la considera una de las escritoras m\u00e1s vers\u00e1tiles del panorama actual de la narrativa espa\u00f1ola y es una de las autoras hispanas de mayor prestigio en el \u00e1mbito del fant\u00e1stico y la ciencia ficci\u00f3n, en el que ha obtenido numerosos premios. Desde 1994 cultiva tambi\u00e9n con \u00e9xito y entusiasmo la narrativa juvenil de varios g\u00e9neros. <\/p>\n\n\n\n<p style=\"text-align:justify\">Ha publicado veintinueve novelas, realistas,\ncriminales, hist\u00f3ricas&#8230;, unas para adultos y otras para j\u00f3venes, y unos\nsetenta relatos. <em>El secreto del orfebre<\/em>\nle vali\u00f3 el reconocimiento internacional y, desde entonces, parte de su obra ha\nsido traducida a diecinueve idiomas. Algunas de sus novelas son: <em>El vuelo del hipogrifo<\/em>, <em>Disfraces terribles<\/em>, <em>Cordeluna<\/em>, <em>Las largas sombras<\/em>, <em>El almac\u00e9n de las palabras terribles<\/em>, la\ntrilog\u00eda <em>Anima Mundi<\/em>, <em>El color del silencio<\/em> y <em>El eco de la\npiel<\/em>, la m\u00e1s reciente.<\/p>\n\n\n\n<p style=\"text-align:justify\">En 2016 obtuvo el Premio de la Cr\u00edtica\nLiteraria Valenciana por su libro de relatos <em>La Maga y otros cuentos crueles <\/em>y en 2018 el Premio Ignotus, que concede la Asociaci\u00f3n nacional de\nCiencia Ficci\u00f3n, Fantas\u00eda y Terror, al mejor relato fant\u00e1stico del a\u00f1o por<em> Humo y espejos. <\/em><\/p>\n\n\n\n<p style=\"text-align:justify\">Su \u00faltima novela para j\u00f3venes adultos, <em>El efecto Frankenstein<\/em>, acaba de recibir\nel premio Edeb\u00e9 2019.<\/p>\n\n\n\n<p style=\"text-align:justify\">Es doctora en Hispan\u00edstica y durante m\u00e1s de\ntreinta a\u00f1os fue profesora de literatura hisp\u00e1nica y escritura creativa en la\nUniversidad de Innsbruck (Austria). Ahora se dedica exclusivamente a escribir.<\/p>\n\n\n\n<p style=\"text-align:justify\">Los temas a los que\nsiempre vuelve son el tiempo, al amor, la memoria y los secretos, la identidad,\nla narraci\u00f3n y fabulaci\u00f3n del pasado, el gran misterio que es cada ser humano.\nSe ha propuesto dar voz a las mujeres, sobre todo a las que ya no son tan j\u00f3venes,\nhaci\u00e9ndolas protagonistas de sus historias. Tambi\u00e9n intenta aumentar el\nterritorio de la realidad literaria a\u00f1adi\u00e9ndole nuevas y variopintas\nprovincias.<\/p>\n","protected":false},"excerpt":{"rendered":"","protected":false},"author":4,"featured_media":0,"parent":0,"menu_order":0,"comment_status":"closed","ping_status":"closed","template":"","meta":{"_acf_changed":false,"om_disable_all_campaigns":false,"_uag_custom_page_level_css":"","_monsterinsights_skip_tracking":false,"_monsterinsights_sitenote_active":false,"_monsterinsights_sitenote_note":"","_monsterinsights_sitenote_category":0,"_uf_show_specific_survey":0,"_uf_disable_surveys":false,"footnotes":""},"class_list":{"0":"post-466","1":"page","2":"type-page","3":"status-publish","5":"no-featured-image-padding"},"acf":[],"aioseo_notices":[],"uagb_featured_image_src":{"full":false,"thumbnail":false,"medium":false,"medium_large":false,"large":false,"1536x1536":false,"2048x2048":false},"uagb_author_info":{"display_name":false,"author_link":"https:\/\/culturayciencia.org\/litterae\/author\/librerae\/"},"uagb_comment_info":0,"uagb_excerpt":null,"_links":{"self":[{"href":"https:\/\/culturayciencia.org\/litterae\/wp-json\/wp\/v2\/pages\/466","targetHints":{"allow":["GET"]}}],"collection":[{"href":"https:\/\/culturayciencia.org\/litterae\/wp-json\/wp\/v2\/pages"}],"about":[{"href":"https:\/\/culturayciencia.org\/litterae\/wp-json\/wp\/v2\/types\/page"}],"author":[{"embeddable":true,"href":"https:\/\/culturayciencia.org\/litterae\/wp-json\/wp\/v2\/users\/4"}],"replies":[{"embeddable":true,"href":"https:\/\/culturayciencia.org\/litterae\/wp-json\/wp\/v2\/comments?post=466"}],"version-history":[{"count":0,"href":"https:\/\/culturayciencia.org\/litterae\/wp-json\/wp\/v2\/pages\/466\/revisions"}],"wp:attachment":[{"href":"https:\/\/culturayciencia.org\/litterae\/wp-json\/wp\/v2\/media?parent=466"}],"curies":[{"name":"wp","href":"https:\/\/api.w.org\/{rel}","templated":true}]}}