{"id":4715,"date":"2024-05-21T11:46:16","date_gmt":"2024-05-21T09:46:16","guid":{"rendered":"https:\/\/culturayciencia.org\/litterae\/?page_id=4715"},"modified":"2024-05-21T11:46:19","modified_gmt":"2024-05-21T09:46:19","slug":"soraya-de-santiago","status":"publish","type":"page","link":"https:\/\/culturayciencia.org\/litterae\/soraya-de-santiago\/","title":{"rendered":"Soraya de Santiago"},"content":{"rendered":"\n<section class=\"wp-block-uagb-columns uagb-columns__wrap uagb-columns__stack-mobile uagb-columns__valign-top uagb-columns__gap-10 align uagb-block-6d2fc7ed uagb-columns__columns-2 uagb-columns__max_width-theme\"><div class=\"uagb-columns__overlay\"><\/div><div class=\"uagb-columns__inner-wrap uagb-columns__columns-2\">\n<div class=\"wp-block-uagb-column uagb-column__wrap uagb-column__background-color uagb-block-98aac7ba\"><div class=\"uagb-column__overlay\"><\/div><div class=\"wp-block-image is-style-rounded\">\n<figure class=\"aligncenter size-full\"><img loading=\"lazy\" decoding=\"async\" width=\"417\" height=\"417\" src=\"https:\/\/culturayciencia.org\/litterae\/wp-content\/uploads\/2024\/05\/Soraya_santiago_litterae_2024.jpg\" alt=\"\" class=\"wp-image-4712\" srcset=\"https:\/\/culturayciencia.org\/litterae\/wp-content\/uploads\/2024\/05\/Soraya_santiago_litterae_2024.jpg 417w, https:\/\/culturayciencia.org\/litterae\/wp-content\/uploads\/2024\/05\/Soraya_santiago_litterae_2024-300x300.jpg 300w, https:\/\/culturayciencia.org\/litterae\/wp-content\/uploads\/2024\/05\/Soraya_santiago_litterae_2024-150x150.jpg 150w\" sizes=\"auto, (max-width: 417px) 100vw, 417px\" \/><\/figure>\n<\/div>\n\n\n<h2 class=\"wp-block-heading has-text-align-center has-medium-font-size\"><strong>Soraya de Santiago<\/strong><\/h2>\n\n\n\n<p class=\"has-text-align-center has-vivid-red-color has-text-color\">Maestra <\/p>\n\n\n\n<p class=\"has-text-align-center has-vivid-red-color has-text-color\">ONCE<\/p>\n<\/div>\n\n\n\n<div class=\"wp-block-uagb-column uagb-column__wrap uagb-column__background-undefined uagb-block-af01522f\"><div class=\"uagb-column__overlay\"><\/div>\n<p>Es hija de afiliada a la ONCE, su t\u00edo tambi\u00e9n es afiliado. Su madre aprendi\u00f3 a leer braille con m\u00e1s de 30 a\u00f1os porque antes en Espa\u00f1a apenas hab\u00eda medios ni humanos ni materiales para los discapacitados visuales severos. Ella aprendio el braille con ella e hizo la carrera de Ciencias de la Educaci\u00f3n (Pedagog\u00eda) para poder ser Maestra de Apoyo en la ONCE.<\/p>\n\n\n\n<p>Empez\u00f3 a trabajar en el Centro de Recursos Educativos de la ONCE Antonio Vicente Mosquete en Madrid en el Equipo Espec\u00edfico de Atenci\u00f3n al Alumnado con Discapacidad Visual en el a\u00f1o 1991 como Maestra de Apoyo. Antes de esa fecha era transcriptora braille, es decir, pasaba de forma manual (con una m\u00e1quina Perkins) vol\u00famenes de libros perdidos o deteriorados de la Biblioteca Nacional Braille y daba clases particulares de braille a ni\u00f1os\/as que lo necesitaban en verano.<\/p>\n\n\n\n<p>Posteriormente estuvo bastantes a\u00f1os en el \u00e1rea de producci\u00f3n braille llevando la Unidad de Adaptaci\u00f3n Documental de la ONCE en Castilla-La Mancha. Y desde el a\u00f1o 2017 est\u00e1 de nuevo como Maestra de Apoyo en las zonas de Talavera, Alc\u00e1zar de San Juan y, actualmente, Toledo.<\/p>\n<\/div>\n<\/div><\/section>\n\n\n","protected":false},"excerpt":{"rendered":"","protected":false},"author":4,"featured_media":0,"parent":0,"menu_order":0,"comment_status":"closed","ping_status":"closed","template":"","meta":{"_acf_changed":false,"om_disable_all_campaigns":false,"_uag_custom_page_level_css":"","_monsterinsights_skip_tracking":false,"_monsterinsights_sitenote_active":false,"_monsterinsights_sitenote_note":"","_monsterinsights_sitenote_category":0,"_uf_show_specific_survey":0,"_uf_disable_surveys":false,"footnotes":""},"class_list":{"0":"post-4715","1":"page","2":"type-page","3":"status-publish","5":"no-featured-image-padding"},"acf":[],"aioseo_notices":[],"uagb_featured_image_src":{"full":false,"thumbnail":false,"medium":false,"medium_large":false,"large":false,"1536x1536":false,"2048x2048":false},"uagb_author_info":{"display_name":false,"author_link":"https:\/\/culturayciencia.org\/litterae\/author\/librerae\/"},"uagb_comment_info":0,"uagb_excerpt":null,"_links":{"self":[{"href":"https:\/\/culturayciencia.org\/litterae\/wp-json\/wp\/v2\/pages\/4715","targetHints":{"allow":["GET"]}}],"collection":[{"href":"https:\/\/culturayciencia.org\/litterae\/wp-json\/wp\/v2\/pages"}],"about":[{"href":"https:\/\/culturayciencia.org\/litterae\/wp-json\/wp\/v2\/types\/page"}],"author":[{"embeddable":true,"href":"https:\/\/culturayciencia.org\/litterae\/wp-json\/wp\/v2\/users\/4"}],"replies":[{"embeddable":true,"href":"https:\/\/culturayciencia.org\/litterae\/wp-json\/wp\/v2\/comments?post=4715"}],"version-history":[{"count":0,"href":"https:\/\/culturayciencia.org\/litterae\/wp-json\/wp\/v2\/pages\/4715\/revisions"}],"wp:attachment":[{"href":"https:\/\/culturayciencia.org\/litterae\/wp-json\/wp\/v2\/media?parent=4715"}],"curies":[{"name":"wp","href":"https:\/\/api.w.org\/{rel}","templated":true}]}}