{"id":871,"date":"2019-10-09T12:55:22","date_gmt":"2019-10-09T10:55:22","guid":{"rendered":"https:\/\/culturayciencia.org\/litterae\/?page_id=871"},"modified":"2019-10-09T12:55:23","modified_gmt":"2019-10-09T10:55:23","slug":"nieves-fernandez","status":"publish","type":"page","link":"https:\/\/culturayciencia.org\/litterae\/nieves-fernandez\/","title":{"rendered":"Nieves Fern\u00e1ndez"},"content":{"rendered":"\n<div class=\"wp-block-image\"><figure class=\"alignleft is-resized\"><img loading=\"lazy\" decoding=\"async\" src=\"https:\/\/culturayciencia.org\/litterae\/wp-content\/uploads\/2019\/10\/Nieves_Fernandez_Litterae.jpg\" alt=\"\" class=\"wp-image-859\" width=\"409\" height=\"409\" srcset=\"https:\/\/culturayciencia.org\/litterae\/wp-content\/uploads\/2019\/10\/Nieves_Fernandez_Litterae.jpg 400w, https:\/\/culturayciencia.org\/litterae\/wp-content\/uploads\/2019\/10\/Nieves_Fernandez_Litterae-150x150.jpg 150w, https:\/\/culturayciencia.org\/litterae\/wp-content\/uploads\/2019\/10\/Nieves_Fernandez_Litterae-300x300.jpg 300w\" sizes=\"auto, (max-width: 409px) 100vw, 409px\" \/><\/figure><\/div>\n\n\n\n<h2 class=\"wp-block-heading\" style=\"text-align:center\"><strong> Nieves Fern\u00e1ndez <\/strong><\/h2>\n\n\n\n<p style=\"text-align:center\"><strong><em>Autora<\/em><\/strong><\/p>\n\n\n\n<p>Nieves Fern\u00e1ndez, Almagro\n(Ciudad Real). Diplomada en Lengua y Literatura,&nbsp; profesora de Servicios Socioculturales a la\nComunidad. Promotora de lectura. <em>En\nMercuralia<\/em> es su secci\u00f3n en La Tribuna de Ciudad Real y <em>Cesta de Dulcinea<\/em> en Diario Digital\nSiglo XXI. Coordina la antolog\u00eda <em>C\u00e1ntiga<\/em>\ny el Recital de Poes\u00eda <em>Almagro \u00cdntimo<\/em>,\n(<em>Festival de Teatro Cl\u00e1sico de Almagro).<\/em><\/p>\n\n\n\n<p style=\"text-align:justify\">Posee el Premio <em>Dulcinea <\/em>de Ciudad Real en literatura, adem\u00e1s:<\/p>\n\n\n\n<ol class=\"wp-block-list\"><li>Premio Inter. \u201cEl Olivo\u201d, Ja\u00e9n <\/li><li>\u201cBlas Infante\u201d, Barcelona<\/li><li>\u201cAlcal\u00e1 Wenceslada\u201d, And\u00fajar <\/li><li>Inter. Poes\u00eda de Humor \u201cJara Carrillo\u201d, Alcantarilla<\/li><li>Infantil-Juvenil Ciudad de And\u00fajar (Ja\u00e9n)<\/li><li>Literatura Infantil \u201cLuis Pal\u00e9s Matos\u201d. Puerto Rico<\/li><li>Finalista Narrativa Infantil Julio C. Coba. Quito<\/li><li>Menci\u00f3n Vitral, Pinar del R\u00edo (Cuba)<\/li><li>Finalista Teatro ASSITEJ \u2013 Espa\u00f1a<\/li><li>Dise\u00f1o Personaje ficci\u00f3n 15 Aniversario Biblioteca CLM, QUIN. <\/li><li>Selecci\u00f3n \u201cMandy, algo pasa en el desv\u00e1n\u201d Edeb\u00e9 \u2013 M\u00e9xico, Plan Lector.<\/li><\/ol>\n\n\n\n<p style=\"text-align:justify\">En poes\u00eda: <em>Desde el\nEmpotro, Poemas de recreo y mochila, Respira,\nFigura de var\u00f3n con tarde al fondo, Juan Alcaide: Trillos y Vilanos, Principado\nde un sue\u00f1o, D\u00edas de flores en desatino, Trenzas de Andr\u00f3meda, Almagro\nespiritual, Palabra de mujer, Picnic, So<\/em><em>bre la nieve, C\u00e1ntiga, Abecebarrio y\n\u00bfQui\u00e9n pint\u00f3 el cielo de azul<\/em>?&nbsp;&nbsp;&nbsp;&nbsp;&nbsp;&nbsp;&nbsp;&nbsp;&nbsp;&nbsp;&nbsp;&nbsp;&nbsp;&nbsp;&nbsp;&nbsp;&nbsp;&nbsp;&nbsp;&nbsp;&nbsp;&nbsp;&nbsp;&nbsp;&nbsp;&nbsp;&nbsp;&nbsp;&nbsp;&nbsp;&nbsp;&nbsp;&nbsp;&nbsp;&nbsp;&nbsp; <\/p>\n\n\n\n<p style=\"text-align:justify\">Y tres libros\nde teatro.<\/p>\n","protected":false},"excerpt":{"rendered":"","protected":false},"author":4,"featured_media":0,"parent":0,"menu_order":0,"comment_status":"closed","ping_status":"closed","template":"","meta":{"_acf_changed":false,"om_disable_all_campaigns":false,"_uag_custom_page_level_css":"","_monsterinsights_skip_tracking":false,"_monsterinsights_sitenote_active":false,"_monsterinsights_sitenote_note":"","_monsterinsights_sitenote_category":0,"_uf_show_specific_survey":0,"_uf_disable_surveys":false,"footnotes":""},"class_list":{"0":"post-871","1":"page","2":"type-page","3":"status-publish","5":"no-featured-image-padding"},"acf":[],"aioseo_notices":[],"uagb_featured_image_src":{"full":false,"thumbnail":false,"medium":false,"medium_large":false,"large":false,"1536x1536":false,"2048x2048":false},"uagb_author_info":{"display_name":false,"author_link":"https:\/\/culturayciencia.org\/litterae\/author\/librerae\/"},"uagb_comment_info":0,"uagb_excerpt":null,"_links":{"self":[{"href":"https:\/\/culturayciencia.org\/litterae\/wp-json\/wp\/v2\/pages\/871","targetHints":{"allow":["GET"]}}],"collection":[{"href":"https:\/\/culturayciencia.org\/litterae\/wp-json\/wp\/v2\/pages"}],"about":[{"href":"https:\/\/culturayciencia.org\/litterae\/wp-json\/wp\/v2\/types\/page"}],"author":[{"embeddable":true,"href":"https:\/\/culturayciencia.org\/litterae\/wp-json\/wp\/v2\/users\/4"}],"replies":[{"embeddable":true,"href":"https:\/\/culturayciencia.org\/litterae\/wp-json\/wp\/v2\/comments?post=871"}],"version-history":[{"count":0,"href":"https:\/\/culturayciencia.org\/litterae\/wp-json\/wp\/v2\/pages\/871\/revisions"}],"wp:attachment":[{"href":"https:\/\/culturayciencia.org\/litterae\/wp-json\/wp\/v2\/media?parent=871"}],"curies":[{"name":"wp","href":"https:\/\/api.w.org\/{rel}","templated":true}]}}