{"id":5100,"date":"2025-03-28T11:44:32","date_gmt":"2025-03-28T10:44:32","guid":{"rendered":"https:\/\/culturayciencia.org\/litterae\/?post_type=ponente&#038;p=5100"},"modified":"2025-04-08T22:30:40","modified_gmt":"2025-04-08T20:30:40","slug":"fernando-valdes-taboada","status":"publish","type":"ponente","link":"https:\/\/culturayciencia.org\/litterae\/ponente\/fernando-valdes-taboada\/","title":{"rendered":"Fernando Vald\u00e9s Taboada"},"content":{"rendered":"\n<p><br>Fil\u00f3logo hisp\u00e1nico por la Universidad Aut\u00f3noma de Madrid con m\u00e1ster en edici\u00f3n por la Oxford Brookes University (Publish-EdiTrain). Empez\u00f3 en 2003 como asistente editorial de preimpresi\u00f3n de McGraw-Hill Espa\u00f1a gestionando la correcci\u00f3n y la maquetaci\u00f3n externas de libros educativos, donde tambi\u00e9n se form\u00f3 en el uso de herramientas de certificaci\u00f3n de PDF para imprenta. <\/p>\n\n\n\n<p>Posteriormente trabaj\u00f3 como editor de mesa en Susaeta Ediciones, para quien realizaba coediciones cambiando el negro texto y adaptando las cubiertas a la edici\u00f3n espa\u00f1ola con programas de retoque fotogr\u00e1fico y dibujo vectorial. Desde 2008 trabaja por cuenta propia como editor y corrector, a veces como maquetador, al principio en educativa y LIJ, despu\u00e9s en medios impresos y digitales, para universidades durante muchos a\u00f1os, en ocasiones directamente con autores y, cada vez m\u00e1s, para museos y organizaciones internacionales dedicadas a la salud. <\/p>\n\n\n\n<p>Los \u00faltimos a\u00f1os los ha dedicado a formar parte de la junta directiva de UniCo, la Uni\u00f3n de Correctores, de la que es actualmente presidente. En sus ratos libres es entrenador de rugby infantil, nadador y jugador de rol.&nbsp;<br><\/p>\n","protected":false},"template":"","meta":{"_acf_changed":true,"om_disable_all_campaigns":false,"_uag_custom_page_level_css":"","_monsterinsights_skip_tracking":false,"_monsterinsights_sitenote_active":false,"_monsterinsights_sitenote_note":"","_monsterinsights_sitenote_category":0,"_uf_show_specific_survey":0,"_uf_disable_surveys":false},"ano":[12],"class_list":["post-5100","ponente","type-ponente","status-publish","hentry","ano-12","no-featured-image-padding"],"acf":[],"aioseo_notices":[],"uagb_featured_image_src":[],"uagb_author_info":{"display_name":false,"author_link":"https:\/\/culturayciencia.org\/litterae\/author\/"},"uagb_comment_info":0,"uagb_excerpt":null,"_links":{"self":[{"href":"https:\/\/culturayciencia.org\/litterae\/wp-json\/wp\/v2\/ponente\/5100","targetHints":{"allow":["GET"]}}],"collection":[{"href":"https:\/\/culturayciencia.org\/litterae\/wp-json\/wp\/v2\/ponente"}],"about":[{"href":"https:\/\/culturayciencia.org\/litterae\/wp-json\/wp\/v2\/types\/ponente"}],"wp:attachment":[{"href":"https:\/\/culturayciencia.org\/litterae\/wp-json\/wp\/v2\/media?parent=5100"}],"wp:term":[{"taxonomy":"ano","embeddable":true,"href":"https:\/\/culturayciencia.org\/litterae\/wp-json\/wp\/v2\/ano?post=5100"}],"curies":[{"name":"wp","href":"https:\/\/api.w.org\/{rel}","templated":true}]}}

Fernando Valdés Taboada

<p><br>Filólogo hispánico por la Universidad Autónoma de Madrid con máster en edición por la Oxford Brookes University (Publish-EdiTrain). Empezó en 2003 como asistente editorial de preimpresión de McGraw-Hill España gestionando la corrección y la maquetación externas de libros educativos, donde también se formó en el uso de herramientas de certificación de PDF para imprenta. </p>



<p>Posteriormente trabajó como editor de mesa en Susaeta Ediciones, para quien realizaba coediciones cambiando el negro texto y adaptando las cubiertas a la edición española con programas de retoque fotográfico y dibujo vectorial. Desde 2008 trabaja por cuenta propia como editor y corrector, a veces como maquetador, al principio en educativa y LIJ, después en medios impresos y digitales, para universidades durante muchos años, en ocasiones directamente con autores y, cada vez más, para museos y organizaciones internacionales dedicadas a la salud. </p>



<p>Los últimos años los ha dedicado a formar parte de la junta directiva de UniCo, la Unión de Correctores, de la que es actualmente presidente. En sus ratos libres es entrenador de rugby infantil, nadador y jugador de rol.&nbsp;<br></p>
