{"id":5104,"date":"2025-03-28T11:49:14","date_gmt":"2025-03-28T10:49:14","guid":{"rendered":"https:\/\/culturayciencia.org\/litterae\/?post_type=ponente&#038;p=5104"},"modified":"2025-04-08T14:43:52","modified_gmt":"2025-04-08T12:43:52","slug":"gisele-correa-ferreira","status":"publish","type":"ponente","link":"https:\/\/culturayciencia.org\/litterae\/ponente\/gisele-correa-ferreira\/","title":{"rendered":"Gisele Corr\u00eaa Ferreira"},"content":{"rendered":"\n<p>Gisele Corr\u00eaa Ferreira, Licenciada en Relaciones P\u00fablicas por la PUC de Campinas (SP) y posgraduada en Administraci\u00f3n General por la USP (SP). Empresaria, emprendedora cultural y curadora luso-brasile\u00f1a. <\/p>\n\n\n\n<p>Tiene amplia experiencia en proyectos culturales y cient\u00edficos al frente de GSC Eventos Especiais, empresa que fund\u00f3 hace 36 a\u00f1os y que organiza eventos vinculados a la Literatura, la M\u00fasica, el Medio Ambiente y la Educaci\u00f3n en Po\u00e7os de Caldas. Lanz\u00f3 Flipo\u00e7os \u2013 Festival Literario Internacional de Po\u00e7os de Caldas en 2006 y como curadora fue responsable del Premio Retratos da Leitura do Brasil en la categor\u00eda Cadena de Producci\u00f3n de Libros, t\u00edtulo que Flipo\u00e7os recibi\u00f3 en 2018, otorgado por la CBL &#8211; C\u00e1mara Brasile\u00f1a del Libro. , SNEL \u2013 Uni\u00f3n Nacional de Editores de Libros, Instituto Pr\u00f3-Livro, Abrelivros. <\/p>\n\n\n\n<p>Durante veinte a\u00f1os, ha participado como curadora, mediadora y conferencista en varios festivales literarios en Brasil, Portugal y pa\u00edses de habla portuguesa, entre otros, por invitaci\u00f3n de entidades gubernamentales y privadas con el objetivo de fortalecer los v\u00ednculos de la lusofon\u00eda, la difusi\u00f3n e intercambios culturales entre pa\u00edses de habla portuguesa y latina. <\/p>\n\n\n\n<p>Es miembro de la Academia Po\u00e7os Caldense de Letras y actualmente forma parte del consejo directivo de la C\u00e2mara Mineira do Livro.<\/p>\n\n\n\n<p><\/p>\n","protected":false},"template":"","meta":{"_acf_changed":false,"om_disable_all_campaigns":false,"_uag_custom_page_level_css":"","_monsterinsights_skip_tracking":false,"_monsterinsights_sitenote_active":false,"_monsterinsights_sitenote_note":"","_monsterinsights_sitenote_category":0,"_uf_show_specific_survey":0,"_uf_disable_surveys":false},"ano":[12],"class_list":["post-5104","ponente","type-ponente","status-publish","hentry","ano-12","no-featured-image-padding"],"acf":[],"aioseo_notices":[],"uagb_featured_image_src":[],"uagb_author_info":{"display_name":false,"author_link":"https:\/\/culturayciencia.org\/litterae\/author\/"},"uagb_comment_info":0,"uagb_excerpt":null,"_links":{"self":[{"href":"https:\/\/culturayciencia.org\/litterae\/wp-json\/wp\/v2\/ponente\/5104","targetHints":{"allow":["GET"]}}],"collection":[{"href":"https:\/\/culturayciencia.org\/litterae\/wp-json\/wp\/v2\/ponente"}],"about":[{"href":"https:\/\/culturayciencia.org\/litterae\/wp-json\/wp\/v2\/types\/ponente"}],"wp:attachment":[{"href":"https:\/\/culturayciencia.org\/litterae\/wp-json\/wp\/v2\/media?parent=5104"}],"wp:term":[{"taxonomy":"ano","embeddable":true,"href":"https:\/\/culturayciencia.org\/litterae\/wp-json\/wp\/v2\/ano?post=5104"}],"curies":[{"name":"wp","href":"https:\/\/api.w.org\/{rel}","templated":true}]}}

Gisele Corrêa Ferreira

<p>Gisele Corrêa Ferreira, Licenciada en Relaciones Públicas por la PUC de Campinas (SP) y posgraduada en Administración General por la USP (SP). Empresaria, emprendedora cultural y curadora luso-brasileña. </p>



<p>Tiene amplia experiencia en proyectos culturales y científicos al frente de GSC Eventos Especiais, empresa que fundó hace 36 años y que organiza eventos vinculados a la Literatura, la Música, el Medio Ambiente y la Educación en Poços de Caldas. Lanzó Flipoços – Festival Literario Internacional de Poços de Caldas en 2006 y como curadora fue responsable del Premio Retratos da Leitura do Brasil en la categoría Cadena de Producción de Libros, título que Flipoços recibió en 2018, otorgado por la CBL &#8211; Cámara Brasileña del Libro. , SNEL – Unión Nacional de Editores de Libros, Instituto Pró-Livro, Abrelivros. </p>



<p>Durante veinte años, ha participado como curadora, mediadora y conferencista en varios festivales literarios en Brasil, Portugal y países de habla portuguesa, entre otros, por invitación de entidades gubernamentales y privadas con el objetivo de fortalecer los vínculos de la lusofonía, la difusión e intercambios culturales entre países de habla portuguesa y latina. </p>



<p>Es miembro de la Academia Poços Caldense de Letras y actualmente forma parte del consejo directivo de la Câmara Mineira do Livro.</p>



<p></p>
