{"id":5108,"date":"2025-03-28T11:51:53","date_gmt":"2025-03-28T10:51:53","guid":{"rendered":"https:\/\/culturayciencia.org\/litterae\/?post_type=ponente&#038;p=5108"},"modified":"2025-04-08T10:10:10","modified_gmt":"2025-04-08T08:10:10","slug":"gayna-theophilus","status":"publish","type":"ponente","link":"https:\/\/culturayciencia.org\/litterae\/ponente\/gayna-theophilus\/","title":{"rendered":"Gayna Theophilus"},"content":{"rendered":"\n<p>Directora de Ventas y Derechos, y editora de Adquisiciones en Annick Press, una editorial independiente de libros infantiles con sede en Toronto, Canad\u00e1.<\/p>\n\n\n\n<p>Es licenciada en Literaturas del Mundo en Ingl\u00e9s y siempre ha estado comprometida con ampliar las voces de comunidades que hist\u00f3ricamente han sido excluidas del mundo editorial. Antes de su etapa en la publicaci\u00f3n de libros infantiles, trabaj\u00f3 como investigadora de Permisos independiente y como Editora Colaboradora para la revista Satellite en Nueva York.<\/p>\n\n\n\n<p>Tras iniciar su carrera en HarperCollins Canad\u00e1, Gayna se uni\u00f3 a Annick Press en 2010 para dirigir el departamento de Ventas y Derechos. Unos a\u00f1os despu\u00e9s, comenz\u00f3 a buscar activamente t\u00edtulos extranjeros para adquisici\u00f3n, y en 2020 incorpor\u00f3 oficialmente el rol de Editora de Adquisiciones. Ha gestionado la obtenci\u00f3n de derechos de editoriales de Eslovenia, Francia, B\u00e9lgica, Espa\u00f1a y Argentina para ediciones en lengua inglesa.<\/p>\n\n\n\n<p>Actualmente, es miembro de la Junta Directiva de Livres Canada Books, y acaba de finalizar su mandato como Copresidenta del Comit\u00e9 de Exportaci\u00f3n de la Asociaci\u00f3n de Editores Canadienses. Es adem\u00e1s una entusiasta admiradora y promotora de la literatura infantil canadiense.<\/p>\n","protected":false},"template":"","meta":{"_acf_changed":true,"om_disable_all_campaigns":false,"_uag_custom_page_level_css":"","_monsterinsights_skip_tracking":false,"_monsterinsights_sitenote_active":false,"_monsterinsights_sitenote_note":"","_monsterinsights_sitenote_category":0,"_uf_show_specific_survey":0,"_uf_disable_surveys":false},"ano":[12],"class_list":["post-5108","ponente","type-ponente","status-publish","hentry","ano-12","no-featured-image-padding"],"acf":[],"aioseo_notices":[],"uagb_featured_image_src":[],"uagb_author_info":{"display_name":false,"author_link":"https:\/\/culturayciencia.org\/litterae\/author\/"},"uagb_comment_info":0,"uagb_excerpt":null,"_links":{"self":[{"href":"https:\/\/culturayciencia.org\/litterae\/wp-json\/wp\/v2\/ponente\/5108","targetHints":{"allow":["GET"]}}],"collection":[{"href":"https:\/\/culturayciencia.org\/litterae\/wp-json\/wp\/v2\/ponente"}],"about":[{"href":"https:\/\/culturayciencia.org\/litterae\/wp-json\/wp\/v2\/types\/ponente"}],"wp:attachment":[{"href":"https:\/\/culturayciencia.org\/litterae\/wp-json\/wp\/v2\/media?parent=5108"}],"wp:term":[{"taxonomy":"ano","embeddable":true,"href":"https:\/\/culturayciencia.org\/litterae\/wp-json\/wp\/v2\/ano?post=5108"}],"curies":[{"name":"wp","href":"https:\/\/api.w.org\/{rel}","templated":true}]}}

<p>Directora de Ventas y Derechos, y editora de Adquisiciones en Annick Press, una editorial independiente de libros infantiles con sede en Toronto, Canadá.</p>



<p>Es licenciada en Literaturas del Mundo en Inglés y siempre ha estado comprometida con ampliar las voces de comunidades que históricamente han sido excluidas del mundo editorial. Antes de su etapa en la publicación de libros infantiles, trabajó como investigadora de Permisos independiente y como Editora Colaboradora para la revista Satellite en Nueva York.</p>



<p>Tras iniciar su carrera en HarperCollins Canadá, Gayna se unió a Annick Press en 2010 para dirigir el departamento de Ventas y Derechos. Unos años después, comenzó a buscar activamente títulos extranjeros para adquisición, y en 2020 incorporó oficialmente el rol de Editora de Adquisiciones. Ha gestionado la obtención de derechos de editoriales de Eslovenia, Francia, Bélgica, España y Argentina para ediciones en lengua inglesa.</p>



<p>Actualmente, es miembro de la Junta Directiva de Livres Canada Books, y acaba de finalizar su mandato como Copresidenta del Comité de Exportación de la Asociación de Editores Canadienses. Es además una entusiasta admiradora y promotora de la literatura infantil canadiense.</p>
