{"id":5223,"date":"2025-04-08T11:49:24","date_gmt":"2025-04-08T09:49:24","guid":{"rendered":"https:\/\/culturayciencia.org\/litterae\/?post_type=ponente&#038;p=5223"},"modified":"2025-04-08T11:49:26","modified_gmt":"2025-04-08T09:49:26","slug":"coral-calero","status":"publish","type":"ponente","link":"https:\/\/culturayciencia.org\/litterae\/ponente\/coral-calero\/","title":{"rendered":"Coral Calero"},"content":{"rendered":"\n<p>Coral Calero es una de las responsables de la l\u00ednea de \u201cGreen and Sustainable software\u201d del Grupo de investigaci\u00f3n Alarcos, de la UCLM, donde desarrollan dos grandes l\u00edneas de trabajo. La primera est\u00e1 relacionada con la investigaci\u00f3n formal de sostenibilidad software enfocada a las empresas y desarrolladores de software.&nbsp;La segunda se centra en la divulgaci\u00f3n para concienciar a la sociedad del impacto que el software tiene en el medioambiente.&nbsp;<\/p>\n\n\n\n<p>Es Directora del \u00e1rea de Algoritmos Verdes de OdiseIA, el Observatorio del impacto social y \u00e9tico de la inteligencia artificial.&nbsp; Desde el a\u00f1o 2021 aparece en el World Ranking of Top Computer Scientists, realizado por Research.com, cuya \u00faltima d\u00e9cima edici\u00f3n incluye \u00fanicamente 216 investigadores espa\u00f1oles, de los cuales menos del 9% son mujeres.<\/p>\n\n\n\n<p>Entre otros, ha ganado el premio de investigaci\u00f3n e innovaci\u00f3n de Castilla-La Mancha, en la categor\u00eda de \u201cTrayectoria investigadora y a la innovaci\u00f3n\u201d, en 2023.&nbsp;<\/p>\n\n\n\n<p>Desde abril de 2023 es uno de los 12 miembros del Comit\u00e9 Espa\u00f1ol para la \u00c9tica de la Investigaci\u00f3n del Ministerio de Ciencia e Innovaci\u00f3n.&nbsp;<\/p>\n\n\n\n<p><\/p>\n","protected":false},"template":"","meta":{"_acf_changed":true,"om_disable_all_campaigns":false,"_uag_custom_page_level_css":"","_monsterinsights_skip_tracking":false,"_monsterinsights_sitenote_active":false,"_monsterinsights_sitenote_note":"","_monsterinsights_sitenote_category":0,"_uf_show_specific_survey":0,"_uf_disable_surveys":false},"ano":[12],"class_list":["post-5223","ponente","type-ponente","status-publish","hentry","ano-12","no-featured-image-padding"],"acf":[],"aioseo_notices":[],"uagb_featured_image_src":[],"uagb_author_info":{"display_name":false,"author_link":"https:\/\/culturayciencia.org\/litterae\/author\/"},"uagb_comment_info":0,"uagb_excerpt":null,"_links":{"self":[{"href":"https:\/\/culturayciencia.org\/litterae\/wp-json\/wp\/v2\/ponente\/5223","targetHints":{"allow":["GET"]}}],"collection":[{"href":"https:\/\/culturayciencia.org\/litterae\/wp-json\/wp\/v2\/ponente"}],"about":[{"href":"https:\/\/culturayciencia.org\/litterae\/wp-json\/wp\/v2\/types\/ponente"}],"wp:attachment":[{"href":"https:\/\/culturayciencia.org\/litterae\/wp-json\/wp\/v2\/media?parent=5223"}],"wp:term":[{"taxonomy":"ano","embeddable":true,"href":"https:\/\/culturayciencia.org\/litterae\/wp-json\/wp\/v2\/ano?post=5223"}],"curies":[{"name":"wp","href":"https:\/\/api.w.org\/{rel}","templated":true}]}}

<p>Coral Calero es una de las responsables de la línea de “Green and Sustainable software” del Grupo de investigación Alarcos, de la UCLM, donde desarrollan dos grandes líneas de trabajo. La primera está relacionada con la investigación formal de sostenibilidad software enfocada a las empresas y desarrolladores de software.&nbsp;La segunda se centra en la divulgación para concienciar a la sociedad del impacto que el software tiene en el medioambiente.&nbsp;</p>



<p>Es Directora del área de Algoritmos Verdes de OdiseIA, el Observatorio del impacto social y ético de la inteligencia artificial.&nbsp; Desde el año 2021 aparece en el World Ranking of Top Computer Scientists, realizado por Research.com, cuya última décima edición incluye únicamente 216 investigadores españoles, de los cuales menos del 9% son mujeres.</p>



<p>Entre otros, ha ganado el premio de investigación e innovación de Castilla-La Mancha, en la categoría de “Trayectoria investigadora y a la innovación”, en 2023.&nbsp;</p>



<p>Desde abril de 2023 es uno de los 12 miembros del Comité Español para la Ética de la Investigación del Ministerio de Ciencia e Innovación.&nbsp;</p>



<p></p>
