{"id":5225,"date":"2025-04-08T11:53:05","date_gmt":"2025-04-08T09:53:05","guid":{"rendered":"https:\/\/culturayciencia.org\/litterae\/?post_type=ponente&#038;p=5225"},"modified":"2025-04-21T13:42:36","modified_gmt":"2025-04-21T11:42:36","slug":"reyes-del-rio-cordoves","status":"publish","type":"ponente","link":"https:\/\/culturayciencia.org\/litterae\/ponente\/reyes-del-rio-cordoves\/","title":{"rendered":"Reyes del Rio Cordov\u00e9s"},"content":{"rendered":"\n<p>Licenciada en Ciencias del Trabajo por la Universidad Complutense de Madrid y Diplomada en Empresas y Actividades Tur\u00edsticas por la UNED, desarrolla su experiencia profesional desde 2005 en la Fundaci\u00f3n Biodiversidad del Ministerio para la Transici\u00f3n Ecol\u00f3gica y el Reto Demogr\u00e1fico. Es Jefa del \u00c1rea de Conservaci\u00f3n y Restauraci\u00f3n de Ecosistemas, responsable del proyecto Cambiar Estilos de Vida para Recuperar la Naturaleza y el Plan de Acci\u00f3n de Educaci\u00f3n Ambiental para la Sostenibilidad, adem\u00e1s participa en el proyecto <strong>LIFE <\/strong>INTEMARES como responsable de la integraci\u00f3n de fondos y proyectos complementarios. Participa en la elaboraci\u00f3n de planes, estrategias, protocolos y documentos transversales que contribuyen a la implementaci\u00f3n de las pol\u00edticas p\u00fablicas en materia de biodiversidad. &nbsp;<\/p>\n\n\n\n<p>Aunque su trabajo est\u00e1 enfocado a la gesti\u00f3n y conservaci\u00f3n de la biodiversidad, su inter\u00e9s profesional est\u00e1 abierto a explorar diferentes \u00e1mbitos para conservar los ecosistemas sanos, restaurar los ecosistemas degradados, promover un uso sostenible de la biodiversidad y frenar las causas de su deterioro.<\/p>\n","protected":false},"template":"","meta":{"_acf_changed":true,"om_disable_all_campaigns":false,"_uag_custom_page_level_css":"","_monsterinsights_skip_tracking":false,"_monsterinsights_sitenote_active":false,"_monsterinsights_sitenote_note":"","_monsterinsights_sitenote_category":0,"_uf_show_specific_survey":0,"_uf_disable_surveys":false},"ano":[12],"class_list":["post-5225","ponente","type-ponente","status-publish","hentry","ano-12","no-featured-image-padding"],"acf":[],"aioseo_notices":[],"uagb_featured_image_src":[],"uagb_author_info":{"display_name":false,"author_link":"https:\/\/culturayciencia.org\/litterae\/author\/"},"uagb_comment_info":0,"uagb_excerpt":null,"_links":{"self":[{"href":"https:\/\/culturayciencia.org\/litterae\/wp-json\/wp\/v2\/ponente\/5225","targetHints":{"allow":["GET"]}}],"collection":[{"href":"https:\/\/culturayciencia.org\/litterae\/wp-json\/wp\/v2\/ponente"}],"about":[{"href":"https:\/\/culturayciencia.org\/litterae\/wp-json\/wp\/v2\/types\/ponente"}],"wp:attachment":[{"href":"https:\/\/culturayciencia.org\/litterae\/wp-json\/wp\/v2\/media?parent=5225"}],"wp:term":[{"taxonomy":"ano","embeddable":true,"href":"https:\/\/culturayciencia.org\/litterae\/wp-json\/wp\/v2\/ano?post=5225"}],"curies":[{"name":"wp","href":"https:\/\/api.w.org\/{rel}","templated":true}]}}

Reyes del Rio Cordovés

<p>Licenciada en Ciencias del Trabajo por la Universidad Complutense de Madrid y Diplomada en Empresas y Actividades Turísticas por la UNED, desarrolla su experiencia profesional desde 2005 en la Fundación Biodiversidad del Ministerio para la Transición Ecológica y el Reto Demográfico. Es Jefa del Área de Conservación y Restauración de Ecosistemas, responsable del proyecto Cambiar Estilos de Vida para Recuperar la Naturaleza y el Plan de Acción de Educación Ambiental para la Sostenibilidad, además participa en el proyecto <strong>LIFE </strong>INTEMARES como responsable de la integración de fondos y proyectos complementarios. Participa en la elaboración de planes, estrategias, protocolos y documentos transversales que contribuyen a la implementación de las políticas públicas en materia de biodiversidad. &nbsp;</p>



<p>Aunque su trabajo está enfocado a la gestión y conservación de la biodiversidad, su interés profesional está abierto a explorar diferentes ámbitos para conservar los ecosistemas sanos, restaurar los ecosistemas degradados, promover un uso sostenible de la biodiversidad y frenar las causas de su deterioro.</p>
