{"id":5269,"date":"2025-04-09T19:27:42","date_gmt":"2025-04-09T17:27:42","guid":{"rendered":"https:\/\/culturayciencia.org\/litterae\/?post_type=ponente&#038;p=5269"},"modified":"2025-05-12T13:35:09","modified_gmt":"2025-05-12T11:35:09","slug":"pavel-sidorenko","status":"publish","type":"ponente","link":"https:\/\/culturayciencia.org\/litterae\/ponente\/pavel-sidorenko\/","title":{"rendered":"Pavel Sidorenko"},"content":{"rendered":"\n<p>Profesor Titular de la Facultad de Educaci\u00f3n y Programa de Doctorado en Humanidades y Sociedad Digital de la Universidad Internacional de La Rioja (Espa\u00f1a). Doctor en Comunicaci\u00f3n por la Universidad de Castilla-La Mancha.<\/p>\n\n\n\n<p>Investigador principal del proyecto \u2018AccessVerse\u2019 sobre comunicaci\u00f3n accesible en el metaverso. Miembro del grupo de investigaci\u00f3n Procomm UNIR, miembro de la red de investigaci\u00f3n iberoamericana Procomhum, y director del Observatorio Internacional \u00abBrandingverse\u00bb sobre comunicaci\u00f3n en el metaverso.<\/p>\n\n\n\n<p><\/p>\n","protected":false},"template":"","meta":{"_acf_changed":true,"om_disable_all_campaigns":false,"_uag_custom_page_level_css":"","_monsterinsights_skip_tracking":false,"_monsterinsights_sitenote_active":false,"_monsterinsights_sitenote_note":"","_monsterinsights_sitenote_category":0,"_uf_show_specific_survey":0,"_uf_disable_surveys":false},"ano":[12],"class_list":["post-5269","ponente","type-ponente","status-publish","hentry","ano-12","no-featured-image-padding"],"acf":[],"aioseo_notices":[],"uagb_featured_image_src":[],"uagb_author_info":{"display_name":false,"author_link":"https:\/\/culturayciencia.org\/litterae\/author\/"},"uagb_comment_info":0,"uagb_excerpt":null,"_links":{"self":[{"href":"https:\/\/culturayciencia.org\/litterae\/wp-json\/wp\/v2\/ponente\/5269","targetHints":{"allow":["GET"]}}],"collection":[{"href":"https:\/\/culturayciencia.org\/litterae\/wp-json\/wp\/v2\/ponente"}],"about":[{"href":"https:\/\/culturayciencia.org\/litterae\/wp-json\/wp\/v2\/types\/ponente"}],"wp:attachment":[{"href":"https:\/\/culturayciencia.org\/litterae\/wp-json\/wp\/v2\/media?parent=5269"}],"wp:term":[{"taxonomy":"ano","embeddable":true,"href":"https:\/\/culturayciencia.org\/litterae\/wp-json\/wp\/v2\/ano?post=5269"}],"curies":[{"name":"wp","href":"https:\/\/api.w.org\/{rel}","templated":true}]}}

<p>Profesor Titular de la Facultad de Educación y Programa de Doctorado en Humanidades y Sociedad Digital de la Universidad Internacional de La Rioja (España). Doctor en Comunicación por la Universidad de Castilla-La Mancha.</p>



<p>Investigador principal del proyecto ‘AccessVerse’ sobre comunicación accesible en el metaverso. Miembro del grupo de investigación Procomm UNIR, miembro de la red de investigación iberoamericana Procomhum, y director del Observatorio Internacional «Brandingverse» sobre comunicación en el metaverso.</p>



<p></p>
