{"id":5314,"date":"2025-04-15T13:57:29","date_gmt":"2025-04-15T11:57:29","guid":{"rendered":"https:\/\/culturayciencia.org\/litterae\/?post_type=ponente&#038;p=5314"},"modified":"2025-04-15T13:57:30","modified_gmt":"2025-04-15T11:57:30","slug":"antonio-ma-avila-alvarez","status":"publish","type":"ponente","link":"https:\/\/culturayciencia.org\/litterae\/ponente\/antonio-ma-avila-alvarez\/","title":{"rendered":"Antonio M\u00aa \u00c1vila \u00c1lvarez"},"content":{"rendered":"\n<p>Presidente del Centro de Exportaci\u00f3n de Libros Espa\u00f1oles. (CELESA) y Secretario General de la Asociaci\u00f3n de las C\u00e1maras del Libro de Espa\u00f1a, FEDECALI.<\/p>\n\n\n\n<p>Premio Extraordinario de Licenciatura de Derecho, Licenciado en Ciencias Pol\u00edticas, Doctor en Derecho y Doctor en Ciencias Econ\u00f3micas.<\/p>\n\n\n\n<p>Ha sido profesor asociado de Derecho Pol\u00edtico hasta 1986, profesor asociado de Comercio Exterior (Universidad Carlos III) de 1994 a 1996 y desde 1997 profesor de la misma materia en TPGA de la Universidad Aut\u00f3noma de Madrid. Profesor de CECO, imparte clases del M\u00e1ster de Comercio Exterior y Pol\u00edtica Comercial en la Universidad Carlos III, Santiago de Compostela, Alcal\u00e1 de Henares e Instituto Universitario Carlos V de la Universidad Aut\u00f3noma de Madrid.<\/p>\n\n\n\n<p>Es tambi\u00e9n autor de numerosas publicaciones sobre la materia en ICE, BISE, Noticias de la Uni\u00f3n Europea, etc. y libros como: Manual Pr\u00e1ctico de Comercio Exterior (Tecnos, 1986), Regulaci\u00f3n del Comercio Internacional tras la Ronda de Uruguay (Tecnos, 1994), Pol\u00edtica Comercial de la Uni\u00f3n Europea (Pir\u00e1mide, 1997), Pol\u00edtica de competencia y pol\u00edtica comercial: \u00bfhac\u00eda un acuerdo multilateral? (IMADE-COCIM, 2004), la Propiedad Intelectual en las Relaciones Econ\u00f3micas Internacionales (IMADE-COCIM, 2007)<\/p>\n\n\n\n<p><\/p>\n","protected":false},"template":"","meta":{"_acf_changed":true,"om_disable_all_campaigns":false,"_uag_custom_page_level_css":"","_monsterinsights_skip_tracking":false,"_monsterinsights_sitenote_active":false,"_monsterinsights_sitenote_note":"","_monsterinsights_sitenote_category":0,"_uf_show_specific_survey":0,"_uf_disable_surveys":false},"ano":[12],"class_list":["post-5314","ponente","type-ponente","status-publish","hentry","ano-12","no-featured-image-padding"],"acf":[],"aioseo_notices":[],"uagb_featured_image_src":[],"uagb_author_info":{"display_name":false,"author_link":"https:\/\/culturayciencia.org\/litterae\/author\/"},"uagb_comment_info":0,"uagb_excerpt":null,"_links":{"self":[{"href":"https:\/\/culturayciencia.org\/litterae\/wp-json\/wp\/v2\/ponente\/5314","targetHints":{"allow":["GET"]}}],"collection":[{"href":"https:\/\/culturayciencia.org\/litterae\/wp-json\/wp\/v2\/ponente"}],"about":[{"href":"https:\/\/culturayciencia.org\/litterae\/wp-json\/wp\/v2\/types\/ponente"}],"wp:attachment":[{"href":"https:\/\/culturayciencia.org\/litterae\/wp-json\/wp\/v2\/media?parent=5314"}],"wp:term":[{"taxonomy":"ano","embeddable":true,"href":"https:\/\/culturayciencia.org\/litterae\/wp-json\/wp\/v2\/ano?post=5314"}],"curies":[{"name":"wp","href":"https:\/\/api.w.org\/{rel}","templated":true}]}}

Antonio Mª Ávila Álvarez

<p>Presidente del Centro de Exportación de Libros Españoles. (CELESA) y Secretario General de la Asociación de las Cámaras del Libro de España, FEDECALI.</p>



<p>Premio Extraordinario de Licenciatura de Derecho, Licenciado en Ciencias Políticas, Doctor en Derecho y Doctor en Ciencias Económicas.</p>



<p>Ha sido profesor asociado de Derecho Político hasta 1986, profesor asociado de Comercio Exterior (Universidad Carlos III) de 1994 a 1996 y desde 1997 profesor de la misma materia en TPGA de la Universidad Autónoma de Madrid. Profesor de CECO, imparte clases del Máster de Comercio Exterior y Política Comercial en la Universidad Carlos III, Santiago de Compostela, Alcalá de Henares e Instituto Universitario Carlos V de la Universidad Autónoma de Madrid.</p>



<p>Es también autor de numerosas publicaciones sobre la materia en ICE, BISE, Noticias de la Unión Europea, etc. y libros como: Manual Práctico de Comercio Exterior (Tecnos, 1986), Regulación del Comercio Internacional tras la Ronda de Uruguay (Tecnos, 1994), Política Comercial de la Unión Europea (Pirámide, 1997), Política de competencia y política comercial: ¿hacía un acuerdo multilateral? (IMADE-COCIM, 2004), la Propiedad Intelectual en las Relaciones Económicas Internacionales (IMADE-COCIM, 2007)</p>



<p></p>
