{"id":5421,"date":"2025-04-23T16:49:12","date_gmt":"2025-04-23T14:49:12","guid":{"rendered":"https:\/\/culturayciencia.org\/litterae\/?post_type=ponente&#038;p=5421"},"modified":"2025-04-23T16:49:13","modified_gmt":"2025-04-23T14:49:13","slug":"antonio-castillo-escobar","status":"publish","type":"ponente","link":"https:\/\/culturayciencia.org\/litterae\/ponente\/antonio-castillo-escobar\/","title":{"rendered":"Antonio Castillo Escobar"},"content":{"rendered":"\n<p>Es Licenciado en Filolog\u00eda Hisp\u00e1nica. Ha cursado estudios de Direcci\u00f3n, Gesti\u00f3n, Marketing y Comercio electr\u00f3nico. Director Gerente de distribuidora Distriforma desde 2013. Anteriormente fue director de la cadena de Librer\u00edas Crisol y Director de Ventas de la editorial McGraw-Hill Espa\u00f1a. Presidente de ADILE (Agrupaci\u00f3n de Distribuidores de Libros y Ediciones) entre 2021 y 2024. Director del curso de verano \u00abLibro impreso versus edici\u00f3n digital\u00bb de la Universidad Europea de Madrid.<\/p>\n","protected":false},"template":"","meta":{"_acf_changed":true,"om_disable_all_campaigns":false,"_uag_custom_page_level_css":"","_monsterinsights_skip_tracking":false,"_monsterinsights_sitenote_active":false,"_monsterinsights_sitenote_note":"","_monsterinsights_sitenote_category":0,"_uf_show_specific_survey":0,"_uf_disable_surveys":false},"ano":[12],"class_list":["post-5421","ponente","type-ponente","status-publish","hentry","ano-12","no-featured-image-padding"],"acf":[],"aioseo_notices":[],"uagb_featured_image_src":[],"uagb_author_info":{"display_name":false,"author_link":"https:\/\/culturayciencia.org\/litterae\/author\/"},"uagb_comment_info":0,"uagb_excerpt":null,"_links":{"self":[{"href":"https:\/\/culturayciencia.org\/litterae\/wp-json\/wp\/v2\/ponente\/5421","targetHints":{"allow":["GET"]}}],"collection":[{"href":"https:\/\/culturayciencia.org\/litterae\/wp-json\/wp\/v2\/ponente"}],"about":[{"href":"https:\/\/culturayciencia.org\/litterae\/wp-json\/wp\/v2\/types\/ponente"}],"wp:attachment":[{"href":"https:\/\/culturayciencia.org\/litterae\/wp-json\/wp\/v2\/media?parent=5421"}],"wp:term":[{"taxonomy":"ano","embeddable":true,"href":"https:\/\/culturayciencia.org\/litterae\/wp-json\/wp\/v2\/ano?post=5421"}],"curies":[{"name":"wp","href":"https:\/\/api.w.org\/{rel}","templated":true}]}}

<p>Es Licenciado en Filología Hispánica. Ha cursado estudios de Dirección, Gestión, Marketing y Comercio electrónico. Director Gerente de distribuidora Distriforma desde 2013. Anteriormente fue director de la cadena de Librerías Crisol y Director de Ventas de la editorial McGraw-Hill España. Presidente de ADILE (Agrupación de Distribuidores de Libros y Ediciones) entre 2021 y 2024. Director del curso de verano «Libro impreso versus edición digital» de la Universidad Europea de Madrid.</p>
