{"id":5533,"date":"2025-05-07T20:58:18","date_gmt":"2025-05-07T18:58:18","guid":{"rendered":"https:\/\/culturayciencia.org\/litterae\/?post_type=ponente&#038;p=5533"},"modified":"2025-05-07T20:58:19","modified_gmt":"2025-05-07T18:58:19","slug":"maria-guillermina-spiekermann","status":"publish","type":"ponente","link":"https:\/\/culturayciencia.org\/litterae\/ponente\/maria-guillermina-spiekermann\/","title":{"rendered":"Mar\u00eda Guillermina Spiekermann"},"content":{"rendered":"\n<p>Mar\u00eda Guillermina Spiekermann es una librera, educadora y promotora cultural nacida en Argentina, donde ejerci\u00f3 como profesora de Educaci\u00f3n Infantil desde 1996 hasta su llegada a Espa\u00f1a en diciembre de 2017. Su vocaci\u00f3n educativa y su amor por la lectura marcaron su trayectoria profesional desde sus inicios.<\/p>\n\n\n\n<p>En octubre de 2018, tras menos de un a\u00f1o de haberse establecido en la localidad valenciana de Picanya, abri\u00f3 las puertas f\u00edsicas de su tienda Passarella, un proyecto que, sin embargo, ya ven\u00eda funcionando de forma p\u00fablica desde el a\u00f1o 2010. Bajo su direcci\u00f3n, la librer\u00eda no solo ofrece libros, sino que tambi\u00e9n se ha convertido en un espacio cultural, acogiendo encuentros, actividades y eventos que fomentan la lectura y la vida comunitaria.<\/p>\n\n\n\n<p>Su compromiso con el comercio local y la promoci\u00f3n de la cultura la ha llevado a formar parte de la Junta Directiva de Confecomer\u00e7, la Confederaci\u00f3n de Comercio de Alicante, Castell\u00f3n y Valencia, donde ejerce como vocal. Esta organizaci\u00f3n representa a m\u00e1s de 12.000 establecimientos asociados y es clave en la defensa del peque\u00f1o comercio en la Comunitat Valenciana.<\/p>\n\n\n\n<p>En abril de 2025 fue invitada por la Casa Real a asistir a la ceremonia de entrega del Premio Cervantes en el Palacio Real, en reconocimiento a su labor como promotora de la lectura y la cultura.<\/p>\n\n\n\n<p>Adem\u00e1s, participa activamente en eventos como el Maig Literari o Ateneo Literario de Picanya y la Feria del Libro de Valencia entre otros, consolidando su papel como dinamizadora cultural y defensora de la lectura como herramienta de transformaci\u00f3n social.<\/p>\n","protected":false},"template":"","meta":{"_acf_changed":true,"om_disable_all_campaigns":false,"_uag_custom_page_level_css":"","_monsterinsights_skip_tracking":false,"_monsterinsights_sitenote_active":false,"_monsterinsights_sitenote_note":"","_monsterinsights_sitenote_category":0,"_uf_show_specific_survey":0,"_uf_disable_surveys":false},"ano":[12],"class_list":["post-5533","ponente","type-ponente","status-publish","hentry","ano-12","no-featured-image-padding"],"acf":[],"aioseo_notices":[],"uagb_featured_image_src":[],"uagb_author_info":{"display_name":false,"author_link":"https:\/\/culturayciencia.org\/litterae\/author\/"},"uagb_comment_info":0,"uagb_excerpt":null,"_links":{"self":[{"href":"https:\/\/culturayciencia.org\/litterae\/wp-json\/wp\/v2\/ponente\/5533","targetHints":{"allow":["GET"]}}],"collection":[{"href":"https:\/\/culturayciencia.org\/litterae\/wp-json\/wp\/v2\/ponente"}],"about":[{"href":"https:\/\/culturayciencia.org\/litterae\/wp-json\/wp\/v2\/types\/ponente"}],"wp:attachment":[{"href":"https:\/\/culturayciencia.org\/litterae\/wp-json\/wp\/v2\/media?parent=5533"}],"wp:term":[{"taxonomy":"ano","embeddable":true,"href":"https:\/\/culturayciencia.org\/litterae\/wp-json\/wp\/v2\/ano?post=5533"}],"curies":[{"name":"wp","href":"https:\/\/api.w.org\/{rel}","templated":true}]}}

María Guillermina Spiekermann

<p>María Guillermina Spiekermann es una librera, educadora y promotora cultural nacida en Argentina, donde ejerció como profesora de Educación Infantil desde 1996 hasta su llegada a España en diciembre de 2017. Su vocación educativa y su amor por la lectura marcaron su trayectoria profesional desde sus inicios.</p>



<p>En octubre de 2018, tras menos de un año de haberse establecido en la localidad valenciana de Picanya, abrió las puertas físicas de su tienda Passarella, un proyecto que, sin embargo, ya venía funcionando de forma pública desde el año 2010. Bajo su dirección, la librería no solo ofrece libros, sino que también se ha convertido en un espacio cultural, acogiendo encuentros, actividades y eventos que fomentan la lectura y la vida comunitaria.</p>



<p>Su compromiso con el comercio local y la promoción de la cultura la ha llevado a formar parte de la Junta Directiva de Confecomerç, la Confederación de Comercio de Alicante, Castellón y Valencia, donde ejerce como vocal. Esta organización representa a más de 12.000 establecimientos asociados y es clave en la defensa del pequeño comercio en la Comunitat Valenciana.</p>



<p>En abril de 2025 fue invitada por la Casa Real a asistir a la ceremonia de entrega del Premio Cervantes en el Palacio Real, en reconocimiento a su labor como promotora de la lectura y la cultura.</p>



<p>Además, participa activamente en eventos como el Maig Literari o Ateneo Literario de Picanya y la Feria del Libro de Valencia entre otros, consolidando su papel como dinamizadora cultural y defensora de la lectura como herramienta de transformación social.</p>
