{"id":5671,"date":"2026-01-24T09:52:00","date_gmt":"2026-01-24T08:52:00","guid":{"rendered":"https:\/\/culturayciencia.org\/litterae\/?post_type=ponente&#038;p=5671"},"modified":"2026-01-24T10:25:04","modified_gmt":"2026-01-24T09:25:04","slug":"elisabeth-daldoul","status":"publish","type":"ponente","link":"https:\/\/culturayciencia.org\/litterae\/ponente\/elisabeth-daldoul\/","title":{"rendered":"Elisabeth Daldoul"},"content":{"rendered":"\n<p>De padre palestino y madre francesa, creci\u00f3 en Dakar y posteriormente curs\u00f3 estudios de audiovisual en Par\u00eds. Tras trabajar como periodista-reportera para Radio France Internationale, se instala en T\u00fanez, donde ejerce como librera y docente. En 2005 funda la editorial <strong>Elyzad<\/strong>, especializada en literatura de ficci\u00f3n, con textos procedentes de T\u00fanez y de otros lugares, \u00abpara hacer dialogar los imaginarios\u00bb. En 2020 abre una oficina en Par\u00eds.<\/p>\n\n\n\n<p>Varios t\u00edtulos de su cat\u00e1logo han sido galardonados con premios literarios en T\u00fanez, Francia, Suiza, Mal\u00ed, Senegal, la Isla de la Reuni\u00f3n, Marruecos, India y Costa de Marfil. Asimismo, la editorial ha recibido el <strong>Premio Alioune Diop de la edici\u00f3n africana<\/strong>.<\/p>\n\n\n\n<p><\/p>\n","protected":false},"template":"","meta":{"_acf_changed":true,"om_disable_all_campaigns":false,"_uag_custom_page_level_css":"","_monsterinsights_skip_tracking":false,"_monsterinsights_sitenote_active":false,"_monsterinsights_sitenote_note":"","_monsterinsights_sitenote_category":0,"_uf_show_specific_survey":0,"_uf_disable_surveys":false},"ano":[13],"class_list":["post-5671","ponente","type-ponente","status-publish","hentry","ano-13","no-featured-image-padding"],"acf":[],"aioseo_notices":[],"uagb_featured_image_src":[],"uagb_author_info":{"display_name":false,"author_link":"https:\/\/culturayciencia.org\/litterae\/author\/"},"uagb_comment_info":0,"uagb_excerpt":null,"_links":{"self":[{"href":"https:\/\/culturayciencia.org\/litterae\/wp-json\/wp\/v2\/ponente\/5671","targetHints":{"allow":["GET"]}}],"collection":[{"href":"https:\/\/culturayciencia.org\/litterae\/wp-json\/wp\/v2\/ponente"}],"about":[{"href":"https:\/\/culturayciencia.org\/litterae\/wp-json\/wp\/v2\/types\/ponente"}],"wp:attachment":[{"href":"https:\/\/culturayciencia.org\/litterae\/wp-json\/wp\/v2\/media?parent=5671"}],"wp:term":[{"taxonomy":"ano","embeddable":true,"href":"https:\/\/culturayciencia.org\/litterae\/wp-json\/wp\/v2\/ano?post=5671"}],"curies":[{"name":"wp","href":"https:\/\/api.w.org\/{rel}","templated":true}]}}

<p>De padre palestino y madre francesa, creció en Dakar y posteriormente cursó estudios de audiovisual en París. Tras trabajar como periodista-reportera para Radio France Internationale, se instala en Túnez, donde ejerce como librera y docente. En 2005 funda la editorial <strong>Elyzad</strong>, especializada en literatura de ficción, con textos procedentes de Túnez y de otros lugares, «para hacer dialogar los imaginarios». En 2020 abre una oficina en París.</p>



<p>Varios títulos de su catálogo han sido galardonados con premios literarios en Túnez, Francia, Suiza, Malí, Senegal, la Isla de la Reunión, Marruecos, India y Costa de Marfil. Asimismo, la editorial ha recibido el <strong>Premio Alioune Diop de la edición africana</strong>.</p>



<p></p>
